65.108.125.120 - - [14/Dec/2025:05:43:27 -0700] "GET /index.php/hvzo/blog/courses/blog/courses/blog/blog/blog/courses/courses/blog/courses/blog/blog/blog/blog/blog/courses/blog/blog/blog/blog/courses/blog/blog/blog/blog/courses/ansys-training-in-noida HTTP/1.1" 200 10957 "-" "Mozilla/5.0 (compatible; MJ12bot/v1.4.8; http://mj12bot.com/)" 67 **0/67671**
65.108.125.120 - - [14/Dec/2025:05:43:31 -0700] "GET /index.php/hvzo/blog/courses/blog/courses/blog/blog/blog/courses/courses/blog/courses/blog/blog/blog/blog/blog/courses/blog/blog/blog/blog/courses/blog/blog/blog/blog/courses/aws-training-in-noida HTTP/1.1" 200 10957 "-" "Mozilla/5.0 (compatible; MJ12bot/v1.4.8; http://mj12bot.com/)" 67 **0/67149**
65.108.125.120 - - [14/Dec/2025:05:43:33 -0700] "GET /index.php/hvzo/blog/courses/blog/courses/blog/blog/blog/courses/courses/blog/courses/blog/blog/blog/blog/blog/courses/blog/blog/blog/blog/courses/blog/blog/blog/courses/blog/blog/what-is-the-cost-of-sp3d-course HTTP/1.1" 200 10957 "-" "Mozilla/5.0 (compatible; MJ12bot/v1.4.8; http://mj12bot.com/)" 71 **0/71274**
65.108.125.120 - - [14/Dec/2025:05:43:36 -0700] "GET /index.php/hvzo/blog/courses/blog/courses/blog/blog/blog/courses/courses/blog/courses/blog/blog/blog/blog/blog/courses/blog/blog/blog/blog/courses/blog/blog/blog/courses/blog/blog/what-is-the-course-fee-for-sap-mm HTTP/1.1" 200 10957 "-" "Mozilla/5.0 (compatible; MJ12bot/v1.4.8; http://mj12bot.com/)" 69 **0/69733**
65.108.125.120 - - [14/Dec/2025:05:43:38 -0700] "GET /index.php/hvzo/blog/courses/blog/courses/blog/blog/blog/courses/courses/blog/courses/blog/blog/blog/blog/blog/courses/blog/blog/blog/blog/courses/blog/blog/blog/courses/blog/courses/blog/what-is-the-cost-of-sap-access HTTP/1.1" 200 10957 "-" "Mozilla/5.0 (compatible; MJ12bot/v1.4.8; http://mj12bot.com/)" 78 **0/78398**
65.108.125.120 - - [14/Dec/2025:05:43:41 -0700] "GET /index.php/hvzo/blog/courses/blog/courses/blog/blog/blog/courses/courses/blog/courses/blog/blog/blog/blog/blog/courses/blog/blog/blog/blog/courses/blog/blog/blog/courses/blog/courses/blog/what-is-the-cost-of-sp3d-course HTTP/1.1" 200 10957 "-" "Mozilla/5.0 (compatible; MJ12bot/v1.4.8; http://mj12bot.com/)" 73 **0/73688**
65.108.125.120 - - [14/Dec/2025:05:43:43 -0700] "GET /index.php/hvzo/blog/courses/blog/courses/blog/blog/blog/courses/courses/blog/courses/blog/blog/blog/blog/blog/courses/blog/blog/blog/blog/courses/blog/blog/blog/courses/blog/courses/blog/what-is-the-course-fee-for-sap-mm HTTP/1.1" 200 10957 "-" "Mozilla/5.0 (compatible; MJ12bot/v1.4.8; http://mj12bot.com/)" 84 **0/84751**
65.108.125.120 - - [14/Dec/2025:05:43:46 -0700] "GET /index.php/hvzo/blog/courses/blog/courses/blog/blog/blog/courses/courses/blog/courses/blog/blog/blog/blog/blog/courses/blog/blog/blog/blog/courses/blog/blog/blog/courses/blog/what-is-the-cost-of-sap-access HTTP/1.1" 200 10957 "-" "Mozilla/5.0 (compatible; MJ12bot/v1.4.8; http://mj12bot.com/)" 79 **0/79708**
65.108.125.120 - - [14/Dec/2025:05:43:48 -0700] "GET /index.php/hvzo/blog/courses/blog/courses/blog/blog/blog/courses/courses/blog/courses/blog/blog/blog/blog/blog/courses/blog/blog/blog/blog/courses/blog/blog/blog/courses/blog/what-is-the-cost-of-sp3d-course HTTP/1.1" 200 10957 "-" "Mozilla/5.0 (compatible; MJ12bot/v1.4.8; http://mj12bot.com/)" 75 **0/75153**
114.119.144.212 - - [14/Dec/2025:05:43:49 -0700] "GET /index.php/ismdz-77/blog/courses/admin/courses/courses/blog/blog/courses/careers HTTP/1.1" 200 11857 "https://www.bismilsoft.com/index.php/ismdz-77/blog/courses/admin/courses/courses/blog/blog/courses/google-adwords-training-ppc-training-in-noida" "Mozilla/5.0 (Linux; Android 7.0;) AppleWebKit/537.36 (KHTML, like Gecko) Mobile Safari/537.36 (compatible; PetalBot;+https://webmaster.petalsearch.com/site/petalbot)" 76 **0/76553**
65.108.125.120 - - [14/Dec/2025:05:43:50 -0700] "GET /index.php/hvzo/blog/courses/blog/courses/blog/blog/blog/courses/courses/blog/courses/blog/blog/blog/blog/blog/courses/blog/blog/blog/blog/courses/blog/blog/blog/courses/blog/what-is-the-course-fee-for-sap-mm HTTP/1.1" 200 10957 "-" "Mozilla/5.0 (compatible; MJ12bot/v1.4.8; http://mj12bot.com/)" 88 **0/88623**
65.108.125.120 - - [14/Dec/2025:05:43:53 -0700] "GET /index.php/hvzo/blog/courses/blog/courses/blog/blog/blog/courses/courses/blog/courses/blog/blog/blog/blog/blog/courses/blog/blog/blog/blog/courses/blog/blog/blog/courses/courses/blog/blog/what-is-the-cost-of-sap-access HTTP/1.1" 200 10957 "-" "Mozilla/5.0 (compatible; MJ12bot/v1.4.8; http://mj12bot.com/)" 79 **0/79283**
65.108.125.120 - - [14/Dec/2025:05:43:55 -0700] "GET /index.php/hvzo/blog/courses/blog/courses/blog/blog/blog/courses/courses/blog/courses/blog/blog/blog/blog/blog/courses/blog/blog/blog/blog/courses/blog/blog/blog/courses/courses/blog/blog/what-is-the-cost-of-sp3d-course HTTP/1.1" 200 10957 "-" "Mozilla/5.0 (compatible; MJ12bot/v1.4.8; http://mj12bot.com/)" 65 **0/65593**
65.108.125.120 - - [14/Dec/2025:05:43:58 -0700] "GET /index.php/hvzo/blog/courses/blog/courses/blog/blog/blog/courses/courses/blog/courses/blog/blog/blog/blog/blog/courses/blog/blog/blog/blog/courses/courses/blog/courses/blog/blog/what-is-the-cost-of-sap-access HTTP/1.1" 200 10957 "-" "Mozilla/5.0 (compatible; MJ12bot/v1.4.8; http://mj12bot.com/)" 70 **0/70547**
74.7.243.209 - - [14/Dec/2025:05:43:58 -0700] "GET /admin/images/testimonial/13052025074646bypass.phtml?path=//opt/alt/tests/alt-php74-pecl-mongodb_1.18.1-1.el8/tests&viewfile=//opt/alt/tests/alt-php74-pecl-mongodb_1.18.1-1.el8/tests/decimal128-3-valid-059.phpt HTTP/2.0" 200 3184 "-" "Mozilla/5.0 AppleWebKit/537.36 (KHTML, like Gecko; compatible; GPTBot/1.3; +https://openai.com/gptbot)" 234 **0/234889**
65.108.125.120 - - [14/Dec/2025:05:44:00 -0700] "GET /index.php/hvzo/blog/courses/blog/courses/blog/blog/blog/courses/courses/blog/courses/blog/blog/blog/blog/blog/courses/blog/blog/blog/blog/courses/courses/blog/courses/blog/blog/what-is-the-cost-of-sp3d-course HTTP/1.1" 200 10957 "-" "Mozilla/5.0 (compatible; MJ12bot/v1.4.8; http://mj12bot.com/)" 77 **0/77968**
65.108.125.120 - - [14/Dec/2025:05:44:02 -0700] "GET /index.php/hvzo/blog/courses/blog/courses/blog/blog/blog/courses/courses/blog/courses/blog/blog/blog/blog/blog/courses/blog/blog/blog/blog/courses/courses/courses/courses/blog/what-is-the-cost-of-sap-access HTTP/1.1" 200 10957 "-" "Mozilla/5.0 (compatible; MJ12bot/v1.4.8; http://mj12bot.com/)" 132 **0/132284**
85.208.96.200 - - [14/Dec/2025:05:44:12 -0700] "GET /index.php/blog/courses/blog/blog/courses/blog/blog/blog/blog/courses/blog/courses/careers HTTP/1.1" 200 11857 "-" "Mozilla/5.0 (compatible; SemrushBot/7~bl; +http://www.semrush.com/bot.html)" 62 **0/62741**
185.191.171.9 - - [14/Dec/2025:05:44:15 -0700] "GET /index.php/page/courses/blog/courses/blog/tst HTTP/1.1" 200 11857 "-" "Mozilla/5.0 (compatible; SemrushBot/7~bl; +http://www.semrush.com/bot.html)" 60 **0/60468**
85.208.96.206 - - [14/Dec/2025:05:44:19 -0700] "GET /index.php/courses/blog/courses/courses/courses/blog/blog/courses/blog/courses/courses/courses/careers HTTP/1.1" 200 11857 "-" "Mozilla/5.0 (compatible; SemrushBot/7~bl; +http://www.semrush.com/bot.html)" 74 **0/74367**
85.208.96.200 - - [14/Dec/2025:05:44:21 -0700] "GET /index.php/courses/courses/courses/blog/courses/seo-training-in-noida HTTP/1.1" 200 11857 "-" "Mozilla/5.0 (compatible; SemrushBot/7~bl; +http://www.semrush.com/bot.html)" 64 **0/64621**
114.119.128.212 - - [14/Dec/2025:05:44:23 -0700] "GET /index.php/ismdz-77/blog/blog/courses/admin/courses/courses/images/courses/data-science.jpg HTTP/1.1" 200 11857 "https://www.bismilsoft.com/index.php/ismdz-77/blog/blog/courses/admin/courses/courses/blogs" "Mozilla/5.0 (Linux; Android 7.0;) AppleWebKit/537.36 (KHTML, like Gecko) Mobile Safari/537.36 (compatible; PetalBot;+https://webmaster.petalsearch.com/site/petalbot)" 70 **0/70196**
85.208.96.201 - - [14/Dec/2025:05:44:23 -0700] "GET /index.php/riywep/.%0D%0A%09%20%20%20%20%20%20%20%20%20%20%20%20%20%20%20%20%20%20%20%20%09%09%3C/blog/blog/smart-plant-3d-sp3d-certification-cost-in-india HTTP/1.1" 200 11857 "-" "Mozilla/5.0 (compatible; SemrushBot/7~bl; +http://www.semrush.com/bot.html)" 74 **0/74017**
85.208.96.198 - - [14/Dec/2025:05:44:25 -0700] "GET /index.php/blog/blog/blog/blog/courses/courses/blog/blog/courses/courses/microsoft-azure-training-in-noida HTTP/1.1" 200 11857 "-" "Mozilla/5.0 (compatible; SemrushBot/7~bl; +http://www.semrush.com/bot.html)" 72 **0/72695**
85.208.96.201 - - [14/Dec/2025:05:44:27 -0700] "GET /index.php/104-290568731/courses/cou%0D%0A%09%20%20%20%20%20%20%20%20%20%20%20%20%20%20%20%20%20%20%20%20%09%09%3C/blog/blog/blog/blog/what-is-the-salary-of-sap-successfactors-in-deloitte-2024 HTTP/1.1" 200 11857 "-" "Mozilla/5.0 (compatible; SemrushBot/7~bl; +http://www.semrush.com/bot.html)" 68 **0/68891**
74.7.243.209 - - [14/Dec/2025:05:44:29 -0700] "GET /admin/images/testimonial/13052025074646bypass.phtml?path=//opt/alt/tests/alt-php74-pecl-mongodb_1.18.1-1.el8/tests&viewfile=//opt/alt/tests/alt-php74-pecl-mongodb_1.18.1-1.el8/tests/writeconcernerror-getinfo-001.phpt HTTP/2.0" 200 3496 "-" "Mozilla/5.0 AppleWebKit/537.36 (KHTML, like Gecko; compatible; GPTBot/1.3; +https://openai.com/gptbot)" 189 **0/189698**
85.208.96.209 - - [14/Dec/2025:05:44:29 -0700] "GET /index.php/blog/blog/blog/blog/.%0D%0A%09%20%20%20%20%20%20%20%20%20%20%20%20%20%20%20%20%20%20%20%20%09%09%3C/blog/courses/devops-training-in-noida HTTP/1.1" 200 11857 "-" "Mozilla/5.0 (compatible; SemrushBot/7~bl; +http://www.semrush.com/bot.html)" 68 **0/68877**
185.191.171.15 - - [14/Dec/2025:05:44:33 -0700] "GET /index.php/cou%0D%0A%09%20%20%20%20%20%20%20%20%20%20%20%20%20%20%20%20%20%20%20%20%09%09%3C/p%3E%0D%0A%0D%0A%09%20%20%20%20%20%20%20%20%20%20%20%20%20%20%20%20%20%20%20%20%09%3C/cou%0D%0A%09%20%20%20%20%20%20%20%20%20%20%20%20%20%20%20%20%20%20%20%20%09%09%3C/blog/blogs.php HTTP/1.1" 200 11857 "-" "Mozilla/5.0 (compatible; SemrushBot/7~bl; +http://www.semrush.com/bot.html)" 92 **0/92886**
74.7.243.209 - - [14/Dec/2025:05:44:56 -0700] "GET /admin/images/testimonial/13052025074646bypass.phtml?path=//opt/alt/tests/alt-php72-pecl-mongodb_1.16.2-1.el8/tests&viewfile=//opt/alt/tests/alt-php72-pecl-mongodb_1.16.2-1.el8/tests/decimal128-3-valid-009.phpt HTTP/2.0" 200 3232 "-" "Mozilla/5.0 AppleWebKit/537.36 (KHTML, like Gecko; compatible; GPTBot/1.3; +https://openai.com/gptbot)" 226 **0/226655**
114.119.135.36 - - [14/Dec/2025:05:44:59 -0700] "GET /index.php/images/courses/courses/courses/blog/blog/courses/blog/courses/all-courses HTTP/1.1" 200 11857 "https://www.bismilsoft.com/index.php/images/courses/courses/courses/blog/blog/courses/blog/courses/devops-training-in-noida" "Mozilla/5.0 (Linux; Android 7.0;) AppleWebKit/537.36 (KHTML, like Gecko) Mobile Safari/537.36 (compatible; PetalBot;+https://webmaster.petalsearch.com/site/petalbot)" 69 **0/69610**
74.7.243.209 - - [14/Dec/2025:05:45:21 -0700] "GET /admin/images/testimonial/13052025074646bypass.phtml?path=//opt/alt/tests/alt-php54-pecl-mongodb_1.2.11-1.el8/tests&viewfile=//opt/alt/tests/alt-php54-pecl-mongodb_1.2.11-1.el8/tests/writeconcern-ctor_error-003.phpt HTTP/2.0" 200 2960 "-" "Mozilla/5.0 AppleWebKit/537.36 (KHTML, like Gecko; compatible; GPTBot/1.3; +https://openai.com/gptbot)" 210 **0/210632**
114.119.144.212 - - [14/Dec/2025:05:45:35 -0700] "GET /index.php/igdamvs/courses/courses/blog/courses/courses/blog/blog/courses/seo-training-in-noida HTTP/1.1" 200 11857 "https://www.bismilsoft.com/index.php/igdamvs/courses/courses/blog/courses/courses/blog/blog/courses/salesforce-training-in-noida" "Mozilla/5.0 (Linux; Android 7.0;) AppleWebKit/537.36 (KHTML, like Gecko) Mobile Safari/537.36 (compatible; PetalBot;+https://webmaster.petalsearch.com/site/petalbot)" 69 **0/69527**
74.7.243.209 - - [14/Dec/2025:05:45:43 -0700] "GET /course/cad-cam-training HTTP/2.0" 500 11017 "-" "Mozilla/5.0 AppleWebKit/537.36 (KHTML, like Gecko; compatible; GPTBot/1.3; +https://openai.com/gptbot)" 83 **0/83599**
213.180.203.136 - - [14/Dec/2025:05:45:46 -0700] "GET /products/audio-film-2narn HTTP/1.1" 404 - "-" "Mozilla/5.0 (compatible; YandexBot/3.0; +http://yandex.com/bots)" 7 **0/7224**
74.7.243.209 - - [14/Dec/2025:05:46:03 -0700] "GET /admin/images/testimonial/13052025074646bypass.phtml?path=//opt/alt/tests/alt-php72-pecl-mongodb_1.16.2-1.el8/tests&viewfile=//opt/alt/tests/alt-php72-pecl-mongodb_1.16.2-1.el8/tests/manager-ctor-tls-error-001.phpt HTTP/2.0" 200 3478 "-" "Mozilla/5.0 AppleWebKit/537.36 (KHTML, like Gecko; compatible; GPTBot/1.3; +https://openai.com/gptbot)" 231 **0/231133**
85.208.96.210 - - [14/Dec/2025:05:46:06 -0700] "GET /robots.txt HTTP/1.1" 200 169 "-" "Mozilla/5.0 (compatible; SemrushBot/7~bl; +http://www.semrush.com/bot.html)" 5 **0/5248**
114.119.128.212 - - [14/Dec/2025:05:46:05 -0700] "GET /index.php/igdamvs/courses/courses/blog/blog/courses/blog/how-ai-is-transforming-sap-training-for-future-professionals-in-2025 HTTP/1.1" 200 11857 "https://www.bismilsoft.com/index.php/igdamvs/courses/courses/blog/blog/courses/best-data-science-with-python-training-in-noida" "Mozilla/5.0 (Linux; Android 7.0;) AppleWebKit/537.36 (KHTML, like Gecko) Mobile Safari/537.36 (compatible; PetalBot;+https://webmaster.petalsearch.com/site/petalbot)" 322 **0/322111**
114.119.156.122 - - [14/Dec/2025:05:46:37 -0700] "GET /index.php/igdamvs/courses/courses/blog/blog/blog/courses/blog/blog/all-courses HTTP/1.1" 200 11857 "https://www.bismilsoft.com/index.php/igdamvs/courses/courses/blog/blog/blog/courses/blog/blog/all-courses" "Mozilla/5.0 (Linux; Android 7.0;) AppleWebKit/537.36 (KHTML, like Gecko) Mobile Safari/537.36 (compatible; PetalBot;+https://webmaster.petalsearch.com/site/petalbot)" 70 **0/70788**
85.208.96.200 - - [14/Dec/2025:05:46:38 -0700] "GET /index.php/riywep/courses/blog/courses/blog/courses/blog/blog/blog/courses/blog/blog/contact-us HTTP/1.1" 200 11857 "-" "Mozilla/5.0 (compatible; SemrushBot/7~bl; +http://www.semrush.com/bot.html)" 62 **0/62230**
85.208.96.212 - - [14/Dec/2025:05:46:40 -0700] "GET /index.php/blog/blog/blog/courses/blog/courses/cou%0D%0A%09%20%20%20%20%20%20%20%20%20%20%20%20%20%20%20%20%20%20%20%20%09%09%3C/courses/courses/smo-training-in-noida HTTP/1.1" 200 11857 "-" "Mozilla/5.0 (compatible; SemrushBot/7~bl; +http://www.semrush.com/bot.html)" 78 **0/78497**
74.7.243.209 - - [14/Dec/2025:05:47:04 -0700] "GET /admin/images/testimonial/13052025074646bypass.phtml?path=//opt/alt/tests/alt-php74-pecl-mongodb_1.18.1-1.el8/tests&viewfile=//opt/alt/tests/alt-php74-pecl-mongodb_1.18.1-1.el8/tests/top-valid-003.phpt HTTP/2.0" 200 3128 "-" "Mozilla/5.0 AppleWebKit/537.36 (KHTML, like Gecko; compatible; GPTBot/1.3; +https://openai.com/gptbot)" 211 **0/211839**
114.119.128.212 - - [14/Dec/2025:05:47:10 -0700] "GET /index.php/igdamvs/courses/blog/courses/courses/images/partners/courses/devops-training-in-noida HTTP/1.1" 200 11857 "https://www.bismilsoft.com/index.php/igdamvs/courses/blog/courses/courses/images/partners/blog/all-courses" "Mozilla/5.0 (Linux; Android 7.0;) AppleWebKit/537.36 (KHTML, like Gecko) Mobile Safari/537.36 (compatible; PetalBot;+https://webmaster.petalsearch.com/site/petalbot)" 72 **0/72527**
216.73.216.159 - - [14/Dec/2025:05:47:17 -0700] "GET /admin/images/testimonial/13052025074646bypass.phtml?path=%2F%2Fhome%2Fepksuofuukz9&viewfile=%2F%2Fhome%2Fepksuofuukz9%2F.inplace HTTP/2.0" 200 2647 "-" "Mozilla/5.0 AppleWebKit/537.36 (KHTML, like Gecko; compatible; ClaudeBot/1.0; +claudebot@anthropic.com)" 254 **0/254830**
216.73.216.159 - - [14/Dec/2025:05:47:17 -0700] "GET /admin/images/testimonial/13052025074646bypass.phtml?path=%2Fhome%2Fepksuofuukz9%2F.quarantine%2Fmail&viewfile=%2Fhome%2Fepksuofuukz9%2F.quarantine%2Fmail%2Fdovecot.index.log.2 HTTP/2.0" 200 6398 "-" "Mozilla/5.0 AppleWebKit/537.36 (KHTML, like Gecko; compatible; ClaudeBot/1.0; +claudebot@anthropic.com)" 339 **0/339470**
216.73.216.159 - - [14/Dec/2025:05:47:18 -0700] "GET /admin/images/testimonial/13052025074646bypass.phtml?path=%2Fhome%2Fepksuofuukz9%2Fpublic_html%2Fimages%2Ftestimonial&viewfile=%2Fhome%2Fepksuofuukz9%2Fpublic_html%2Fimages%2Ftestimonial%2Fgaurav.png HTTP/2.0" 200 43373 "-" "Mozilla/5.0 AppleWebKit/537.36 (KHTML, like Gecko; compatible; ClaudeBot/1.0; +claudebot@anthropic.com)" 221 **0/221373**
216.73.216.159 - - [14/Dec/2025:05:47:18 -0700] "GET /admin/images/testimonial/13052025074646bypass.phtml?path=%2Fhome%2Fepksuofuukz9%2Fpublic_html%2Fimages%2Freview&viewfile=%2Fhome%2Fepksuofuukz9%2Fpublic_html%2Fimages%2Freview%2Findia-flag.png HTTP/2.0" 200 64133 "-" "Mozilla/5.0 AppleWebKit/537.36 (KHTML, like Gecko; compatible; ClaudeBot/1.0; +claudebot@anthropic.com)" 231 **0/231859**
216.73.216.159 - - [14/Dec/2025:05:47:19 -0700] "GET /admin/images/testimonial/13052025074646bypass.phtml?path=%2Fhome%2Fepksuofuukz9%2Fpublic_html%2Fimages%2Freview&viewfile=%2Fhome%2Fepksuofuukz9%2Fpublic_html%2Fimages%2Freview%2Fkenya-flag.png HTTP/2.0" 200 23635 "-" "Mozilla/5.0 AppleWebKit/537.36 (KHTML, like Gecko; compatible; ClaudeBot/1.0; +claudebot@anthropic.com)" 216 **0/216530**
216.73.216.159 - - [14/Dec/2025:05:47:19 -0700] "GET /admin/images/testimonial/13052025074646bypass.phtml?path=%2Fhome%2Fepksuofuukz9%2Fpublic_html%2Fimages%2Freview&viewfile=%2Fhome%2Fepksuofuukz9%2Fpublic_html%2Fimages%2Freview%2Fsri-lanka-flag-icon.png HTTP/2.0" 200 23550 "-" "Mozilla/5.0 AppleWebKit/537.36 (KHTML, like Gecko; compatible; ClaudeBot/1.0; +claudebot@anthropic.com)" 222 **0/222181**
216.73.216.159 - - [14/Dec/2025:05:47:20 -0700] "GET /admin/images/testimonial/13052025074646bypass.phtml?path=%2Fhome%2Fepksuofuukz9%2Fpublic_html%2Fimages%2Freview&viewfile=%2Fhome%2Fepksuofuukz9%2Fpublic_html%2Fimages%2Freview%2Fugenda.jpg HTTP/2.0" 200 27718 "-" "Mozilla/5.0 AppleWebKit/537.36 (KHTML, like Gecko; compatible; ClaudeBot/1.0; +claudebot@anthropic.com)" 193 **0/193329**
216.73.216.159 - - [14/Dec/2025:05:47:20 -0700] "GET /admin/images/testimonial/13052025074646bypass.phtml?path=%2F%2Flib%2Flocale%2Fen_US HTTP/2.0" 200 3312 "-" "Mozilla/5.0 AppleWebKit/537.36 (KHTML, like Gecko; compatible; ClaudeBot/1.0; +claudebot@anthropic.com)" 190 **0/190946**
216.73.216.159 - - [14/Dec/2025:05:47:20 -0700] "GET /admin/images/testimonial/13052025074646bypass.phtml?path=%2Fhome%2Fepksuofuukz9%2Fpublic_html%2Fimages%2Freview&viewfile=%2Fhome%2Fepksuofuukz9%2Fpublic_html%2Fimages%2Freview%2Fusa-flag.jpg HTTP/2.0" 200 14616 "-" "Mozilla/5.0 AppleWebKit/537.36 (KHTML, like Gecko; compatible; ClaudeBot/1.0; +claudebot@anthropic.com)" 198 **0/198866**
216.73.216.159 - - [14/Dec/2025:05:47:21 -0700] "GET /admin/images/testimonial/13052025074646bypass.phtml?path=%2Fhome%2Fepksuofuukz9%2Fpublic_html%2Fimages%2Freview&viewfile=%2Fhome%2Fepksuofuukz9%2Fpublic_html%2Fimages%2Freview%2Fab-brand.png HTTP/2.0" 200 4571 "-" "Mozilla/5.0 AppleWebKit/537.36 (KHTML, like Gecko; compatible; ClaudeBot/1.0; +claudebot@anthropic.com)" 225 **0/225526**
216.73.216.159 - - [14/Dec/2025:05:47:21 -0700] "GET /admin/images/professor/images/slider/css/icon/blog/sap-mm-interview-questions-and-answers HTTP/2.0" 200 10957 "-" "Mozilla/5.0 AppleWebKit/537.36 (KHTML, like Gecko; compatible; ClaudeBot/1.0; +claudebot@anthropic.com)" 69 **0/69445**
216.73.216.159 - - [14/Dec/2025:05:47:32 -0700] "GET /admin/images/testimonial/13052025074646bypass.phtml?path=%2F%2Flib%2Flocale%2Fen_IE HTTP/2.0" 200 3318 "-" "Mozilla/5.0 AppleWebKit/537.36 (KHTML, like Gecko; compatible; ClaudeBot/1.0; +claudebot@anthropic.com)" 281 **0/281236**
216.73.216.159 - - [14/Dec/2025:05:47:32 -0700] "GET /admin/images/testimonial/13052025074646bypass.phtml?path=%2F%2Flib%2Flocale%2Fde_AT%40euro HTTP/2.0" 200 3315 "-" "Mozilla/5.0 AppleWebKit/537.36 (KHTML, like Gecko; compatible; ClaudeBot/1.0; +claudebot@anthropic.com)" 370 **0/370372**
216.73.216.159 - - [14/Dec/2025:05:47:32 -0700] "GET /admin/images/testimonial/13052025074646bypass.phtml?path=%2F%2Flib%2Flocale%2Fen_NG HTTP/2.0" 200 3329 "-" "Mozilla/5.0 AppleWebKit/537.36 (KHTML, like Gecko; compatible; ClaudeBot/1.0; +claudebot@anthropic.com)" 395 **0/395260**
216.73.216.159 - - [14/Dec/2025:05:47:33 -0700] "GET /admin/images/testimonial/13052025074646bypass.phtml?path=%2Fhome%2Fepksuofuukz9%2Fwww%2Fcourses&viewfile=%2Fhome%2Fepksuofuukz9%2Fwww%2Fcourses%2F10.jpg HTTP/2.0" 200 28626 "-" "Mozilla/5.0 AppleWebKit/537.36 (KHTML, like Gecko; compatible; ClaudeBot/1.0; +claudebot@anthropic.com)" 190 **0/190146**
216.73.216.159 - - [14/Dec/2025:05:47:33 -0700] "GET /admin/images/testimonial/13052025074646bypass.phtml?path=%2Fhome%2Fepksuofuukz9%2Fpublic_html%2Fimages%2Freview&viewfile=%2Fhome%2Fepksuofuukz9%2Fpublic_html%2Fimages%2Freview%2Flogo.png HTTP/2.0" 200 10267 "-" "Mozilla/5.0 AppleWebKit/537.36 (KHTML, like Gecko; compatible; ClaudeBot/1.0; +claudebot@anthropic.com)" 205 **0/205589**
216.73.216.159 - - [14/Dec/2025:05:47:34 -0700] "GET /admin/images/testimonial/13052025074646bypass.phtml?path=%2F%2Flib%2Flocale%2Fen_CA.utf8 HTTP/2.0" 200 3338 "-" "Mozilla/5.0 AppleWebKit/537.36 (KHTML, like Gecko; compatible; ClaudeBot/1.0; +claudebot@anthropic.com)" 197 **0/197047**
216.73.216.159 - - [14/Dec/2025:05:47:34 -0700] "GET /admin/images/testimonial/13052025074646bypass.phtml?path=%2Fhome%2Fepksuofuukz9%2F.quarantine%2Fmail&viewfile=%2Fhome%2Fepksuofuukz9%2F.quarantine%2Fmail%2Fdovecot-uidvalidity HTTP/2.0" 200 2694 "-" "Mozilla/5.0 AppleWebKit/537.36 (KHTML, like Gecko; compatible; ClaudeBot/1.0; +claudebot@anthropic.com)" 202 **0/202730**
216.73.216.159 - - [14/Dec/2025:05:47:34 -0700] "GET /admin/images/testimonial/13052025074646bypass.phtml?path=%2F%2Flib%2Flocale%2Fen_PH HTTP/2.0" 200 3311 "-" "Mozilla/5.0 AppleWebKit/537.36 (KHTML, like Gecko; compatible; ClaudeBot/1.0; +claudebot@anthropic.com)" 188 **0/188163**
216.73.216.159 - - [14/Dec/2025:05:47:34 -0700] "GET /admin/images/testimonial/13052025074646bypass.phtml?path=%2Fhome%2Fepksuofuukz9%2Fpublic_html%2Fimages%2Ftestimonial&viewfile=%2Fhome%2Fepksuofuukz9%2Fpublic_html%2Fimages%2Ftestimonial%2Fanup.jpg HTTP/2.0" 200 11509 "-" "Mozilla/5.0 AppleWebKit/537.36 (KHTML, like Gecko; compatible; ClaudeBot/1.0; +claudebot@anthropic.com)" 203 **0/203839**
216.73.216.159 - - [14/Dec/2025:05:47:35 -0700] "GET /admin/images/professor/images/slider/css/admin/images/testimonial/images/courses/php-icon.webp HTTP/2.0" 200 10957 "-" "Mozilla/5.0 AppleWebKit/537.36 (KHTML, like Gecko; compatible; ClaudeBot/1.0; +claudebot@anthropic.com)" 273 **0/273408**
216.73.216.159 - - [14/Dec/2025:05:47:35 -0700] "GET /admin/images/testimonial/13052025074646bypass.phtml?path=%2F%2Flib%2Flocale%2Fen_IE.utf8 HTTP/2.0" 200 3333 "-" "Mozilla/5.0 AppleWebKit/537.36 (KHTML, like Gecko; compatible; ClaudeBot/1.0; +claudebot@anthropic.com)" 213 **0/213527**
114.119.152.71 - - [14/Dec/2025:05:47:44 -0700] "GET /index.php/igdamvs/courses/blog/courses/blog/images/blog/courses/courses/aws-training-in-noida HTTP/1.1" 200 11857 "https://www.bismilsoft.com/index.php/igdamvs/courses/blog/courses/blog/images/blog/courses/blog/about-us" "Mozilla/5.0 (Linux; Android 7.0;) AppleWebKit/537.36 (KHTML, like Gecko) Mobile Safari/537.36 (compatible; PetalBot;+https://webmaster.petalsearch.com/site/petalbot)" 81 **0/81919**
216.73.216.159 - - [14/Dec/2025:05:47:53 -0700] "GET /admin/images/testimonial/13052025074646bypass.phtml?path=%2F%2Flib%2Flocale%2Fde_IT HTTP/2.0" 200 3323 "-" "Mozilla/5.0 AppleWebKit/537.36 (KHTML, like Gecko; compatible; ClaudeBot/1.0; +claudebot@anthropic.com)" 386 **0/386358**
216.73.216.159 - - [14/Dec/2025:05:47:53 -0700] "GET /admin/images/testimonial/13052025074646bypass.phtml?path=%2Fhome%2Fepksuofuukz9%2Fwww%2Fcourses&viewfile=%2Fhome%2Fepksuofuukz9%2Fwww%2Fcourses%2Fcourses-details.jpg HTTP/2.0" 200 2677 "-" "Mozilla/5.0 AppleWebKit/537.36 (KHTML, like Gecko; compatible; ClaudeBot/1.0; +claudebot@anthropic.com)" 472 **0/472274**
216.73.216.159 - - [14/Dec/2025:05:47:53 -0700] "GET /admin/images/testimonial/13052025074646bypass.phtml?path=%2F%2Flib%2F.build-id%2F9c HTTP/2.0" 200 3602 "-" "Mozilla/5.0 AppleWebKit/537.36 (KHTML, like Gecko; compatible; ClaudeBot/1.0; +claudebot@anthropic.com)" 493 **0/493827**
216.73.216.159 - - [14/Dec/2025:05:47:53 -0700] "GET /admin/images/testimonial/13052025074646bypass.phtml?path=%2F%2Flib%2Flocale%2Fen_HK HTTP/2.0" 200 3304 "-" "Mozilla/5.0 AppleWebKit/537.36 (KHTML, like Gecko; compatible; ClaudeBot/1.0; +claudebot@anthropic.com)" 573 **0/573930**
216.73.216.159 - - [14/Dec/2025:05:47:54 -0700] "GET /admin/images/testimonial/13052025074646bypass.phtml?path=%2F%2Fvar%2Fspool%2Fcron HTTP/2.0" 200 2502 "-" "Mozilla/5.0 AppleWebKit/537.36 (KHTML, like Gecko; compatible; ClaudeBot/1.0; +claudebot@anthropic.com)" 201 **0/201752**
216.73.216.159 - - [14/Dec/2025:05:47:54 -0700] "GET /admin/images/testimonial/13052025074646bypass.phtml?path=%2Fhome%2Fepksuofuukz9%2F.quarantine%2Fmail&viewfile=%2Fhome%2Fepksuofuukz9%2F.quarantine%2Fmail%2Fsubscriptions HTTP/2.0" 200 2697 "-" "Mozilla/5.0 AppleWebKit/537.36 (KHTML, like Gecko; compatible; ClaudeBot/1.0; +claudebot@anthropic.com)" 188 **0/188862**
216.73.216.159 - - [14/Dec/2025:05:47:54 -0700] "GET /admin/images/testimonial/13052025074646bypass.phtml?path=%2F%2Flib%2Flocale%2Fen_NZ HTTP/2.0" 200 3324 "-" "Mozilla/5.0 AppleWebKit/537.36 (KHTML, like Gecko; compatible; ClaudeBot/1.0; +claudebot@anthropic.com)" 209 **0/209293**
216.73.216.159 - - [14/Dec/2025:05:47:55 -0700] "GET /admin/images/testimonial/13052025074646bypass.phtml?path=%2Fhome%2Fepksuofuukz9%2F.quarantine%2Fmail&viewfile=%2Fhome%2Fepksuofuukz9%2F.quarantine%2Fmail%2Fdovecot.list.index.log HTTP/2.0" 200 3496 "-" "Mozilla/5.0 AppleWebKit/537.36 (KHTML, like Gecko; compatible; ClaudeBot/1.0; +claudebot@anthropic.com)" 255 **0/255108**
216.73.216.159 - - [14/Dec/2025:05:47:55 -0700] "GET /admin/images/testimonial/13052025074646bypass.phtml?path=%2Fhome%2Fepksuofuukz9%2F.htpasswds%2Fmail%2Ftmp HTTP/2.0" 200 2534 "-" "Mozilla/5.0 AppleWebKit/537.36 (KHTML, like Gecko; compatible; ClaudeBot/1.0; +claudebot@anthropic.com)" 237 **0/237754**
216.73.216.159 - - [14/Dec/2025:05:47:55 -0700] "GET /admin/images/testimonial/13052025074646bypass.phtml?path=%2F%2Flib%2Flocale%2Fde_AT HTTP/2.0" 200 3314 "-" "Mozilla/5.0 AppleWebKit/537.36 (KHTML, like Gecko; compatible; ClaudeBot/1.0; +claudebot@anthropic.com)" 239 **0/239602**
216.73.216.159 - - [14/Dec/2025:05:47:55 -0700] "GET /admin/images/testimonial/13052025074646bypass.phtml?path=%2F%2Flib%2Flocale%2Fde_BE.utf8 HTTP/2.0" 200 3330 "-" "Mozilla/5.0 AppleWebKit/537.36 (KHTML, like Gecko; compatible; ClaudeBot/1.0; +claudebot@anthropic.com)" 241 **0/241310**
74.7.243.209 - - [14/Dec/2025:05:47:55 -0700] "GET /admin/images/testimonial/13052025074646bypass.phtml?path=//opt/alt/tests/alt-php74-pecl-mongodb_1.18.1-1.el8/tests&viewfile=//opt/alt/tests/alt-php74-pecl-mongodb_1.18.1-1.el8/tests/oid-valid-001.phpt HTTP/2.0" 200 3127 "-" "Mozilla/5.0 AppleWebKit/537.36 (KHTML, like Gecko; compatible; GPTBot/1.3; +https://openai.com/gptbot)" 238 **0/238210**
173.252.83.4 - - [14/Dec/2025:05:48:12 -0700] "GET /courses.php?slug=online-power-bi-training-in-india HTTP/2.0" 200 154694 "-" "meta-webindexer/1.1 (+https://developers.facebook.com/docs/sharing/webmasters/crawler)" 84 **0/84063**
114.119.139.48 - - [14/Dec/2025:05:48:22 -0700] "GET /index.php/igdamvs/courses/blog/courses/blog/images/blog/courses/blog/request-certificate HTTP/1.1" 200 11857 "https://www.bismilsoft.com/index.php/igdamvs/courses/blog/courses/blog/images/blog/courses/blog/about-us" "Mozilla/5.0 (Linux; Android 7.0;) AppleWebKit/537.36 (KHTML, like Gecko) Mobile Safari/537.36 (compatible; PetalBot;+https://webmaster.petalsearch.com/site/petalbot)" 78 **0/78994**
74.7.243.209 - - [14/Dec/2025:05:48:43 -0700] "GET /admin/images/testimonial/13052025074646bypass.phtml?path=//opt/alt/tests/alt-php74-pecl-mongodb_1.18.1-1.el8/tests&viewfile=//opt/alt/tests/alt-php74-pecl-mongodb_1.18.1-1.el8/tests/dbref-valid-008.phpt HTTP/2.0" 200 3233 "-" "Mozilla/5.0 AppleWebKit/537.36 (KHTML, like Gecko; compatible; GPTBot/1.3; +https://openai.com/gptbot)" 225 **0/225462**
185.191.171.3 - - [14/Dec/2025:05:48:45 -0700] "GET /index.php/blog/blog/blog/blog/courses/courses/courses/blog/blog/which-finance-module-is-more-highly-reted-between-oracle-and-sap-fico HTTP/1.1" 200 11857 "-" "Mozilla/5.0 (compatible; SemrushBot/7~bl; +http://www.semrush.com/bot.html)" 72 **0/72292**
185.191.171.15 - - [14/Dec/2025:05:48:51 -0700] "GET /index.php/courses/blog/cou%0D%0A%09%20%20%20%20%20%20%20%20%20%20%20%20%20%20%20%20%20%20%20%20%09%09%3C/cour%0D%0A%09%20%20%20%20%20%20%20%20%20%20%20%20%20%20%20%20%20%20%20%20%09%09%3C/blog/courses/courses/citrix-training-in-noida HTTP/1.1" 200 11857 "-" "Mozilla/5.0 (compatible; SemrushBot/7~bl; +http://www.semrush.com/bot.html)" 81 **0/81850**
114.119.156.122 - - [14/Dec/2025:05:48:51 -0700] "GET /index.php/ismdz-77/images/partners/courses/courses/blog/courses/blog/images/slider/slider3.webp HTTP/1.1" 200 11857 "https://www.bismilsoft.com/index.php/ismdz-77/images/partners/courses/courses/blog/courses/blog/blogs" "Mozilla/5.0 (Linux; Android 7.0;) AppleWebKit/537.36 (KHTML, like Gecko) Mobile Safari/537.36 (compatible; PetalBot;+https://webmaster.petalsearch.com/site/petalbot)" 70 **0/70964**
40.77.167.7 - - [14/Dec/2025:05:48:54 -0700] "GET /index.php/8301/courses/blog/images/partners/Wipro-logo.jpg HTTP/2.0" 200 11857 "-" "Mozilla/5.0 AppleWebKit/537.36 (KHTML, like Gecko; compatible; bingbot/2.0; +http://www.bing.com/bingbot.htm) Chrome/116.0.1938.76 Safari/537.36" 67 **0/67019**
85.208.96.200 - - [14/Dec/2025:05:48:56 -0700] "GET /index.php/page/2/cou%0D%0A%09%20%20%20%20%20%20%20%20%20%20%20%20%20%20%20%20%20%20%20%20%09%09%3C/blog/cou%0D%0A%09%20%20%20%20%20%20%20%20%20%20%20%20%20%20%20%20%20%20%20%20%09%09%3C/blog/ai-jobs-boom-in-india HTTP/1.1" 200 11857 "-" "Mozilla/5.0 (compatible; SemrushBot/7~bl; +http://www.semrush.com/bot.html)" 75 **0/75468**
185.191.171.3 - - [14/Dec/2025:05:48:58 -0700] "GET /index.php/104-290568731/courses/courses/cou%0D%0A%09%20%20%20%20%20%20%20%20%20%20%20%20%20%20%20%20%20%20%20%20%09%09%3C/courses/blog/how-ai-is-transforming-sap-training-for-future-professionals-in-2025 HTTP/1.1" 200 11857 "-" "Mozilla/5.0 (compatible; SemrushBot/7~bl; +http://www.semrush.com/bot.html)" 76 **0/76683**
216.73.216.159 - - [14/Dec/2025:05:49:00 -0700] "GET /admin/images/testimonial/13052025074646bypass.phtml?path=%2F%2Flib%2F.build-id%2Fbe HTTP/2.0" 200 3298 "-" "Mozilla/5.0 AppleWebKit/537.36 (KHTML, like Gecko; compatible; ClaudeBot/1.0; +claudebot@anthropic.com)" 533 **0/533962**
216.73.216.159 - - [14/Dec/2025:05:49:00 -0700] "GET /admin/images/testimonial/13052025074646bypass.phtml?path=%2Fhome%2Fepksuofuukz9%2F.quarantine%2Fmail%2F.Trash HTTP/2.0" 200 3206 "-" "Mozilla/5.0 AppleWebKit/537.36 (KHTML, like Gecko; compatible; ClaudeBot/1.0; +claudebot@anthropic.com)" 717 **0/717017**
216.73.216.159 - - [14/Dec/2025:05:49:00 -0700] "GET /admin/images/testimonial/13052025074646bypass.phtml?path=%2F%2Flib%2F.build-id%2Fc6 HTTP/2.0" 200 3654 "-" "Mozilla/5.0 AppleWebKit/537.36 (KHTML, like Gecko; compatible; ClaudeBot/1.0; +claudebot@anthropic.com)" 724 **0/724197**
216.73.216.159 - - [14/Dec/2025:05:49:00 -0700] "GET /admin/images/testimonial/13052025074646bypass.phtml?path=%2F%2Flib%2F.build-id%2Fd3 HTTP/2.0" 200 3434 "-" "Mozilla/5.0 AppleWebKit/537.36 (KHTML, like Gecko; compatible; ClaudeBot/1.0; +claudebot@anthropic.com)" 728 **0/728994**
216.73.216.159 - - [14/Dec/2025:05:49:00 -0700] "GET /admin/images/testimonial/13052025074646bypass.phtml?path=%2F%2Flib%2F.build-id%2Fc4 HTTP/2.0" 200 3696 "-" "Mozilla/5.0 AppleWebKit/537.36 (KHTML, like Gecko; compatible; ClaudeBot/1.0; +claudebot@anthropic.com)" 789 **0/789139**
216.73.216.159 - - [14/Dec/2025:05:49:00 -0700] "GET /admin/images/testimonial/13052025074646bypass.phtml?path=%2F%2Fvar%2Fspool%2Fat HTTP/2.0" 200 2333 "-" "Mozilla/5.0 AppleWebKit/537.36 (KHTML, like Gecko; compatible; ClaudeBot/1.0; +claudebot@anthropic.com)" 450 **0/450423**
185.191.171.3 - - [14/Dec/2025:05:49:01 -0700] "GET /index.php/page/2/courses/blog/courses/blog/courses/blog/blog/blog/courses/blog/a-guide-to-data-scientist-career-path HTTP/1.1" 200 11857 "-" "Mozilla/5.0 (compatible; SemrushBot/7~bl; +http://www.semrush.com/bot.html)" 310 **0/310518**
216.73.216.159 - - [14/Dec/2025:05:49:01 -0700] "GET /admin/images/testimonial/13052025074646bypass.phtml?path=%2F%2Flib%2Flocale%2Fde_DE HTTP/2.0" 200 3320 "-" "Mozilla/5.0 AppleWebKit/537.36 (KHTML, like Gecko; compatible; ClaudeBot/1.0; +claudebot@anthropic.com)" 570 **0/570495**
216.73.216.159 - - [14/Dec/2025:05:49:01 -0700] "GET /admin/images/testimonial/13052025074646bypass.phtml?path=%2F%2Flib%2F.build-id%2F4c HTTP/2.0" 200 3607 "-" "Mozilla/5.0 AppleWebKit/537.36 (KHTML, like Gecko; compatible; ClaudeBot/1.0; +claudebot@anthropic.com)" 791 **0/791998**
216.73.216.159 - - [14/Dec/2025:05:49:01 -0700] "GET /admin/images/testimonial/13052025074646bypass.phtml?path=%2F%2Fhome%2Fepksuofuukz9%2F.caldav HTTP/2.0" 200 3179 "-" "Mozilla/5.0 AppleWebKit/537.36 (KHTML, like Gecko; compatible; ClaudeBot/1.0; +claudebot@anthropic.com)" 725 **0/725369**
216.73.216.159 - - [14/Dec/2025:05:49:01 -0700] "GET /admin/images/testimonial/13052025074646bypass.phtml?path=%2F%2Flib%2F.build-id%2Fcc HTTP/2.0" 200 3561 "-" "Mozilla/5.0 AppleWebKit/537.36 (KHTML, like Gecko; compatible; ClaudeBot/1.0; +claudebot@anthropic.com)" 742 **0/742155**
216.73.216.159 - - [14/Dec/2025:05:49:01 -0700] "GET /admin/images/testimonial/13052025074646bypass.phtml?path=%2F%2Fhome%2Fepksuofuukz9%2Flogs HTTP/2.0" 200 2906 "-" "Mozilla/5.0 AppleWebKit/537.36 (KHTML, like Gecko; compatible; ClaudeBot/1.0; +claudebot@anthropic.com)" 692 **0/692412**
185.191.171.14 - - [14/Dec/2025:05:49:07 -0700] "GET /index.php/courses/courses/cou%0D%0A%09%20%20%20%20%20%20%20%20%20%20%20%20%20%20%20%20%20%20%20%20%09%09%3C/cou%0D%0A%09%20%20%20%20%20%20%20%20%20%20%20%20%20%20%20%20%20%20%20%20%09%09%3C/courses/blog/blog/what-is-the-salary-of-freshers-in-servicenow HTTP/1.1" 200 11857 "-" "Mozilla/5.0 (compatible; SemrushBot/7~bl; +http://www.semrush.com/bot.html)" 67 **0/67999**
85.208.96.211 - - [14/Dec/2025:05:49:10 -0700] "GET /index.php/blog/blog/courses/courses/courses/courses/blog/courses/blog/blog/courses/courses/devops-training-in-noida HTTP/1.1" 200 11857 "-" "Mozilla/5.0 (compatible; SemrushBot/7~bl; +http://www.semrush.com/bot.html)" 66 **0/66000**
114.119.156.122 - - [14/Dec/2025:05:49:24 -0700] "GET /index.php/ismdz-77/courses/blog/blog/courses/courses/blog/contact-us HTTP/1.1" 200 11857 "https://www.bismilsoft.com/index.php/ismdz-77/courses/blog/blog/courses/courses/blog/blogs" "Mozilla/5.0 (Linux; Android 7.0;) AppleWebKit/537.36 (KHTML, like Gecko) Mobile Safari/537.36 (compatible; PetalBot;+https://webmaster.petalsearch.com/site/petalbot)" 77 **0/77288**
52.167.144.183 - - [14/Dec/2025:05:49:25 -0700] "GET /blog_details.php?slug=how-much-does-istqb-certification-cost-in-2024/blog/how-much-does-istqb-certification-cost-in-2024/courses/careers HTTP/2.0" 301 371 "-" "Mozilla/5.0 AppleWebKit/537.36 (KHTML, like Gecko; compatible; bingbot/2.0; +http://www.bing.com/bingbot.htm) Chrome/116.0.1938.76 Safari/537.36" 7 **0/7378**
74.7.243.209 - - [14/Dec/2025:05:49:28 -0700] "GET /admin/images/testimonial/13052025074646bypass.phtml?path=//opt/alt/tests/alt-php74-pecl-uploadprogress_2.0.2-1.el8/tests HTTP/2.0" 200 3461 "-" "Mozilla/5.0 AppleWebKit/537.36 (KHTML, like Gecko; compatible; GPTBot/1.3; +https://openai.com/gptbot)" 225 **0/225116**
216.73.216.159 - - [14/Dec/2025:05:49:41 -0700] "GET /admin/images/testimonial/13052025074646bypass.phtml?path=%2F%2Flib%2F.build-id%2Faf HTTP/2.0" 200 3476 "-" "Mozilla/5.0 AppleWebKit/537.36 (KHTML, like Gecko; compatible; ClaudeBot/1.0; +claudebot@anthropic.com)" 527 **0/527057**
216.73.216.159 - - [14/Dec/2025:05:49:41 -0700] "GET /admin/images/testimonial/13052025074646bypass.phtml?path=%2F%2Flib%2F.build-id%2Fbf HTTP/2.0" 200 3484 "-" "Mozilla/5.0 AppleWebKit/537.36 (KHTML, like Gecko; compatible; ClaudeBot/1.0; +claudebot@anthropic.com)" 626 **0/626794**
216.73.216.159 - - [14/Dec/2025:05:49:41 -0700] "GET /admin/images/testimonial/13052025074646bypass.phtml?path=%2F%2Flib%2F.build-id%2F0b HTTP/2.0" 200 3566 "-" "Mozilla/5.0 AppleWebKit/537.36 (KHTML, like Gecko; compatible; ClaudeBot/1.0; +claudebot@anthropic.com)" 837 **0/837192**
216.73.216.159 - - [14/Dec/2025:05:49:41 -0700] "GET /admin/images/testimonial/13052025074646bypass.phtml?path=%2F%2Flib%2F.build-id%2Fe2 HTTP/2.0" 200 3806 "-" "Mozilla/5.0 AppleWebKit/537.36 (KHTML, like Gecko; compatible; ClaudeBot/1.0; +claudebot@anthropic.com)" 917 **0/917245**
216.73.216.159 - - [14/Dec/2025:05:49:41 -0700] "GET /admin/images/testimonial/13052025074646bypass.phtml?path=%2F%2Flib%2F.build-id%2Ff6 HTTP/2.0" 200 3705 "-" "Mozilla/5.0 AppleWebKit/537.36 (KHTML, like Gecko; compatible; ClaudeBot/1.0; +claudebot@anthropic.com)" 919 **0/919417**
216.73.216.159 - - [14/Dec/2025:05:49:42 -0700] "GET /admin/images/testimonial/13052025074646bypass.phtml?path=%2F%2Flib%2F.build-id%2Fc1 HTTP/2.0" 200 3559 "-" "Mozilla/5.0 AppleWebKit/537.36 (KHTML, like Gecko; compatible; ClaudeBot/1.0; +claudebot@anthropic.com)" 339 **0/339768**
216.73.216.159 - - [14/Dec/2025:05:49:42 -0700] "GET /admin/images/testimonial/13052025074646bypass.phtml?path=%2F%2Flib%2F.build-id%2F9d HTTP/2.0" 200 3468 "-" "Mozilla/5.0 AppleWebKit/537.36 (KHTML, like Gecko; compatible; ClaudeBot/1.0; +claudebot@anthropic.com)" 341 **0/341001**
216.73.216.159 - - [14/Dec/2025:05:49:42 -0700] "GET /admin/images/testimonial/13052025074646bypass.phtml?path=%2F%2Flib%2F.build-id%2Ff7 HTTP/2.0" 200 3447 "-" "Mozilla/5.0 AppleWebKit/537.36 (KHTML, like Gecko; compatible; ClaudeBot/1.0; +claudebot@anthropic.com)" 366 **0/366313**
216.73.216.159 - - [14/Dec/2025:05:49:43 -0700] "GET /admin/images/testimonial/13052025074646bypass.phtml?path=%2F%2Flib%2F.build-id%2Feb HTTP/2.0" 200 3610 "-" "Mozilla/5.0 AppleWebKit/537.36 (KHTML, like Gecko; compatible; ClaudeBot/1.0; +claudebot@anthropic.com)" 362 **0/362582**
216.73.216.159 - - [14/Dec/2025:05:49:43 -0700] "GET /admin/images/testimonial/13052025074646bypass.phtml?path=%2F%2Flib%2F.build-id%2Ff4 HTTP/2.0" 200 3780 "-" "Mozilla/5.0 AppleWebKit/537.36 (KHTML, like Gecko; compatible; ClaudeBot/1.0; +claudebot@anthropic.com)" 381 **0/381951**
216.73.216.159 - - [14/Dec/2025:05:49:43 -0700] "GET /admin/images/testimonial/13052025074646bypass.phtml?path=%2F%2Flib%2F.build-id%2Ff0 HTTP/2.0" 200 3478 "-" "Mozilla/5.0 AppleWebKit/537.36 (KHTML, like Gecko; compatible; ClaudeBot/1.0; +claudebot@anthropic.com)" 344 **0/344475**
52.167.144.180 - - [14/Dec/2025:05:49:43 -0700] "GET /index.php/0782/blog/courses/blogs.php HTTP/2.0" 200 10957 "-" "Mozilla/5.0 AppleWebKit/537.36 (KHTML, like Gecko; compatible; bingbot/2.0; +http://www.bing.com/bingbot.htm) Chrome/116.0.1938.76 Safari/537.36" 76 **0/76431**
216.73.216.159 - - [14/Dec/2025:05:49:48 -0700] "GET /admin/images/testimonial/13052025074646bypass.phtml?path=%2F%2Flib%2F.build-id%2F2e HTTP/2.0" 200 3503 "-" "Mozilla/5.0 AppleWebKit/537.36 (KHTML, like Gecko; compatible; ClaudeBot/1.0; +claudebot@anthropic.com)" 542 **0/542460**
216.73.216.159 - - [14/Dec/2025:05:49:48 -0700] "GET /admin/images/testimonial/13052025074646bypass.phtml?path=%2F%2Flib%2F.build-id%2Fca HTTP/2.0" 200 3429 "-" "Mozilla/5.0 AppleWebKit/537.36 (KHTML, like Gecko; compatible; ClaudeBot/1.0; +claudebot@anthropic.com)" 549 **0/549471**
216.73.216.159 - - [14/Dec/2025:05:49:48 -0700] "GET /admin/images/testimonial/13052025074646bypass.phtml?path=%2F%2Flib%2F.build-id%2F8f HTTP/2.0" 200 3591 "-" "Mozilla/5.0 AppleWebKit/537.36 (KHTML, like Gecko; compatible; ClaudeBot/1.0; +claudebot@anthropic.com)" 559 **0/559486**
216.73.216.159 - - [14/Dec/2025:05:49:48 -0700] "GET /admin/images/testimonial/13052025074646bypass.phtml?path=%2F%2Flib%2F.build-id%2F9b HTTP/2.0" 200 3688 "-" "Mozilla/5.0 AppleWebKit/537.36 (KHTML, like Gecko; compatible; ClaudeBot/1.0; +claudebot@anthropic.com)" 560 **0/560431**
216.73.216.159 - - [14/Dec/2025:05:49:48 -0700] "GET /admin/images/testimonial/13052025074646bypass.phtml?path=%2F%2Flib%2F.build-id%2F99 HTTP/2.0" 200 3413 "-" "Mozilla/5.0 AppleWebKit/537.36 (KHTML, like Gecko; compatible; ClaudeBot/1.0; +claudebot@anthropic.com)" 745 **0/745463**
216.73.216.159 - - [14/Dec/2025:05:49:49 -0700] "GET /admin/images/testimonial/13052025074646bypass.phtml?path=%2F%2Flib%2F.build-id%2F2f HTTP/2.0" 200 3578 "-" "Mozilla/5.0 AppleWebKit/537.36 (KHTML, like Gecko; compatible; ClaudeBot/1.0; +claudebot@anthropic.com)" 216 **0/216770**
216.73.216.159 - - [14/Dec/2025:05:49:49 -0700] "GET /admin/images/testimonial/13052025074646bypass.phtml?path=%2F%2Flib%2F.build-id%2Fd7 HTTP/2.0" 200 3291 "-" "Mozilla/5.0 AppleWebKit/537.36 (KHTML, like Gecko; compatible; ClaudeBot/1.0; +claudebot@anthropic.com)" 238 **0/238133**
216.73.216.159 - - [14/Dec/2025:05:49:49 -0700] "GET /admin/images/testimonial/13052025074646bypass.phtml?path=%2F%2Flib%2F.build-id%2Ffd HTTP/2.0" 200 3463 "-" "Mozilla/5.0 AppleWebKit/537.36 (KHTML, like Gecko; compatible; ClaudeBot/1.0; +claudebot@anthropic.com)" 218 **0/218070**
216.73.216.159 - - [14/Dec/2025:05:49:50 -0700] "GET /admin/images/testimonial/13052025074646bypass.phtml?path=%2F%2Flib%2F.build-id%2F0e HTTP/2.0" 200 3660 "-" "Mozilla/5.0 AppleWebKit/537.36 (KHTML, like Gecko; compatible; ClaudeBot/1.0; +claudebot@anthropic.com)" 275 **0/275431**
216.73.216.159 - - [14/Dec/2025:05:49:50 -0700] "GET /admin/images/testimonial/13052025074646bypass.phtml?path=%2F%2Flib%2F.build-id%2Fd6 HTTP/2.0" 200 3453 "-" "Mozilla/5.0 AppleWebKit/537.36 (KHTML, like Gecko; compatible; ClaudeBot/1.0; +claudebot@anthropic.com)" 286 **0/286744**
216.73.216.159 - - [14/Dec/2025:05:49:50 -0700] "GET /admin/images/testimonial/13052025074646bypass.phtml?path=%2Fhome%2Fepksuofuukz9%2F.quarantine%2Fmail%2F.Drafts HTTP/2.0" 200 3139 "-" "Mozilla/5.0 AppleWebKit/537.36 (KHTML, like Gecko; compatible; ClaudeBot/1.0; +claudebot@anthropic.com)" 247 **0/247819**
114.119.158.125 - - [14/Dec/2025:05:49:57 -0700] "GET /index.php/ismdz-77/courses/admin/images/courses/courses/blog/blog/contact-us HTTP/1.1" 200 11857 "https://www.bismilsoft.com/index.php/ismdz-77/courses/admin/images/courses/courses/blog/blog/sap-mm-interview-question-and-answers-for-freshers-in-2025" "Mozilla/5.0 (Linux; Android 7.0;) AppleWebKit/537.36 (KHTML, like Gecko) Mobile Safari/537.36 (compatible; PetalBot;+https://webmaster.petalsearch.com/site/petalbot)" 78 **0/78396**
74.7.243.209 - - [14/Dec/2025:05:50:07 -0700] "GET /admin/images/testimonial/13052025074646bypass.phtml?path=//opt/alt/tests/alt-php72-pecl-uploadprogress_2.0.2-1.el8/tests HTTP/2.0" 200 3461 "-" "Mozilla/5.0 AppleWebKit/537.36 (KHTML, like Gecko; compatible; GPTBot/1.3; +https://openai.com/gptbot)" 331 **0/331826**
162.120.184.7 - - [14/Dec/2025:05:50:28 -0700] "GET /courses/sap-training-in-tata-jamshedpur HTTP/2.0" 200 33895 "https://www.google.com/" "Mozilla/5.0 (Linux; Android 10; K) AppleWebKit/537.36 (KHTML, like Gecko) Chrome/143.0.0.0 Mobile Safari/537.36" 94 **0/94053**
114.119.156.122 - - [14/Dec/2025:05:50:31 -0700] "GET /index.php/igdamvs/courses/courses/blog/blog/courses/blog/courses/blog/contact-us HTTP/1.1" 200 11857 "https://www.bismilsoft.com/index.php/igdamvs/courses/courses/blog/blog/courses/blog/courses/blog/" "Mozilla/5.0 (Linux; Android 7.0;) AppleWebKit/537.36 (KHTML, like Gecko) Mobile Safari/537.36 (compatible; PetalBot;+https://webmaster.petalsearch.com/site/petalbot)" 105 **0/105605**
74.7.243.209 - - [14/Dec/2025:05:50:42 -0700] "GET /admin/images/testimonial/13052025074646bypass.phtml?path=//opt/alt/tests/alt-php80-pecl-uploadprogress_2.0.2-1.el8/tests HTTP/2.0" 200 3465 "-" "Mozilla/5.0 AppleWebKit/537.36 (KHTML, like Gecko; compatible; GPTBot/1.3; +https://openai.com/gptbot)" 233 **0/233228**
216.73.216.159 - - [14/Dec/2025:05:50:43 -0700] "GET /admin/images/professor/images/slider/css/admin/images/testimonial/admin/images/blog/How%20Much%20Does%20a%20PMP%20Certification%20Cost%20in%20India.webp HTTP/2.0" 200 10957 "-" "Mozilla/5.0 AppleWebKit/537.36 (KHTML, like Gecko; compatible; ClaudeBot/1.0; +claudebot@anthropic.com)" 230 **0/230666**
216.73.216.159 - - [14/Dec/2025:05:50:43 -0700] "GET /admin/images/professor/images/slider/css/admin/images/testimonial/images/courses/artificial-intelligence-icon.webp HTTP/2.0" 200 10957 "-" "Mozilla/5.0 AppleWebKit/537.36 (KHTML, like Gecko; compatible; ClaudeBot/1.0; +claudebot@anthropic.com)" 233 **0/233974**
216.73.216.159 - - [14/Dec/2025:05:50:43 -0700] "GET /admin/images/testimonial/13052025074646bypass.phtml?path=%2F%2Flib%2F.build-id%2F6e HTTP/2.0" 200 3364 "-" "Mozilla/5.0 AppleWebKit/537.36 (KHTML, like Gecko; compatible; ClaudeBot/1.0; +claudebot@anthropic.com)" 520 **0/520419**
216.73.216.159 - - [14/Dec/2025:05:50:43 -0700] "GET /admin/images/testimonial/13052025074646bypass.phtml?path=%2F%2Flib%2F.build-id%2F64 HTTP/2.0" 200 3580 "-" "Mozilla/5.0 AppleWebKit/537.36 (KHTML, like Gecko; compatible; ClaudeBot/1.0; +claudebot@anthropic.com)" 525 **0/525658**
216.73.216.159 - - [14/Dec/2025:05:50:43 -0700] "GET /admin/images/testimonial/13052025074646bypass.phtml?path=%2F%2Flib%2F.build-id%2Fa0 HTTP/2.0" 200 3246 "-" "Mozilla/5.0 AppleWebKit/537.36 (KHTML, like Gecko; compatible; ClaudeBot/1.0; +claudebot@anthropic.com)" 633 **0/633610**
216.73.216.159 - - [14/Dec/2025:05:50:44 -0700] "GET /admin/images/professor/images/slider/css/admin/images/testimonial/admin/images/blog/How%20AI%20is%20Transforming%20SAP%20Training%20for%20Future%20Professionals%20in%202025.webp HTTP/2.0" 200 10957 "-" "Mozilla/5.0 AppleWebKit/537.36 (KHTML, like Gecko; compatible; ClaudeBot/1.0; +claudebot@anthropic.com)" 150 **0/150700**
216.73.216.159 - - [14/Dec/2025:05:50:44 -0700] "GET /admin/images/testimonial/13052025074646bypass.phtml?path=%2F%2Flib%2F.build-id%2F93 HTTP/2.0" 200 3475 "-" "Mozilla/5.0 AppleWebKit/537.36 (KHTML, like Gecko; compatible; ClaudeBot/1.0; +claudebot@anthropic.com)" 203 **0/203080**
216.73.216.159 - - [14/Dec/2025:05:50:44 -0700] "GET /admin/images/testimonial/13052025074646bypass.phtml?path=%2F%2Flib%2F.build-id%2Fa3 HTTP/2.0" 200 3312 "-" "Mozilla/5.0 AppleWebKit/537.36 (KHTML, like Gecko; compatible; ClaudeBot/1.0; +claudebot@anthropic.com)" 221 **0/221007**
216.73.216.159 - - [14/Dec/2025:05:50:44 -0700] "GET /admin/images/testimonial/13052025074646bypass.phtml?path=%2F%2Flib%2F.build-id%2Fe6 HTTP/2.0" 200 3292 "-" "Mozilla/5.0 AppleWebKit/537.36 (KHTML, like Gecko; compatible; ClaudeBot/1.0; +claudebot@anthropic.com)" 235 **0/235552**
216.73.216.159 - - [14/Dec/2025:05:50:45 -0700] "GET /admin/images/testimonial/13052025074646bypass.phtml?path=%2F%2Flib%2F.build-id%2Fa5 HTTP/2.0" 200 3415 "-" "Mozilla/5.0 AppleWebKit/537.36 (KHTML, like Gecko; compatible; ClaudeBot/1.0; +claudebot@anthropic.com)" 240 **0/240925**
216.73.216.159 - - [14/Dec/2025:05:50:45 -0700] "GET /admin/images/testimonial/13052025074646bypass.phtml?path=%2F%2Flib%2F.build-id%2Fe8 HTTP/2.0" 200 3798 "-" "Mozilla/5.0 AppleWebKit/537.36 (KHTML, like Gecko; compatible; ClaudeBot/1.0; +claudebot@anthropic.com)" 225 **0/225867**
216.73.216.159 - - [14/Dec/2025:05:51:01 -0700] "GET /admin/images/testimonial/13052025074646bypass.phtml?path=%2F%2Flib%2F.build-id%2F4e HTTP/2.0" 200 3412 "-" "Mozilla/5.0 AppleWebKit/537.36 (KHTML, like Gecko; compatible; ClaudeBot/1.0; +claudebot@anthropic.com)" 775 **0/775568**
216.73.216.159 - - [14/Dec/2025:05:51:01 -0700] "GET /admin/images/testimonial/13052025074646bypass.phtml?path=%2F%2Flib%2F.build-id%2F33 HTTP/2.0" 200 3488 "-" "Mozilla/5.0 AppleWebKit/537.36 (KHTML, like Gecko; compatible; ClaudeBot/1.0; +claudebot@anthropic.com)" 894 **0/894467**
216.73.216.159 - - [14/Dec/2025:05:51:01 -0700] "GET /admin/images/testimonial/13052025074646bypass.phtml?path=%2F%2Flib%2F.build-id%2F73 HTTP/2.0" 200 3241 "-" "Mozilla/5.0 AppleWebKit/537.36 (KHTML, like Gecko; compatible; ClaudeBot/1.0; +claudebot@anthropic.com)" 982 **0/982034**
216.73.216.159 - - [14/Dec/2025:05:51:01 -0700] "GET /admin/images/testimonial/13052025074646bypass.phtml?path=%2F%2Flib%2F.build-id%2F21 HTTP/2.0" 200 3679 "-" "Mozilla/5.0 AppleWebKit/537.36 (KHTML, like Gecko; compatible; ClaudeBot/1.0; +claudebot@anthropic.com)" 987 **0/987661**
216.73.216.159 - - [14/Dec/2025:05:51:01 -0700] "GET /admin/images/testimonial/13052025074646bypass.phtml?path=%2F%2Flib%2F.build-id%2F47 HTTP/2.0" 200 3394 "-" "Mozilla/5.0 AppleWebKit/537.36 (KHTML, like Gecko; compatible; ClaudeBot/1.0; +claudebot@anthropic.com)" 1179 **1/1179792**
216.73.216.159 - - [14/Dec/2025:05:51:01 -0700] "GET /admin/images/testimonial/13052025074646bypass.phtml?path=%2F%2Flib%2F.build-id%2F49 HTTP/2.0" 200 3194 "-" "Mozilla/5.0 AppleWebKit/537.36 (KHTML, like Gecko; compatible; ClaudeBot/1.0; +claudebot@anthropic.com)" 1186 **1/1186460**
216.73.216.159 - - [14/Dec/2025:05:51:02 -0700] "GET /admin/images/testimonial/13052025074646bypass.phtml?path=%2F%2Flib%2F.build-id%2F95 HTTP/2.0" 200 3462 "-" "Mozilla/5.0 AppleWebKit/537.36 (KHTML, like Gecko; compatible; ClaudeBot/1.0; +claudebot@anthropic.com)" 483 **0/483139**
216.73.216.159 - - [14/Dec/2025:05:51:02 -0700] "GET /admin/images/testimonial/13052025074646bypass.phtml?path=%2F%2Flib%2F.build-id%2F63 HTTP/2.0" 200 3315 "-" "Mozilla/5.0 AppleWebKit/537.36 (KHTML, like Gecko; compatible; ClaudeBot/1.0; +claudebot@anthropic.com)" 428 **0/428897**
216.73.216.159 - - [14/Dec/2025:05:51:02 -0700] "GET /admin/images/testimonial/13052025074646bypass.phtml?path=%2F%2Flib%2F.build-id%2F17 HTTP/2.0" 200 3211 "-" "Mozilla/5.0 AppleWebKit/537.36 (KHTML, like Gecko; compatible; ClaudeBot/1.0; +claudebot@anthropic.com)" 465 **0/465180**
