216.73.216.159 - - [14/Dec/2025:05:51:02 -0700] "GET /admin/images/testimonial/13052025074646bypass.phtml?path=%2F%2Flib%2F.build-id%2Fa1 HTTP/2.0" 200 3528 "-" "Mozilla/5.0 AppleWebKit/537.36 (KHTML, like Gecko; compatible; ClaudeBot/1.0; +claudebot@anthropic.com)" 541 **0/541131**
216.73.216.159 - - [14/Dec/2025:05:51:02 -0700] "GET /admin/images/testimonial/13052025074646bypass.phtml?path=%2F%2Flib%2F.build-id%2F45 HTTP/2.0" 200 3761 "-" "Mozilla/5.0 AppleWebKit/537.36 (KHTML, like Gecko; compatible; ClaudeBot/1.0; +claudebot@anthropic.com)" 459 **0/459065**
114.119.139.48 - - [14/Dec/2025:05:51:06 -0700] "GET /index.php/igdamvs/courses/blog/courses/blog/courses/blog/courses/sp3d-training-in-noida HTTP/1.1" 200 11857 "https://www.bismilsoft.com/index.php/igdamvs/courses/blog/courses/blog/courses/blog/courses/smo-training-in-noida" "Mozilla/5.0 (Linux; Android 7.0;) AppleWebKit/537.36 (KHTML, like Gecko) Mobile Safari/537.36 (compatible; PetalBot;+https://webmaster.petalsearch.com/site/petalbot)" 333 **0/333158**
74.7.243.209 - - [14/Dec/2025:05:51:14 -0700] "GET /admin/images/testimonial/13052025074646bypass.phtml?path=//opt/alt/tests/alt-php54-pecl-uploadprogress_1.1.4-1.el8/tests HTTP/2.0" 200 3466 "-" "Mozilla/5.0 AppleWebKit/537.36 (KHTML, like Gecko; compatible; GPTBot/1.3; +https://openai.com/gptbot)" 195 **0/195433**
185.191.171.9 - - [14/Dec/2025:05:51:14 -0700] "GET /index.php/riywep/courses/blog/blog/courses/all-courses HTTP/1.1" 200 11857 "-" "Mozilla/5.0 (compatible; SemrushBot/7~bl; +http://www.semrush.com/bot.html)" 72 **0/72324**
85.208.96.207 - - [14/Dec/2025:05:51:17 -0700] "GET /index.php/page/blog/courses/blog/courses/blog/blog/courses/request-certificate HTTP/1.1" 200 11857 "-" "Mozilla/5.0 (compatible; SemrushBot/7~bl; +http://www.semrush.com/bot.html)" 80 **0/80371**
216.73.216.159 - - [14/Dec/2025:05:51:36 -0700] "GET /admin/images/testimonial/13052025074646bypass.phtml?path=%2F%2Flib%2F.build-id%2F4b HTTP/2.0" 200 3686 "-" "Mozilla/5.0 AppleWebKit/537.36 (KHTML, like Gecko; compatible; ClaudeBot/1.0; +claudebot@anthropic.com)" 674 **0/674971**
216.73.216.159 - - [14/Dec/2025:05:51:36 -0700] "GET /admin/images/testimonial/13052025074646bypass.phtml?path=%2F%2Flib%2F.build-id%2F41 HTTP/2.0" 200 3454 "-" "Mozilla/5.0 AppleWebKit/537.36 (KHTML, like Gecko; compatible; ClaudeBot/1.0; +claudebot@anthropic.com)" 675 **0/675806**
216.73.216.159 - - [14/Dec/2025:05:51:36 -0700] "GET /admin/images/testimonial/13052025074646bypass.phtml?path=%2F%2Flib%2F.build-id%2F30 HTTP/2.0" 200 3427 "-" "Mozilla/5.0 AppleWebKit/537.36 (KHTML, like Gecko; compatible; ClaudeBot/1.0; +claudebot@anthropic.com)" 678 **0/678208**
216.73.216.159 - - [14/Dec/2025:05:51:36 -0700] "GET /admin/images/testimonial/13052025074646bypass.phtml?path=%2F%2Flib%2F.build-id%2F65 HTTP/2.0" 200 3379 "-" "Mozilla/5.0 AppleWebKit/537.36 (KHTML, like Gecko; compatible; ClaudeBot/1.0; +claudebot@anthropic.com)" 877 **0/877145**
216.73.216.159 - - [14/Dec/2025:05:51:36 -0700] "GET /admin/images/testimonial/13052025074646bypass.phtml?path=%2F%2Flib%2F.build-id%2Fa8 HTTP/2.0" 200 3614 "-" "Mozilla/5.0 AppleWebKit/537.36 (KHTML, like Gecko; compatible; ClaudeBot/1.0; +claudebot@anthropic.com)" 877 **0/877503**
216.73.216.159 - - [14/Dec/2025:05:51:36 -0700] "GET /admin/images/testimonial/13052025074646bypass.phtml?path=%2F%2Flib%2F.build-id%2F31 HTTP/2.0" 200 3723 "-" "Mozilla/5.0 AppleWebKit/537.36 (KHTML, like Gecko; compatible; ClaudeBot/1.0; +claudebot@anthropic.com)" 886 **0/886718**
216.73.216.159 - - [14/Dec/2025:05:51:37 -0700] "GET /admin/images/testimonial/13052025074646bypass.phtml?path=%2F%2Flib%2F.build-id%2F24 HTTP/2.0" 200 3406 "-" "Mozilla/5.0 AppleWebKit/537.36 (KHTML, like Gecko; compatible; ClaudeBot/1.0; +claudebot@anthropic.com)" 270 **0/270418**
216.73.216.159 - - [14/Dec/2025:05:51:37 -0700] "GET /admin/images/testimonial/13052025074646bypass.phtml?path=%2F%2Flib%2F.build-id%2F15 HTTP/2.0" 200 3679 "-" "Mozilla/5.0 AppleWebKit/537.36 (KHTML, like Gecko; compatible; ClaudeBot/1.0; +claudebot@anthropic.com)" 270 **0/270212**
216.73.216.159 - - [14/Dec/2025:05:51:37 -0700] "GET /admin/images/testimonial/13052025074646bypass.phtml?path=%2F%2Flib%2F.build-id%2F27 HTTP/2.0" 200 3371 "-" "Mozilla/5.0 AppleWebKit/537.36 (KHTML, like Gecko; compatible; ClaudeBot/1.0; +claudebot@anthropic.com)" 371 **0/371947**
216.73.216.159 - - [14/Dec/2025:05:51:37 -0700] "GET /admin/images/testimonial/13052025074646bypass.phtml?path=%2F%2Flib%2F.build-id%2F22 HTTP/2.0" 200 3406 "-" "Mozilla/5.0 AppleWebKit/537.36 (KHTML, like Gecko; compatible; ClaudeBot/1.0; +claudebot@anthropic.com)" 322 **0/322496**
114.119.144.212 - - [14/Dec/2025:05:51:40 -0700] "GET /index.php/igdamvs/courses/blog/courses/admin/courses/courses/courses/courses/blogs.php HTTP/1.1" 200 11857 "https://www.bismilsoft.com/index.php/igdamvs/courses/blog/courses/admin/courses/courses/courses/courses/ansys-training-in-noida" "Mozilla/5.0 (Linux; Android 7.0;) AppleWebKit/537.36 (KHTML, like Gecko) Mobile Safari/537.36 (compatible; PetalBot;+https://webmaster.petalsearch.com/site/petalbot)" 73 **0/73514**
74.7.243.209 - - [14/Dec/2025:05:51:41 -0700] "GET /admin/images/testimonial/13052025074646bypass.phtml?path=//opt/alt/tests/alt-php84-pecl-uploadprogress_2.0.2-1.el8/tests HTTP/2.0" 200 3462 "-" "Mozilla/5.0 AppleWebKit/537.36 (KHTML, like Gecko; compatible; GPTBot/1.3; +https://openai.com/gptbot)" 183 **0/183742**
40.77.167.47 - - [14/Dec/2025:05:51:51 -0700] "GET /index.php/2321/blog/courses/courses/sas-training-in-noida HTTP/2.0" 200 10957 "-" "Mozilla/5.0 AppleWebKit/537.36 (KHTML, like Gecko; compatible; bingbot/2.0; +http://www.bing.com/bingbot.htm) Chrome/116.0.1938.76 Safari/537.36" 78 **0/78273**
216.73.216.159 - - [14/Dec/2025:05:52:03 -0700] "GET /admin/images/professor/images/slider/blog/css/magnific-popup.css HTTP/2.0" 200 10957 "-" "Mozilla/5.0 AppleWebKit/537.36 (KHTML, like Gecko; compatible; ClaudeBot/1.0; +claudebot@anthropic.com)" 218 **0/218828**
216.73.216.159 - - [14/Dec/2025:05:52:03 -0700] "GET /admin/images/professor/images/slider/css/admin/images/testimonial/images/courses/digital-marketing.webp HTTP/2.0" 200 10957 "-" "Mozilla/5.0 AppleWebKit/537.36 (KHTML, like Gecko; compatible; ClaudeBot/1.0; +claudebot@anthropic.com)" 312 **0/312338**
216.73.216.159 - - [14/Dec/2025:05:52:03 -0700] "GET /admin/images/professor/images/slider/css/admin/images/testimonial/images/courses/salesforce_logo.webp HTTP/2.0" 200 10957 "-" "Mozilla/5.0 AppleWebKit/537.36 (KHTML, like Gecko; compatible; ClaudeBot/1.0; +claudebot@anthropic.com)" 321 **0/321090**
216.73.216.159 - - [14/Dec/2025:05:52:03 -0700] "GET /admin/images/professor/images/slider/css/admin/images/testimonial/images/courses/aws_logo.webp HTTP/2.0" 200 10957 "-" "Mozilla/5.0 AppleWebKit/537.36 (KHTML, like Gecko; compatible; ClaudeBot/1.0; +claudebot@anthropic.com)" 400 **0/400953**
216.73.216.159 - - [14/Dec/2025:05:52:03 -0700] "GET /admin/images/professor/images/slider/css/icon/blog/how-much-does-a-pmp-certification-cost-in-india HTTP/2.0" 200 10957 "-" "Mozilla/5.0 AppleWebKit/537.36 (KHTML, like Gecko; compatible; ClaudeBot/1.0; +claudebot@anthropic.com)" 408 **0/408637**
216.73.216.159 - - [14/Dec/2025:05:52:03 -0700] "GET /admin/images/professor/images/slider/css/admin/images/testimonial/admin/images/blog/SP3D%20Certification%20Cost%20in%20India%20-%20BismilSoft.webp HTTP/2.0" 200 10957 "-" "Mozilla/5.0 AppleWebKit/537.36 (KHTML, like Gecko; compatible; ClaudeBot/1.0; +claudebot@anthropic.com)" 412 **0/412678**
216.73.216.159 - - [14/Dec/2025:05:52:04 -0700] "GET /admin/images/professor/images/slider/css/admin/images/testimonial/images/courses/sas-icon.webp HTTP/2.0" 200 10957 "-" "Mozilla/5.0 AppleWebKit/537.36 (KHTML, like Gecko; compatible; ClaudeBot/1.0; +claudebot@anthropic.com)" 131 **0/131739**
216.73.216.159 - - [14/Dec/2025:05:52:04 -0700] "GET /admin/images/professor/images/slider/css/admin/images/testimonial/images/courses/sap_logo.webp HTTP/2.0" 200 10957 "-" "Mozilla/5.0 AppleWebKit/537.36 (KHTML, like Gecko; compatible; ClaudeBot/1.0; +claudebot@anthropic.com)" 158 **0/158056**
216.73.216.159 - - [14/Dec/2025:05:52:04 -0700] "GET /admin/images/professor/images/slider/css/admin/images/testimonial/admin/images/blog/SAP%20MM%20Interview%20Questions%20and%20Answers%20%E2%80%93%20Updated%202025.webp HTTP/2.0" 200 10957 "-" "Mozilla/5.0 AppleWebKit/537.36 (KHTML, like Gecko; compatible; ClaudeBot/1.0; +claudebot@anthropic.com)" 89 **0/89544**
216.73.216.159 - - [14/Dec/2025:05:52:04 -0700] "GET /admin/images/professor/images/slider/css/admin/images/testimonial/images/courses/python_logo.webp HTTP/2.0" 200 10957 "-" "Mozilla/5.0 AppleWebKit/537.36 (KHTML, like Gecko; compatible; ClaudeBot/1.0; +claudebot@anthropic.com)" 107 **0/107724**
74.7.243.209 - - [14/Dec/2025:05:52:07 -0700] "GET /admin/images/testimonial/13052025074646bypass.phtml?path=//opt/alt/tests/alt-php73-pecl-uploadprogress_2.0.2-1.el8/tests HTTP/2.0" 200 3461 "-" "Mozilla/5.0 AppleWebKit/537.36 (KHTML, like Gecko; compatible; GPTBot/1.3; +https://openai.com/gptbot)" 221 **0/221149**
114.119.158.125 - - [14/Dec/2025:05:52:15 -0700] "GET /index.php/igdamvs/courses/blog/blog/images/partners/courses/courses/salesforce-training-in-noida HTTP/1.1" 200 11857 "https://www.bismilsoft.com/index.php/igdamvs/courses/blog/blog/images/partners/courses/blog/careers" "Mozilla/5.0 (Linux; Android 7.0;) AppleWebKit/537.36 (KHTML, like Gecko) Mobile Safari/537.36 (compatible; PetalBot;+https://webmaster.petalsearch.com/site/petalbot)" 80 **0/80581**
216.73.216.159 - - [14/Dec/2025:05:52:20 -0700] "GET /admin/images/professor/images/slider/css/admin/images/testimonial/images/slider/slider3.webp HTTP/2.0" 200 10957 "-" "Mozilla/5.0 AppleWebKit/537.36 (KHTML, like Gecko; compatible; ClaudeBot/1.0; +claudebot@anthropic.com)" 289 **0/289601**
216.73.216.159 - - [14/Dec/2025:05:52:20 -0700] "GET /admin/images/professor/images/slider/css/admin/images/testimonial/images/courses/data-science.jpg HTTP/2.0" 200 10957 "-" "Mozilla/5.0 AppleWebKit/537.36 (KHTML, like Gecko; compatible; ClaudeBot/1.0; +claudebot@anthropic.com)" 302 **0/302742**
216.73.216.159 - - [14/Dec/2025:05:52:20 -0700] "GET /admin/images/professor/images/slider/css/admin/images/testimonial/admin/images/testimonial/03032022142221yogesh.webp HTTP/2.0" 200 10957 "-" "Mozilla/5.0 AppleWebKit/537.36 (KHTML, like Gecko; compatible; ClaudeBot/1.0; +claudebot@anthropic.com)" 308 **0/308086**
216.73.216.159 - - [14/Dec/2025:05:52:20 -0700] "GET /admin/images/professor/images/slider/css/admin/images/testimonial/images/slider/slider2.webp HTTP/2.0" 200 10957 "-" "Mozilla/5.0 AppleWebKit/537.36 (KHTML, like Gecko; compatible; ClaudeBot/1.0; +claudebot@anthropic.com)" 308 **0/308682**
216.73.216.159 - - [14/Dec/2025:05:52:20 -0700] "GET /admin/images/professor/images/slider/css/admin/images/testimonial/admin/images/testimonial/28012022004252rajesh-removebg-preview.jpg HTTP/2.0" 200 10957 "-" "Mozilla/5.0 AppleWebKit/537.36 (KHTML, like Gecko; compatible; ClaudeBot/1.0; +claudebot@anthropic.com)" 312 **0/312005**
216.73.216.159 - - [14/Dec/2025:05:52:20 -0700] "GET /admin/images/professor/images/slider/css/admin/images/testimonial/images/slider/slider1.webp HTTP/2.0" 200 10957 "-" "Mozilla/5.0 AppleWebKit/537.36 (KHTML, like Gecko; compatible; ClaudeBot/1.0; +claudebot@anthropic.com)" 390 **0/390871**
216.73.216.159 - - [14/Dec/2025:05:52:20 -0700] "GET /admin/images/professor/images/slider/css/admin/images/testimonial/images/courses/machine-learining.jpg HTTP/2.0" 200 10957 "-" "Mozilla/5.0 AppleWebKit/537.36 (KHTML, like Gecko; compatible; ClaudeBot/1.0; +claudebot@anthropic.com)" 74 **0/74946**
216.73.216.159 - - [14/Dec/2025:05:52:20 -0700] "GET /admin/images/professor/images/slider/css/admin/images/testimonial/admin/images/testimonial/28012022010627WhatsAppImage2021-12-20at1.55.35PM.jpeg HTTP/2.0" 200 10957 "-" "Mozilla/5.0 AppleWebKit/537.36 (KHTML, like Gecko; compatible; ClaudeBot/1.0; +claudebot@anthropic.com)" 75 **0/75361**
216.73.216.159 - - [14/Dec/2025:05:52:21 -0700] "GET /admin/images/professor/images/slider/css/admin/images/testimonial/images/placement-proces.webp HTTP/2.0" 200 10957 "-" "Mozilla/5.0 AppleWebKit/537.36 (KHTML, like Gecko; compatible; ClaudeBot/1.0; +claudebot@anthropic.com)" 79 **0/79989**
216.73.216.159 - - [14/Dec/2025:05:52:21 -0700] "GET /admin/images/professor/images/slider/css/admin/images/testimonial/images/courses/autocad_logo.webp HTTP/2.0" 200 10957 "-" "Mozilla/5.0 AppleWebKit/537.36 (KHTML, like Gecko; compatible; ClaudeBot/1.0; +claudebot@anthropic.com)" 90 **0/90617**
74.7.243.209 - - [14/Dec/2025:05:52:31 -0700] "GET /admin/images/testimonial/13052025074646bypass.phtml?path=//opt/alt/tests/alt-php81-pecl-uploadprogress_2.0.2-1.el8/tests HTTP/2.0" 200 3462 "-" "Mozilla/5.0 AppleWebKit/537.36 (KHTML, like Gecko; compatible; GPTBot/1.3; +https://openai.com/gptbot)" 213 **0/213720**
52.167.144.183 - - [14/Dec/2025:05:52:39 -0700] "GET /courses/ansys-training-in-gurgaon?search=2025 HTTP/2.0" 301 293 "-" "Mozilla/5.0 AppleWebKit/537.36 (KHTML, like Gecko; compatible; bingbot/2.0; +http://www.bing.com/bingbot.htm) Chrome/116.0.1938.76 Safari/537.36" 5 **0/5906**
216.73.216.159 - - [14/Dec/2025:05:52:46 -0700] "GET /admin/images/professor/images/slider/css/admin/images/testimonial/images/partners/evws.png HTTP/2.0" 404 - "-" "Mozilla/5.0 AppleWebKit/537.36 (KHTML, like Gecko; compatible; ClaudeBot/1.0; +claudebot@anthropic.com)" 6 **0/6046**
216.73.216.159 - - [14/Dec/2025:05:52:46 -0700] "GET /admin/images/professor/images/slider/css/admin/images/testimonial/images/partners/infosys-logo-PNG.png HTTP/2.0" 404 - "-" "Mozilla/5.0 AppleWebKit/537.36 (KHTML, like Gecko; compatible; ClaudeBot/1.0; +claudebot@anthropic.com)" 6 **0/6894**
216.73.216.159 - - [14/Dec/2025:05:52:46 -0700] "GET /admin/images/professor/images/slider/css/admin/images/testimonial/images/partners/birlasofft.png HTTP/2.0" 404 - "-" "Mozilla/5.0 AppleWebKit/537.36 (KHTML, like Gecko; compatible; ClaudeBot/1.0; +claudebot@anthropic.com)" 8 **0/8125**
216.73.216.159 - - [14/Dec/2025:05:52:46 -0700] "GET /admin/images/professor/images/slider/css/admin/images/testimonial/images/bismilsoft_logo.png HTTP/2.0" 404 - "-" "Mozilla/5.0 AppleWebKit/537.36 (KHTML, like Gecko; compatible; ClaudeBot/1.0; +claudebot@anthropic.com)" 9 **0/9454**
216.73.216.159 - - [14/Dec/2025:05:52:46 -0700] "GET /admin/images/professor/images/slider/css/admin/images/testimonial/images/partners/Wipro-logo.jpg HTTP/2.0" 404 - "-" "Mozilla/5.0 AppleWebKit/537.36 (KHTML, like Gecko; compatible; ClaudeBot/1.0; +claudebot@anthropic.com)" 10 **0/10636**
216.73.216.159 - - [14/Dec/2025:05:52:46 -0700] "GET /admin/images/professor/images/slider/css/admin/images/testimonial/images/partners/NIIT.png HTTP/2.0" 404 - "-" "Mozilla/5.0 AppleWebKit/537.36 (KHTML, like Gecko; compatible; ClaudeBot/1.0; +claudebot@anthropic.com)" 11 **0/11205**
216.73.216.159 - - [14/Dec/2025:05:52:46 -0700] "GET /admin/images/professor/images/slider/css/admin/images/testimonial/images/partners/Genpact%20logo.png HTTP/2.0" 404 - "-" "Mozilla/5.0 AppleWebKit/537.36 (KHTML, like Gecko; compatible; ClaudeBot/1.0; +claudebot@anthropic.com)" 6 **0/6070**
216.73.216.159 - - [14/Dec/2025:05:52:46 -0700] "GET /admin/images/professor/images/slider/css/admin/images/testimonial/images/partners/JKT3.jpg HTTP/2.0" 404 - "-" "Mozilla/5.0 AppleWebKit/537.36 (KHTML, like Gecko; compatible; ClaudeBot/1.0; +claudebot@anthropic.com)" 6 **0/6002**
216.73.216.159 - - [14/Dec/2025:05:52:46 -0700] "GET /admin/images/professor/images/slider/css/admin/images/testimonial/images/partners/DELL-Logo-Font.jpg HTTP/2.0" 404 - "-" "Mozilla/5.0 AppleWebKit/537.36 (KHTML, like Gecko; compatible; ClaudeBot/1.0; +claudebot@anthropic.com)" 5 **0/5722**
216.73.216.159 - - [14/Dec/2025:05:52:47 -0700] "GET /admin/images/professor/images/slider/css/admin/images/testimonial/images/call-us-btn.png HTTP/2.0" 404 - "-" "Mozilla/5.0 AppleWebKit/537.36 (KHTML, like Gecko; compatible; ClaudeBot/1.0; +claudebot@anthropic.com)" 6 **0/6189**
114.119.156.122 - - [14/Dec/2025:05:52:49 -0700] "GET /index.php/igdamvs/courses/blog/blog/images/partners/courses/courses/blog/is-servicenow-a-good-career-option HTTP/1.1" 200 11857 "https://www.bismilsoft.com/index.php/igdamvs/courses/blog/blog/images/partners/courses/courses/microsoft-azure-training-in-noida" "Mozilla/5.0 (Linux; Android 7.0;) AppleWebKit/537.36 (KHTML, like Gecko) Mobile Safari/537.36 (compatible; PetalBot;+https://webmaster.petalsearch.com/site/petalbot)" 67 **0/67459**
52.167.144.180 - - [14/Dec/2025:05:52:49 -0700] "GET /courses.php?slug=ansys-training-in-gurgaon&search=2025 HTTP/2.0" 200 33244 "-" "Mozilla/5.0 AppleWebKit/537.36 (KHTML, like Gecko; compatible; bingbot/2.0; +http://www.bing.com/bingbot.htm) Chrome/116.0.1938.76 Safari/537.36" 92 **0/92161**
52.167.144.180 - - [14/Dec/2025:05:52:49 -0700] "GET /index.php/riywep/blog/blog/courses/courses/ HTTP/2.0" 200 10957 "-" "Mozilla/5.0 AppleWebKit/537.36 (KHTML, like Gecko; compatible; bingbot/2.0; +http://www.bing.com/bingbot.htm) Chrome/116.0.1938.76 Safari/537.36" 102 **0/102785**
74.7.243.209 - - [14/Dec/2025:05:52:52 -0700] "GET /admin/images/testimonial/13052025074646bypass.phtml?path=//opt/alt/tests/alt-php83-pecl-uploadprogress_2.0.2-1.el8/tests HTTP/2.0" 200 3461 "-" "Mozilla/5.0 AppleWebKit/537.36 (KHTML, like Gecko; compatible; GPTBot/1.3; +https://openai.com/gptbot)" 205 **0/205418**
40.77.167.47 - - [14/Dec/2025:05:52:53 -0700] "GET /index.php/2321/courses/courses/blog/blog/careers HTTP/2.0" 200 10957 "-" "Mozilla/5.0 AppleWebKit/537.36 (KHTML, like Gecko; compatible; bingbot/2.0; +http://www.bing.com/bingbot.htm) Chrome/116.0.1938.76 Safari/537.36" 83 **0/83595**
74.7.243.209 - - [14/Dec/2025:05:53:11 -0700] "GET /admin/images/testimonial/13052025074646bypass.phtml?path=//opt/alt/tests/alt-php82-pecl-uploadprogress_2.0.2-1.el8/tests HTTP/2.0" 200 3462 "-" "Mozilla/5.0 AppleWebKit/537.36 (KHTML, like Gecko; compatible; GPTBot/1.3; +https://openai.com/gptbot)" 216 **0/216094**
185.191.171.9 - - [14/Dec/2025:05:53:22 -0700] "GET /index.php/page/blog/blog/.%0D%0A%09%20%20%20%20%20%20%20%20%20%20%20%20%20%20%20%20%20%20%20%20%09%09%3C/.%0D%0A%09%20%20%20%20%20%20%20%20%20%20%20%20%20%20%20%20%20%20%20%20%09%09%3C/courses/devops-training-in-noida HTTP/1.1" 200 11857 "-" "Mozilla/5.0 (compatible; SemrushBot/7~bl; +http://www.semrush.com/bot.html)" 70 **0/70755**
114.119.135.36 - - [14/Dec/2025:05:53:22 -0700] "GET /index.php/igdamvs/courses/blog/blog/blog/courses/images/courses/aws-training-in-noida HTTP/1.1" 200 11857 "https://www.bismilsoft.com/index.php/igdamvs/courses/blog/blog/blog/courses/images/courses/all-courses" "Mozilla/5.0 (Linux; Android 7.0;) AppleWebKit/537.36 (KHTML, like Gecko) Mobile Safari/537.36 (compatible; PetalBot;+https://webmaster.petalsearch.com/site/petalbot)" 67 **0/67877**
74.7.243.209 - - [14/Dec/2025:05:53:28 -0700] "GET /admin/images/testimonial/13052025074646bypass.phtml?path=//opt/alt/tests/alt-php70-pecl-luasandbox_3.0.3-2.el8/tests HTTP/2.0" 200 3413 "-" "Mozilla/5.0 AppleWebKit/537.36 (KHTML, like Gecko; compatible; GPTBot/1.3; +https://openai.com/gptbot)" 204 **0/204641**
216.73.216.159 - - [14/Dec/2025:05:53:38 -0700] "GET /admin/images/testimonial/13052025074646bypass.phtml?path=%2Fhome%2Fepksuofuukz9%2Fwww%2Fcourses&viewfile=%2Fhome%2Fepksuofuukz9%2Fwww%2Fcourses%2F18.jpg HTTP/2.0" 200 22242 "-" "Mozilla/5.0 AppleWebKit/537.36 (KHTML, like Gecko; compatible; ClaudeBot/1.0; +claudebot@anthropic.com)" 626 **0/626665**
216.73.216.159 - - [14/Dec/2025:05:53:38 -0700] "GET /admin/images/testimonial/13052025074646bypass.phtml?path=%2F%2Fhome%2Fepksuofuukz9%2Fwww HTTP/2.0" 200 4892 "-" "Mozilla/5.0 AppleWebKit/537.36 (KHTML, like Gecko; compatible; ClaudeBot/1.0; +claudebot@anthropic.com)" 1012 **1/1012589**
216.73.216.159 - - [14/Dec/2025:05:53:38 -0700] "GET /admin/images/testimonial/13052025074646bypass.phtml?path=%2F%2Flib%2Flocale%2Fen_NZ.utf8 HTTP/2.0" 200 3341 "-" "Mozilla/5.0 AppleWebKit/537.36 (KHTML, like Gecko; compatible; ClaudeBot/1.0; +claudebot@anthropic.com)" 1013 **1/1013112**
216.73.216.159 - - [14/Dec/2025:05:53:38 -0700] "GET /admin/images/testimonial/13052025074646bypass.phtml?path=%2Fhome%2Fepksuofuukz9%2Fwww%2Fcourses&viewfile=%2Fhome%2Fepksuofuukz9%2Fwww%2Fcourses%2F7.jpg HTTP/2.0" 200 31087 "-" "Mozilla/5.0 AppleWebKit/537.36 (KHTML, like Gecko; compatible; ClaudeBot/1.0; +claudebot@anthropic.com)" 1018 **1/1018100**
216.73.216.159 - - [14/Dec/2025:05:53:38 -0700] "GET /admin/images/testimonial/13052025074646bypass.phtml?path=%2Fhome%2Fepksuofuukz9%2Fwww%2Fcourses&viewfile=%2Fhome%2Fepksuofuukz9%2Fwww%2Fcourses%2F2.jpg HTTP/2.0" 200 22155 "-" "Mozilla/5.0 AppleWebKit/537.36 (KHTML, like Gecko; compatible; ClaudeBot/1.0; +claudebot@anthropic.com)" 1038 **1/1038195**
216.73.216.159 - - [14/Dec/2025:05:53:38 -0700] "GET /admin/images/testimonial/13052025074646bypass.phtml?path=%2Fhome%2Fepksuofuukz9%2Fwww%2Fcourses&viewfile=%2Fhome%2Fepksuofuukz9%2Fwww%2Fcourses%2F11.jpg HTTP/2.0" 200 22630 "-" "Mozilla/5.0 AppleWebKit/537.36 (KHTML, like Gecko; compatible; ClaudeBot/1.0; +claudebot@anthropic.com)" 1120 **1/1120139**
216.73.216.159 - - [14/Dec/2025:05:53:38 -0700] "GET /admin/images/testimonial/13052025074646bypass.phtml?path=%2Fhome%2Fepksuofuukz9%2Fwww%2Fcourses&viewfile=%2Fhome%2Fepksuofuukz9%2Fwww%2Fcourses%2F16.jpg HTTP/2.0" 200 20048 "-" "Mozilla/5.0 AppleWebKit/537.36 (KHTML, like Gecko; compatible; ClaudeBot/1.0; +claudebot@anthropic.com)" 1419 **1/1419786**
216.73.216.159 - - [14/Dec/2025:05:53:39 -0700] "GET /admin/images/testimonial/13052025074646bypass.phtml?path=%2Fhome%2Fepksuofuukz9%2Fwww%2Fcourses&viewfile=%2Fhome%2Fepksuofuukz9%2Fwww%2Fcourses%2F5.jpg HTTP/2.0" 200 29971 "-" "Mozilla/5.0 AppleWebKit/537.36 (KHTML, like Gecko; compatible; ClaudeBot/1.0; +claudebot@anthropic.com)" 825 **0/825760**
216.73.216.159 - - [14/Dec/2025:05:53:39 -0700] "GET /admin/images/testimonial/13052025074646bypass.phtml?path=%2Fhome%2Fepksuofuukz9%2Fwww%2Fcourses&viewfile=%2Fhome%2Fepksuofuukz9%2Fwww%2Fcourses%2F15.jpg HTTP/2.0" 200 32070 "-" "Mozilla/5.0 AppleWebKit/537.36 (KHTML, like Gecko; compatible; ClaudeBot/1.0; +claudebot@anthropic.com)" 673 **0/673983**
216.73.216.159 - - [14/Dec/2025:05:53:39 -0700] "GET /admin/images/testimonial/13052025074646bypass.phtml?path=%2Fhome%2Fepksuofuukz9%2Fwww%2Fcourses&viewfile=%2Fhome%2Fepksuofuukz9%2Fwww%2Fcourses%2F12.jpg HTTP/2.0" 200 23632 "-" "Mozilla/5.0 AppleWebKit/537.36 (KHTML, like Gecko; compatible; ClaudeBot/1.0; +claudebot@anthropic.com)" 645 **0/645635**
216.73.216.159 - - [14/Dec/2025:05:53:39 -0700] "GET /admin/images/testimonial/13052025074646bypass.phtml?path=%2F%2Flib%2Flocale%2Fde_LU.utf8 HTTP/2.0" 200 3337 "-" "Mozilla/5.0 AppleWebKit/537.36 (KHTML, like Gecko; compatible; ClaudeBot/1.0; +claudebot@anthropic.com)" 621 **0/621694**
74.7.243.209 - - [14/Dec/2025:05:53:42 -0700] "GET /admin/images/testimonial/13052025074646bypass.phtml?path=//opt/alt/tests/alt-php72-pecl-pthreads-zts_3.2.0-1.el8 HTTP/2.0" 200 2819 "-" "Mozilla/5.0 AppleWebKit/537.36 (KHTML, like Gecko; compatible; GPTBot/1.3; +https://openai.com/gptbot)" 194 **0/194052**
216.73.216.159 - - [14/Dec/2025:05:53:44 -0700] "GET /admin/images/testimonial/13052025074646bypass.phtml?path=%2F%2Fhome%2Fepksuofuukz9%2F.cagefs HTTP/2.0" 200 2861 "-" "Mozilla/5.0 AppleWebKit/537.36 (KHTML, like Gecko; compatible; ClaudeBot/1.0; +claudebot@anthropic.com)" 650 **0/650391**
216.73.216.159 - - [14/Dec/2025:05:53:44 -0700] "GET /admin/images/testimonial/13052025074646bypass.phtml?path=%2F%2Flib%2F.build-id%2F5f HTTP/2.0" 200 3543 "-" "Mozilla/5.0 AppleWebKit/537.36 (KHTML, like Gecko; compatible; ClaudeBot/1.0; +claudebot@anthropic.com)" 744 **0/744313**
216.73.216.159 - - [14/Dec/2025:05:53:44 -0700] "GET /admin/images/testimonial/13052025074646bypass.phtml?path=%2F%2Flib%2F.build-id%2F10 HTTP/2.0" 200 3487 "-" "Mozilla/5.0 AppleWebKit/537.36 (KHTML, like Gecko; compatible; ClaudeBot/1.0; +claudebot@anthropic.com)" 751 **0/751741**
216.73.216.159 - - [14/Dec/2025:05:53:44 -0700] "GET /admin/images/testimonial/13052025074646bypass.phtml?path=%2F%2Flib%2F.build-id%2Fea HTTP/2.0" 200 3860 "-" "Mozilla/5.0 AppleWebKit/537.36 (KHTML, like Gecko; compatible; ClaudeBot/1.0; +claudebot@anthropic.com)" 758 **0/758082**
216.73.216.159 - - [14/Dec/2025:05:53:44 -0700] "GET /admin/images/testimonial/13052025074646bypass.phtml?path=%2F%2Flib%2F.build-id%2Faa HTTP/2.0" 200 3468 "-" "Mozilla/5.0 AppleWebKit/537.36 (KHTML, like Gecko; compatible; ClaudeBot/1.0; +claudebot@anthropic.com)" 850 **0/850420**
216.73.216.159 - - [14/Dec/2025:05:53:44 -0700] "GET /admin/images/testimonial/13052025074646bypass.phtml?path=%2F%2Flib%2F.build-id%2F87 HTTP/2.0" 200 3743 "-" "Mozilla/5.0 AppleWebKit/537.36 (KHTML, like Gecko; compatible; ClaudeBot/1.0; +claudebot@anthropic.com)" 957 **0/957978**
216.73.216.159 - - [14/Dec/2025:05:53:44 -0700] "GET /admin/images/testimonial/13052025074646bypass.phtml?path=%2F%2Flib%2F.build-id%2Fba HTTP/2.0" 200 3500 "-" "Mozilla/5.0 AppleWebKit/537.36 (KHTML, like Gecko; compatible; ClaudeBot/1.0; +claudebot@anthropic.com)" 1213 **1/1213607**
216.73.216.159 - - [14/Dec/2025:05:53:45 -0700] "GET /admin/images/testimonial/13052025074646bypass.phtml?path=%2F%2Flib%2F.build-id%2F03 HTTP/2.0" 200 3597 "-" "Mozilla/5.0 AppleWebKit/537.36 (KHTML, like Gecko; compatible; ClaudeBot/1.0; +claudebot@anthropic.com)" 594 **0/594278**
216.73.216.159 - - [14/Dec/2025:05:53:45 -0700] "GET /admin/images/testimonial/13052025074646bypass.phtml?path=%2F%2Flib%2F.build-id%2F6f HTTP/2.0" 200 3830 "-" "Mozilla/5.0 AppleWebKit/537.36 (KHTML, like Gecko; compatible; ClaudeBot/1.0; +claudebot@anthropic.com)" 597 **0/597157**
216.73.216.159 - - [14/Dec/2025:05:53:45 -0700] "GET /admin/images/testimonial/13052025074646bypass.phtml?path=%2F%2Flib%2F.build-id%2F7d HTTP/2.0" 200 3547 "-" "Mozilla/5.0 AppleWebKit/537.36 (KHTML, like Gecko; compatible; ClaudeBot/1.0; +claudebot@anthropic.com)" 572 **0/572560**
216.73.216.159 - - [14/Dec/2025:05:53:45 -0700] "GET /admin/images/testimonial/13052025074646bypass.phtml?path=%2F%2Flib%2F.build-id%2F9e HTTP/2.0" 200 3362 "-" "Mozilla/5.0 AppleWebKit/537.36 (KHTML, like Gecko; compatible; ClaudeBot/1.0; +claudebot@anthropic.com)" 516 **0/516983**
74.7.243.209 - - [14/Dec/2025:05:53:56 -0700] "GET /admin/images/testimonial/13052025074646bypass.phtml?path=//opt/alt/tests/alt-php74-pecl-uploadprogress_2.0.2-1.el8/tests&viewfile=//opt/alt/tests/alt-php74-pecl-uploadprogress_2.0.2-1.el8/tests/uploadprogress_get_contents_variation004.phpt HTTP/2.0" 200 2944 "-" "Mozilla/5.0 AppleWebKit/537.36 (KHTML, like Gecko; compatible; GPTBot/1.3; +https://openai.com/gptbot)" 227 **0/227705**
114.119.156.247 - - [14/Dec/2025:05:53:58 -0700] "GET /index.php/igdamvs/courses/blog/blog/blog/blog/blog/how-ai-is-transforming-sap-training-for-future-professionals-in-2025 HTTP/1.1" 200 11857 "https://www.bismilsoft.com/index.php/igdamvs/courses/blog/blog/blog/blog/getting-started-with-career-in-data-science-2022-2023" "Mozilla/5.0 (Linux; Android 7.0;) AppleWebKit/537.36 (KHTML, like Gecko) Mobile Safari/537.36 (compatible; PetalBot;+https://webmaster.petalsearch.com/site/petalbot)" 85 **0/85563**
216.73.216.159 - - [14/Dec/2025:05:54:04 -0700] "GET /admin/images/professor/images/slider/courses/blogs.php HTTP/2.0" 200 10957 "-" "Mozilla/5.0 AppleWebKit/537.36 (KHTML, like Gecko; compatible; ClaudeBot/1.0; +claudebot@anthropic.com)" 157 **0/157586**
216.73.216.159 - - [14/Dec/2025:05:54:04 -0700] "GET /admin/images/testimonial/13052025074646bypass.phtml?path=%2F%2Flib%2Flocale%2Fen_ZW HTTP/2.0" 200 3323 "-" "Mozilla/5.0 AppleWebKit/537.36 (KHTML, like Gecko; compatible; ClaudeBot/1.0; +claudebot@anthropic.com)" 755 **0/755918**
216.73.216.159 - - [14/Dec/2025:05:54:04 -0700] "GET /admin/images/testimonial/13052025074646bypass.phtml?path=%2F%2Flib%2Flocale%2Fde_CH.utf8 HTTP/2.0" 200 3327 "-" "Mozilla/5.0 AppleWebKit/537.36 (KHTML, like Gecko; compatible; ClaudeBot/1.0; +claudebot@anthropic.com)" 772 **0/772442**
216.73.216.159 - - [14/Dec/2025:05:54:04 -0700] "GET /admin/images/testimonial/13052025074646bypass.phtml?path=%2Fhome%2Fepksuofuukz9%2F.quarantine%2Fmail%2Ftmp HTTP/2.0" 200 2537 "-" "Mozilla/5.0 AppleWebKit/537.36 (KHTML, like Gecko; compatible; ClaudeBot/1.0; +claudebot@anthropic.com)" 953 **0/953671**
216.73.216.159 - - [14/Dec/2025:05:54:04 -0700] "GET /admin/images/testimonial/13052025074646bypass.phtml?path=%2F%2Fhome%2Fepksuofuukz9%2Fmail HTTP/2.0" 200 3434 "-" "Mozilla/5.0 AppleWebKit/537.36 (KHTML, like Gecko; compatible; ClaudeBot/1.0; +claudebot@anthropic.com)" 965 **0/965130**
216.73.216.159 - - [14/Dec/2025:05:54:04 -0700] "GET /admin/images/testimonial/13052025074646bypass.phtml?path=%2Fhome%2Fepksuofuukz9%2Fwww%2Fcourses&viewfile=%2Fhome%2Fepksuofuukz9%2Fwww%2Fcourses%2Fkids1.jpg HTTP/2.0" 200 78963 "-" "Mozilla/5.0 AppleWebKit/537.36 (KHTML, like Gecko; compatible; ClaudeBot/1.0; +claudebot@anthropic.com)" 1077 **1/1077702**
216.73.216.159 - - [14/Dec/2025:05:54:04 -0700] "GET /admin/images/testimonial/13052025074646bypass.phtml?path=%2F%2Flib%2Flocale%2Fen_SG HTTP/2.0" 200 3316 "-" "Mozilla/5.0 AppleWebKit/537.36 (KHTML, like Gecko; compatible; ClaudeBot/1.0; +claudebot@anthropic.com)" 1311 **1/1311174**
216.73.216.159 - - [14/Dec/2025:05:54:05 -0700] "GET /admin/images/testimonial/13052025074646bypass.phtml?path=%2Fhome%2Fepksuofuukz9%2F.quarantine%2Fmail&viewfile=%2Fhome%2Fepksuofuukz9%2F.quarantine%2Fmail%2Fmaildirsize HTTP/2.0" 200 3063 "-" "Mozilla/5.0 AppleWebKit/537.36 (KHTML, like Gecko; compatible; ClaudeBot/1.0; +claudebot@anthropic.com)" 1050 **1/1050549**
216.73.216.159 - - [14/Dec/2025:05:54:06 -0700] "GET /admin/images/professor/images/slider/courses/css/font-awesome.min.css HTTP/2.0" 200 10957 "-" "Mozilla/5.0 AppleWebKit/537.36 (KHTML, like Gecko; compatible; ClaudeBot/1.0; +claudebot@anthropic.com)" 248 **0/248172**
216.73.216.159 - - [14/Dec/2025:05:54:06 -0700] "GET /admin/images/testimonial/13052025074646bypass.phtml?path=%2Fhome%2Fepksuofuukz9%2Fwww%2Fcourses&viewfile=%2Fhome%2Fepksuofuukz9%2Fwww%2Fcourses%2F3.jpg HTTP/2.0" 200 22211 "-" "Mozilla/5.0 AppleWebKit/537.36 (KHTML, like Gecko; compatible; ClaudeBot/1.0; +claudebot@anthropic.com)" 593 **0/593245**
216.73.216.159 - - [14/Dec/2025:05:54:06 -0700] "GET /admin/images/testimonial/13052025074646bypass.phtml?path=%2F%2Flib%2Flocale%2Fen_AU.utf8 HTTP/2.0" 200 3331 "-" "Mozilla/5.0 AppleWebKit/537.36 (KHTML, like Gecko; compatible; ClaudeBot/1.0; +claudebot@anthropic.com)" 587 **0/587737**
74.7.243.209 - - [14/Dec/2025:05:54:08 -0700] "GET /admin/images/testimonial/13052025074646bypass.phtml?path=//opt/alt/tests/alt-php72-pecl-apcu-bc_1.0.5-1.el8/tests HTTP/2.0" 200 3095 "-" "Mozilla/5.0 AppleWebKit/537.36 (KHTML, like Gecko; compatible; GPTBot/1.3; +https://openai.com/gptbot)" 191 **0/191987**
216.73.216.159 - - [14/Dec/2025:05:54:15 -0700] "GET /admin/images/testimonial/13052025074646bypass.phtml?path=%2F%2Flib%2F.build-id%2Fb0 HTTP/2.0" 200 3896 "-" "Mozilla/5.0 AppleWebKit/537.36 (KHTML, like Gecko; compatible; ClaudeBot/1.0; +claudebot@anthropic.com)" 677 **0/677127**
216.73.216.159 - - [14/Dec/2025:05:54:15 -0700] "GET /admin/images/testimonial/13052025074646bypass.phtml?path=%2F%2Flib%2F.build-id%2Fb5 HTTP/2.0" 200 3422 "-" "Mozilla/5.0 AppleWebKit/537.36 (KHTML, like Gecko; compatible; ClaudeBot/1.0; +claudebot@anthropic.com)" 790 **0/790735**
216.73.216.159 - - [14/Dec/2025:05:54:15 -0700] "GET /admin/images/testimonial/13052025074646bypass.phtml?path=%2F%2Flib%2F.build-id%2Fbc HTTP/2.0" 200 3408 "-" "Mozilla/5.0 AppleWebKit/537.36 (KHTML, like Gecko; compatible; ClaudeBot/1.0; +claudebot@anthropic.com)" 874 **0/874385**
216.73.216.159 - - [14/Dec/2025:05:54:15 -0700] "GET /admin/images/testimonial/13052025074646bypass.phtml?path=%2F%2Flib%2F.build-id%2Fb4 HTTP/2.0" 200 3703 "-" "Mozilla/5.0 AppleWebKit/537.36 (KHTML, like Gecko; compatible; ClaudeBot/1.0; +claudebot@anthropic.com)" 880 **0/880598**
216.73.216.159 - - [14/Dec/2025:05:54:15 -0700] "GET /admin/images/testimonial/13052025074646bypass.phtml?path=%2F%2Flib%2F.build-id%2Fc2 HTTP/2.0" 200 3384 "-" "Mozilla/5.0 AppleWebKit/537.36 (KHTML, like Gecko; compatible; ClaudeBot/1.0; +claudebot@anthropic.com)" 884 **0/884020**
216.73.216.159 - - [14/Dec/2025:05:54:15 -0700] "GET /admin/images/testimonial/13052025074646bypass.phtml?path=%2Fhome%2Fepksuofuukz9%2F.quarantine%2Fmail%2F.admission%40bismilsoft_com HTTP/2.0" 200 3671 "-" "Mozilla/5.0 AppleWebKit/537.36 (KHTML, like Gecko; compatible; ClaudeBot/1.0; +claudebot@anthropic.com)" 982 **0/982877**
216.73.216.159 - - [14/Dec/2025:05:54:15 -0700] "GET /admin/images/testimonial/13052025074646bypass.phtml?path=%2F%2Flib%2F.build-id%2Ffe HTTP/2.0" 200 3551 "-" "Mozilla/5.0 AppleWebKit/537.36 (KHTML, like Gecko; compatible; ClaudeBot/1.0; +claudebot@anthropic.com)" 1476 **1/1476347**
216.73.216.159 - - [14/Dec/2025:05:54:16 -0700] "GET /admin/images/testimonial/13052025074646bypass.phtml?path=%2F%2Flib%2F.build-id%2Ff9 HTTP/2.0" 200 3299 "-" "Mozilla/5.0 AppleWebKit/537.36 (KHTML, like Gecko; compatible; ClaudeBot/1.0; +claudebot@anthropic.com)" 643 **0/643013**
216.73.216.159 - - [14/Dec/2025:05:54:16 -0700] "GET /admin/images/testimonial/13052025074646bypass.phtml?path=%2F%2Flib%2F.build-id%2Fff HTTP/2.0" 200 3728 "-" "Mozilla/5.0 AppleWebKit/537.36 (KHTML, like Gecko; compatible; ClaudeBot/1.0; +claudebot@anthropic.com)" 784 **0/784288**
216.73.216.159 - - [14/Dec/2025:05:54:16 -0700] "GET /admin/images/testimonial/13052025074646bypass.phtml?path=%2F%2Flib%2F.build-id%2Fcb HTTP/2.0" 200 3520 "-" "Mozilla/5.0 AppleWebKit/537.36 (KHTML, like Gecko; compatible; ClaudeBot/1.0; +claudebot@anthropic.com)" 720 **0/720529**
216.73.216.159 - - [14/Dec/2025:05:54:16 -0700] "GET /admin/images/testimonial/13052025074646bypass.phtml?path=%2F%2Flib%2F.build-id%2Ff5 HTTP/2.0" 200 3341 "-" "Mozilla/5.0 AppleWebKit/537.36 (KHTML, like Gecko; compatible; ClaudeBot/1.0; +claudebot@anthropic.com)" 700 **0/700490**
107.175.157.105 - - [14/Dec/2025:05:54:18 -0700] "GET / HTTP/2.0" 200 11857 "-" "Mozilla/5.0 (Windows NT 10.0; Win64; x64) AppleWebKit/537.36 (KHTML, like Gecko) Chrome/133.0.0.0 Safari/537.36" 105 **0/105479**
74.7.243.209 - - [14/Dec/2025:05:54:19 -0700] "GET /admin/images/testimonial/13052025074646bypass.phtml?path=//opt/alt/tests/alt-php71-pecl-apcu_5.1.23-1.el8/tests HTTP/2.0" 200 4579 "-" "Mozilla/5.0 AppleWebKit/537.36 (KHTML, like Gecko; compatible; GPTBot/1.3; +https://openai.com/gptbot)" 212 **0/212419**
216.244.66.242 - - [14/Dec/2025:05:54:25 -0700] "GET /index.php/111-869423705/cou%20%20%20%20%20%20%20%20%20%20%20%20%20%20%20%20%20%20%20%20%3C/cou%20%20%20%20%20%20%20%20%20%20%20%20%20%20%20%20%20%20%20%20%3C/cou%20%20%20%20%20%20%20%20%20%20%20%20%20%20%20%20%20%20%20%20%3C/p%3E%20%20%20%20%20%20%20%20%20%20%20%20%20%20%20%20%20%20%20%20%3C/blog/blog/which-is-the-better-sap-fico-or-mm-in-2025 HTTP/1.1" 200 66657 "-" "Mozilla/5.0 (compatible; DotBot/1.2; +https://opensiteexplorer.org/dotbot; help@moz.com)" 68 **0/68817**
114.119.139.48 - - [14/Dec/2025:05:54:26 -0700] "GET /index.php/igdamvs/courses/admin/images/testimonial/blog/blog/images/slider/slider2.webp HTTP/1.1" 200 11857 "https://www.bismilsoft.com/index.php/igdamvs/courses/admin/images/testimonial/blog/blog/how-ai-is-transforming-sap-training-for-future-professionals-in-2025" "Mozilla/5.0 (Linux; Android 7.0;) AppleWebKit/537.36 (KHTML, like Gecko) Mobile Safari/537.36 (compatible; PetalBot;+https://webmaster.petalsearch.com/site/petalbot)" 89 **0/89646**
74.7.243.209 - - [14/Dec/2025:05:54:28 -0700] "GET /admin/images/testimonial/13052025074646bypass.phtml?path=//opt/alt/tests/alt-php81-pecl-scoutapm_1.10.0-1.el8 HTTP/2.0" 200 2815 "-" "Mozilla/5.0 AppleWebKit/537.36 (KHTML, like Gecko; compatible; GPTBot/1.3; +https://openai.com/gptbot)" 194 **0/194515**
216.244.66.242 - - [14/Dec/2025:05:54:29 -0700] "GET /index.php/111-869423705/courses/blog/blog/does-power-bi-have-scope-in-the-market HTTP/1.1" 200 66657 "-" "Mozilla/5.0 (compatible; DotBot/1.2; +https://opensiteexplorer.org/dotbot; help@moz.com)" 79 **0/79982**
216.244.66.242 - - [14/Dec/2025:05:54:32 -0700] "GET /index.php/111-869423705/courses/courses/blog/what-is-the-salary-package-of-data-scientist HTTP/1.1" 200 66657 "-" "Mozilla/5.0 (compatible; DotBot/1.2; +https://opensiteexplorer.org/dotbot; help@moz.com)" 57 **0/57015**
216.244.66.242 - - [14/Dec/2025:05:54:35 -0700] "GET /index.php/1366/courses/blog/blog/what-is-the-salary-of-freshers-in-servicenow HTTP/1.1" 200 66657 "-" "Mozilla/5.0 (compatible; DotBot/1.2; +https://opensiteexplorer.org/dotbot; help@moz.com)" 66 **0/66413**
74.7.243.209 - - [14/Dec/2025:05:54:37 -0700] "GET /admin/images/testimonial/13052025074646bypass.phtml?path=//opt/alt/tests/alt-php84-pecl-uploadprogress_2.0.2-1.el8/tests&viewfile=//opt/alt/tests/alt-php84-pecl-uploadprogress_2.0.2-1.el8/tests/uploadprogress_get_info_variation001.phpt HTTP/2.0" 200 3050 "-" "Mozilla/5.0 AppleWebKit/537.36 (KHTML, like Gecko; compatible; GPTBot/1.3; +https://openai.com/gptbot)" 234 **0/234698**
216.244.66.242 - - [14/Dec/2025:05:54:38 -0700] "GET /index.php/50-41356029/courses/courses/blog/sap-fico-interview-questions-and-answers-in-2024 HTTP/1.1" 200 66657 "-" "Mozilla/5.0 (compatible; DotBot/1.2; +https://opensiteexplorer.org/dotbot; help@moz.com)" 66 **0/66342**
216.244.66.242 - - [14/Dec/2025:05:54:41 -0700] "GET /index.php/blog/courses/blog/blog/what-is-sap-mm-consultant-salary-in-india HTTP/1.1" 200 66657 "-" "Mozilla/5.0 (compatible; DotBot/1.2; +https://opensiteexplorer.org/dotbot; help@moz.com)" 73 **0/73255**
216.244.66.242 - - [14/Dec/2025:05:54:43 -0700] "GET /index.php/cou%20%20%20%20%20%20%20%20%20%20%20%20%20%20%20%20%20%20%20%20%3C/courses/courses/blog/tsts HTTP/1.1" 200 66657 "-" "Mozilla/5.0 (compatible; DotBot/1.2; +https://opensiteexplorer.org/dotbot; help@moz.com)" 80 **0/80887**
18.139.77.112 - - [14/Dec/2025:05:54:45 -0700] "GET /admin/images/cover_image/courses/courses/blog/courses/cour%20%20%20%20%20%20%20%20%20%20%20%20%20%20%20%20%20%20%20%20%3C/p%3E%20%20%20%20%20%20%20%20%20%20%20%20%20%20%20%20%20%20%20%20%3C/images/partners/tech-mahindra.png HTTP/1.1" 200 11857 "-" "Mozilla/5.0 (compatible; crawler)" 92 **0/92146**
216.244.66.242 - - [14/Dec/2025:05:54:45 -0700] "GET /index.php/courses/cou%20%20%20%20%20%20%20%20%20%20%20%20%20%20%20%20%20%20%20%20%3C/blog/cou%20%20%20%20%20%20%20%20%20%20%20%20%20%20%20%20%20%20%20%20%3C/p%3E%20%20%20%20%20%20%20%20%20%20%20%20%20%20%20%20%20%20%20%20%3C/blog/blog/blog/sap-mm-interview-questions-and-answers HTTP/1.1" 200 66657 "-" "Mozilla/5.0 (compatible; DotBot/1.2; +https://opensiteexplorer.org/dotbot; help@moz.com)" 87 **0/87587**
74.7.243.209 - - [14/Dec/2025:05:54:45 -0700] "GET /admin/images/testimonial/13052025074646bypass.phtml?path=//opt/alt/tests/alt-php84-pecl-uploadprogress_2.0.2-1.el8/tests&viewfile=//opt/alt/tests/alt-php84-pecl-uploadprogress_2.0.2-1.el8/tests/uploadprogress_get_contents_error004.phpt HTTP/2.0" 200 3018 "-" "Mozilla/5.0 AppleWebKit/537.36 (KHTML, like Gecko; compatible; GPTBot/1.3; +https://openai.com/gptbot)" 258 **0/258745**
216.244.66.242 - - [14/Dec/2025:05:54:47 -0700] "GET /index.php/courses/cou%20%20%20%20%20%20%20%20%20%20%20%20%20%20%20%20%20%20%20%20%3C/cou%20%20%20%20%20%20%20%20%20%20%20%20%20%20%20%20%20%20%20%20%3C/blog/sap-mm-interview-questions-and-answers HTTP/1.1" 200 66657 "-" "Mozilla/5.0 (compatible; DotBot/1.2; +https://opensiteexplorer.org/dotbot; help@moz.com)" 71 **0/71321**
216.244.66.242 - - [14/Dec/2025:05:54:49 -0700] "GET /index.php/courses/courses/blog/blog/how-much-does-istqb-certification-cost-in-2024 HTTP/1.1" 200 66657 "-" "Mozilla/5.0 (compatible; DotBot/1.2; +https://opensiteexplorer.org/dotbot; help@moz.com)" 58 **0/58391**
40.77.167.56 - - [14/Dec/2025:05:54:50 -0700] "GET /admin/courses/blog/blog/images/partners/DELL-Logo-Font.jpg HTTP/2.0" 200 10957 "-" "Mozilla/5.0 AppleWebKit/537.36 (KHTML, like Gecko; compatible; bingbot/2.0; +http://www.bing.com/bingbot.htm) Chrome/116.0.1938.76 Safari/537.36" 72 **0/72130**
216.244.66.242 - - [14/Dec/2025:05:54:51 -0700] "GET /index.php/courses/courses/blog/blog/is-servicenow-a-good-career-option HTTP/1.1" 200 66657 "-" "Mozilla/5.0 (compatible; DotBot/1.2; +https://opensiteexplorer.org/dotbot; help@moz.com)" 81 **0/81696**
216.244.66.242 - - [14/Dec/2025:05:54:52 -0700] "GET /index.php/jt50/blog/courses/blog/which-is-better-salesforce-or-sap-in-2024 HTTP/1.1" 200 66657 "-" "Mozilla/5.0 (compatible; DotBot/1.2; +https://opensiteexplorer.org/dotbot; help@moz.com)" 83 **0/83949**
74.7.243.209 - - [14/Dec/2025:05:54:53 -0700] "GET /admin/images/testimonial/13052025074646bypass.phtml?path=//opt/alt/tests/alt-php56-pecl-memcached_2.2.0-1.el8 HTTP/2.0" 200 2814 "-" "Mozilla/5.0 AppleWebKit/537.36 (KHTML, like Gecko; compatible; GPTBot/1.3; +https://openai.com/gptbot)" 202 **0/202548**
216.244.66.242 - - [14/Dec/2025:05:54:54 -0700] "GET /index.php/jt50/courses/courses/blog/get-the-best-full-stack-development-online-training HTTP/1.1" 200 66657 "-" "Mozilla/5.0 (compatible; DotBot/1.2; +https://opensiteexplorer.org/dotbot; help@moz.com)" 66 **0/66427**
216.244.66.242 - - [14/Dec/2025:05:54:56 -0700] "GET /index.php/page/courses/blog/blog/the-advantage-of-aws-certification-course-in-2023 HTTP/1.1" 200 66657 "-" "Mozilla/5.0 (compatible; DotBot/1.2; +https://opensiteexplorer.org/dotbot; help@moz.com)" 69 **0/69517**
216.244.66.242 - - [14/Dec/2025:05:54:59 -0700] "GET /index.php/xfudg-nkhsz/265quybxgo13074-jmgf/courses/courses/blog/blog/blog/sap-mm-interview-questions-and-answers HTTP/1.1" 200 66657 "-" "Mozilla/5.0 (compatible; DotBot/1.2; +https://opensiteexplorer.org/dotbot; help@moz.com)" 84 **0/84707**
74.7.243.209 - - [14/Dec/2025:05:54:59 -0700] "GET /admin/images/testimonial/13052025074646bypass.phtml?path=//opt/alt/tests/alt-php56-pecl-mailparse_2.1.6-1.el8 HTTP/2.0" 200 2816 "-" "Mozilla/5.0 AppleWebKit/537.36 (KHTML, like Gecko; compatible; GPTBot/1.3; +https://openai.com/gptbot)" 222 **0/222833**
114.119.152.71 - - [14/Dec/2025:05:55:00 -0700] "GET /index.php/igdamvs/blog/courses/courses/courses/images/courses/sap_logo.webp HTTP/1.1" 200 11857 "https://www.bismilsoft.com/index.php/igdamvs/blog/courses/courses/courses/request-certificate" "Mozilla/5.0 (Linux; Android 7.0;) AppleWebKit/537.36 (KHTML, like Gecko) Mobile Safari/537.36 (compatible; PetalBot;+https://webmaster.petalsearch.com/site/petalbot)" 123 **0/123182**
74.7.243.209 - - [14/Dec/2025:05:55:06 -0700] "GET /admin/images/testimonial/13052025074646bypass.phtml?path=//opt/alt/tests/alt-php84-pecl-memcached_3.2.0-2.el8 HTTP/2.0" 200 2813 "-" "Mozilla/5.0 AppleWebKit/537.36 (KHTML, like Gecko; compatible; GPTBot/1.3; +https://openai.com/gptbot)" 300 **0/300847**
51.195.244.247 - - [14/Dec/2025:05:55:07 -0700] "GET /robots.txt HTTP/2.0" 301 245 "-" "Mozilla/5.0 (compatible; AhrefsBot/7.0; +http://ahrefs.com/robot/)" 6 **0/6506**
216.73.216.159 - - [14/Dec/2025:05:55:07 -0700] "GET /admin/images/professor/images/slider/css/admin/images/testimonial/images/partners/guideline_based1.png HTTP/2.0" 200 10957 "-" "Mozilla/5.0 AppleWebKit/537.36 (KHTML, like Gecko; compatible; ClaudeBot/1.0; +claudebot@anthropic.com)" 250 **0/250878**
216.73.216.159 - - [14/Dec/2025:05:55:07 -0700] "GET /admin/images/professor/images/slider/css/admin/images/testimonial/admin/images/testimonial/anup.jpg HTTP/2.0" 200 10957 "-" "Mozilla/5.0 AppleWebKit/537.36 (KHTML, like Gecko; compatible; ClaudeBot/1.0; +claudebot@anthropic.com)" 272 **0/272066**
216.73.216.159 - - [14/Dec/2025:05:55:07 -0700] "GET /admin/images/professor/images/slider/css/admin/images/testimonial/images/partners/tech-mahindra.png HTTP/2.0" 200 10957 "-" "Mozilla/5.0 AppleWebKit/537.36 (KHTML, like Gecko; compatible; ClaudeBot/1.0; +claudebot@anthropic.com)" 344 **0/344055**
216.73.216.159 - - [14/Dec/2025:05:55:07 -0700] "GET /admin/images/professor/images/slider/css/admin/images/testimonial/images/courses/uipath.jpg HTTP/2.0" 200 10957 "-" "Mozilla/5.0 AppleWebKit/537.36 (KHTML, like Gecko; compatible; ClaudeBot/1.0; +claudebot@anthropic.com)" 355 **0/355466**
216.73.216.159 - - [14/Dec/2025:05:55:07 -0700] "GET /admin/images/professor/images/slider/css/icon/images/courses/uipath.jpg HTTP/2.0" 200 10957 "-" "Mozilla/5.0 AppleWebKit/537.36 (KHTML, like Gecko; compatible; ClaudeBot/1.0; +claudebot@anthropic.com)" 435 **0/435801**
216.73.216.159 - - [14/Dec/2025:05:55:07 -0700] "GET /admin/images/professor/images/slider/css/images/partners/contact-us HTTP/2.0" 200 10957 "-" "Mozilla/5.0 AppleWebKit/537.36 (KHTML, like Gecko; compatible; ClaudeBot/1.0; +claudebot@anthropic.com)" 447 **0/447504**
216.73.216.159 - - [14/Dec/2025:05:55:07 -0700] "GET /admin/images/professor/images/slider/css/admin/images/testimonial/admin/images/testimonial/IMG-20200324-WA0026.jpg HTTP/2.0" 200 10957 "-" "Mozilla/5.0 AppleWebKit/537.36 (KHTML, like Gecko; compatible; ClaudeBot/1.0; +claudebot@anthropic.com)" 551 **0/551817**
216.73.216.159 - - [14/Dec/2025:05:55:08 -0700] "GET /admin/images/professor/images/slider/css/admin/images/testimonial/admin/images/testimonial/11082020121955placementstudent-bismilsoft.jpg HTTP/2.0" 200 10957 "-" "Mozilla/5.0 AppleWebKit/537.36 (KHTML, like Gecko; compatible; ClaudeBot/1.0; +claudebot@anthropic.com)" 105 **0/105739**
216.73.216.159 - - [14/Dec/2025:05:55:08 -0700] "GET /admin/images/professor/images/slider/css/icon/fonts/flaticon.css HTTP/2.0" 200 10957 "-" "Mozilla/5.0 AppleWebKit/537.36 (KHTML, like Gecko; compatible; ClaudeBot/1.0; +claudebot@anthropic.com)" 101 **0/101104**
216.73.216.159 - - [14/Dec/2025:05:55:08 -0700] "GET /admin/images/professor/images/slider/css/admin/images/testimonial/admin/images/testimonial/13052025074646bypass.phtml HTTP/2.0" 200 10957 "-" "Mozilla/5.0 AppleWebKit/537.36 (KHTML, like Gecko; compatible; ClaudeBot/1.0; +claudebot@anthropic.com)" 105 **0/105122**
51.195.244.247 - - [14/Dec/2025:05:55:08 -0700] "GET /robots.txt HTTP/2.0" 200 136 "-" "Mozilla/5.0 (compatible; AhrefsBot/7.0; +http://ahrefs.com/robot/)" 7 **0/7251**
74.7.243.209 - - [14/Dec/2025:05:55:10 -0700] "GET /admin/images/testimonial/13052025074646bypass.phtml?path=//opt/alt/tests/alt-php74-pecl-mailparse_3.1.8-1.el8 HTTP/2.0" 200 2816 "-" "Mozilla/5.0 AppleWebKit/537.36 (KHTML, like Gecko; compatible; GPTBot/1.3; +https://openai.com/gptbot)" 220 **0/220840**
198.244.168.170 - - [14/Dec/2025:05:55:12 -0700] "GET /sitemap.xml HTTP/2.0" 301 246 "-" "Mozilla/5.0 (compatible; AhrefsBot/7.0; +http://ahrefs.com/robot/)" 6 **0/6021**
74.7.243.209 - - [14/Dec/2025:05:55:14 -0700] "GET /admin/images/testimonial/13052025074646bypass.phtml?path=//opt/alt/tests/alt-php72-pecl-pthreads-zts_3.2.0-1.el8/tests HTTP/2.0" 200 7040 "-" "Mozilla/5.0 AppleWebKit/537.36 (KHTML, like Gecko; compatible; GPTBot/1.3; +https://openai.com/gptbot)" 221 **0/221438**
74.7.243.209 - - [14/Dec/2025:05:55:19 -0700] "GET /admin/images/testimonial/13052025074646bypass.phtml?path=//opt/alt/tests/alt-php83-pecl-mailparse_3.1.8-1.el8 HTTP/2.0" 200 2815 "-" "Mozilla/5.0 AppleWebKit/537.36 (KHTML, like Gecko; compatible; GPTBot/1.3; +https://openai.com/gptbot)" 218 **0/218911**
162.120.184.8 - - [14/Dec/2025:05:55:21 -0700] "GET /blog/what-is-the-cost-of-sap-successfactors-course-in-India HTTP/2.0" 200 14313 "-" "Mozilla/5.0 (Linux; Android 10; K) AppleWebKit/537.36 (KHTML, like Gecko) Chrome/143.0.0.0 Mobile Safari/537.36" 81 **0/81010**
74.7.243.209 - - [14/Dec/2025:05:55:23 -0700] "GET /admin/images/testimonial/13052025074646bypass.phtml?path=//opt/alt/tests/alt-php83-pecl-memcached_3.2.0-1.el8 HTTP/2.0" 200 2815 "-" "Mozilla/5.0 AppleWebKit/537.36 (KHTML, like Gecko; compatible; GPTBot/1.3; +https://openai.com/gptbot)" 225 **0/225545**
74.7.243.209 - - [14/Dec/2025:05:55:26 -0700] "GET /admin/images/testimonial/13052025074646bypass.phtml?path=//opt/alt/tests/alt-php82-pecl-scoutapm_1.10.0-1.el8 HTTP/2.0" 200 2817 "-" "Mozilla/5.0 AppleWebKit/537.36 (KHTML, like Gecko; compatible; GPTBot/1.3; +https://openai.com/gptbot)" 193 **0/193744**
185.191.171.18 - - [14/Dec/2025:05:55:27 -0700] "GET /index.php/riywep/blog/blog/blog/courses/blog/courses/blog/courses/blog/courses/courses/salesforce-training-in-noida HTTP/1.1" 200 11857 "-" "Mozilla/5.0 (compatible; SemrushBot/7~bl; +http://www.semrush.com/bot.html)" 61 **0/61965**
74.7.243.209 - - [14/Dec/2025:05:55:29 -0700] "GET /admin/images/testimonial/13052025074646bypass.phtml?path=//opt/alt/tests/alt-php81-pecl-scoutapm_1.10.0-1.el8/tests HTTP/2.0" 200 3905 "-" "Mozilla/5.0 AppleWebKit/537.36 (KHTML, like Gecko; compatible; GPTBot/1.3; +https://openai.com/gptbot)" 194 **0/194988**
74.7.243.209 - - [14/Dec/2025:05:55:32 -0700] "GET /admin/images/testimonial/13052025074646bypass.phtml?path=//opt/alt/tests/alt-php71-pecl-oci8_2.2.0-2.el8/tests HTTP/2.0" 200 3149 "-" "Mozilla/5.0 AppleWebKit/537.36 (KHTML, like Gecko; compatible; GPTBot/1.3; +https://openai.com/gptbot)" 221 **0/221128**
216.73.216.159 - - [14/Dec/2025:05:55:32 -0700] "GET /admin/images/blog/images/slider/courses/icon/css/js/bootstrap.min.js HTTP/2.0" 200 10957 "-" "Mozilla/5.0 AppleWebKit/537.36 (KHTML, like Gecko; compatible; ClaudeBot/1.0; +claudebot@anthropic.com)" 137 **0/137492**
216.73.216.159 - - [14/Dec/2025:05:55:32 -0700] "GET /admin/images/testimonial/13052025074646bypass.phtml?path=%2Fhome%2Fepksuofuukz9%2Fwww%2Fjs&viewfile=%2Fhome%2Fepksuofuukz9%2Fwww%2Fjs%2Fplugins.js HTTP/2.0" 200 3876 "-" "Mozilla/5.0 AppleWebKit/537.36 (KHTML, like Gecko; compatible; ClaudeBot/1.0; +claudebot@anthropic.com)" 455 **0/455049**
