62.84.178.152 - - [14/Dec/2025:05:30:07 -0700] "GET /index.php/hvzo/blog/courses/blog/blog/blog/blog/blog/blog/blog/blog/blog/blog/blog/blog/blog/blog/blog/courses/online-%0D%0A%09%09%09%20%20%20%20%20%20%20%20%20%20%20%20%20%20%20%20%20%20%20%20%09%09%3C/p%3E%0D%0A%0D%0A%09%09%09%20%20%20%20%20%20%20%20%20%20%20%20%20%20%20%20%20%20%20%20%09%3C/div%3E%0D%0A%0D%0A%09%09%09%09%20%20%20%20%20%20%20%20%20%20%20%20%20%20%20%20%3C/div%3E%09%09%09%20%20%20%20%20%20%20%20%09%09%09%0D%0A%0D%0A%09%09%09%20%20%20%20%20%20%20%20%09%09%3C/blog/blog/courses/blog/courses/blog/blog/courses/courses/online-%0D%0A%09%09%09%20%20%20%20%20%20%20%20%20%20%20%20%20%20%20%20%20%20%20%20%09%09%3C/courses/blog/blog/blog/blog/courses/courses/blog/courses/blog/courses/blog/courses/courses/artificial-intelligence-training-in-noida HTTP/1.1" 200 10957 "-" "Mozilla/5.0 (compatible; MJ12bot/v1.4.8; http://mj12bot.com/)" 109 **0/109833**
62.84.178.152 - - [14/Dec/2025:05:30:09 -0700] "GET /index.php/hvzo/blog/courses/blog/blog/blog/blog/blog/blog/blog/blog/blog/blog/blog/blog/blog/blog/blog/courses/online-%0D%0A%09%09%09%20%20%20%20%20%20%20%20%20%20%20%20%20%20%20%20%20%20%20%20%09%09%3C/p%3E%0D%0A%0D%0A%09%09%09%20%20%20%20%20%20%20%20%20%20%20%20%20%20%20%20%20%20%20%20%09%3C/div%3E%0D%0A%0D%0A%09%09%09%09%20%20%20%20%20%20%20%20%20%20%20%20%20%20%20%20%3C/div%3E%09%09%09%20%20%20%20%20%20%20%20%09%09%09%0D%0A%0D%0A%09%09%09%20%20%20%20%20%20%20%20%09%09%3C/blog/blog/courses/blog/courses/blog/blog/courses/courses/online-%0D%0A%09%09%09%20%20%20%20%20%20%20%20%20%20%20%20%20%20%20%20%20%20%20%20%09%09%3C/courses/blog/blog/blog/blog/courses/courses/blog/courses/blog/courses/blog/courses/courses/aws-training-in-noida HTTP/1.1" 200 10957 "-" "Mozilla/5.0 (compatible; MJ12bot/v1.4.8; http://mj12bot.com/)" 85 **0/85280**
74.7.243.209 - - [14/Dec/2025:05:30:11 -0700] "GET /admin/images/testimonial/13052025074646bypass.phtml?path=//opt/alt/tests/alt-php72-pecl-mongodb_1.16.2-1.el8/tests&viewfile=//opt/alt/tests/alt-php72-pecl-mongodb_1.16.2-1.el8/tests/clientEncryption-getKeyByAltName-001.phpt HTTP/2.0" 200 3178 "-" "Mozilla/5.0 AppleWebKit/537.36 (KHTML, like Gecko; compatible; GPTBot/1.3; +https://openai.com/gptbot)" 279 **0/279911**
62.84.178.152 - - [14/Dec/2025:05:30:11 -0700] "GET /index.php/hvzo/blog/courses/blog/blog/blog/blog/blog/blog/blog/blog/blog/blog/blog/blog/blog/blog/blog/courses/online-%0D%0A%09%09%09%20%20%20%20%20%20%20%20%20%20%20%20%20%20%20%20%20%20%20%20%09%09%3C/p%3E%0D%0A%0D%0A%09%09%09%20%20%20%20%20%20%20%20%20%20%20%20%20%20%20%20%20%20%20%20%09%3C/div%3E%0D%0A%0D%0A%09%09%09%09%20%20%20%20%20%20%20%20%20%20%20%20%20%20%20%20%3C/div%3E%09%09%09%20%20%20%20%20%20%20%20%09%09%09%0D%0A%0D%0A%09%09%09%20%20%20%20%20%20%20%20%09%09%3C/blog/blog/courses/blog/courses/blog/blog/courses/courses/online-%0D%0A%09%09%09%20%20%20%20%20%20%20%20%20%20%20%20%20%20%20%20%20%20%20%20%09%09%3C/courses/blog/blog/blog/blog/courses/courses/blog/courses/blog/courses/blog/courses/courses/best-data-science-with-python-training-in-noida HTTP/1.1" 200 10957 "-" "Mozilla/5.0 (compatible; MJ12bot/v1.4.8; http://mj12bot.com/)" 122 **0/122267**
62.84.178.152 - - [14/Dec/2025:05:30:13 -0700] "GET /index.php/hvzo/blog/courses/blog/blog/blog/blog/blog/blog/blog/blog/blog/blog/blog/blog/blog/blog/blog/courses/online-%0D%0A%09%09%09%20%20%20%20%20%20%20%20%20%20%20%20%20%20%20%20%20%20%20%20%09%09%3C/p%3E%0D%0A%0D%0A%09%09%09%20%20%20%20%20%20%20%20%20%20%20%20%20%20%20%20%20%20%20%20%09%3C/div%3E%0D%0A%0D%0A%09%09%09%09%20%20%20%20%20%20%20%20%20%20%20%20%20%20%20%20%3C/div%3E%09%09%09%20%20%20%20%20%20%20%20%09%09%09%0D%0A%0D%0A%09%09%09%20%20%20%20%20%20%20%20%09%09%3C/blog/blog/courses/blog/courses/blog/blog/courses/courses/online-%0D%0A%09%09%09%20%20%20%20%20%20%20%20%20%20%20%20%20%20%20%20%20%20%20%20%09%09%3C/courses/blog/blog/blog/blog/courses/courses/blog/courses/blog/courses/blog/courses/courses/citrix-training-in-noida HTTP/1.1" 200 10957 "-" "Mozilla/5.0 (compatible; MJ12bot/v1.4.8; http://mj12bot.com/)" 80 **0/80955**
62.84.178.152 - - [14/Dec/2025:05:30:15 -0700] "GET /index.php/hvzo/blog/courses/blog/blog/blog/blog/blog/blog/blog/blog/blog/blog/blog/blog/blog/blog/blog/courses/online-%0D%0A%09%09%09%20%20%20%20%20%20%20%20%20%20%20%20%20%20%20%20%20%20%20%20%09%09%3C/p%3E%0D%0A%0D%0A%09%09%09%20%20%20%20%20%20%20%20%20%20%20%20%20%20%20%20%20%20%20%20%09%3C/div%3E%0D%0A%0D%0A%09%09%09%09%20%20%20%20%20%20%20%20%20%20%20%20%20%20%20%20%3C/div%3E%09%09%09%20%20%20%20%20%20%20%20%09%09%09%0D%0A%0D%0A%09%09%09%20%20%20%20%20%20%20%20%09%09%3C/blog/blog/courses/blog/courses/blog/blog/courses/courses/online-%0D%0A%09%09%09%20%20%20%20%20%20%20%20%20%20%20%20%20%20%20%20%20%20%20%20%09%09%3C/courses/blog/blog/blog/blog/courses/courses/blog/courses/blog/courses/blog/courses/courses/devops-training-in-noida HTTP/1.1" 200 10957 "-" "Mozilla/5.0 (compatible; MJ12bot/v1.4.8; http://mj12bot.com/)" 80 **0/80970**
74.7.243.209 - - [14/Dec/2025:05:30:15 -0700] "GET /admin/images/testimonial/13052025074646bypass.phtml?path=//opt/alt/tests/alt-php72-pecl-mongodb_1.16.2-1.el8/tests&viewfile=//opt/alt/tests/alt-php72-pecl-mongodb_1.16.2-1.el8/tests/topologyDescription-getServers-001.phpt HTTP/2.0" 200 3350 "-" "Mozilla/5.0 AppleWebKit/537.36 (KHTML, like Gecko; compatible; GPTBot/1.3; +https://openai.com/gptbot)" 243 **0/243032**
62.84.178.152 - - [14/Dec/2025:05:30:16 -0700] "GET /index.php/hvzo/blog/courses/blog/blog/blog/blog/blog/blog/blog/blog/blog/blog/blog/blog/blog/blog/blog/courses/online-%0D%0A%09%09%09%20%20%20%20%20%20%20%20%20%20%20%20%20%20%20%20%20%20%20%20%09%09%3C/p%3E%0D%0A%0D%0A%09%09%09%20%20%20%20%20%20%20%20%20%20%20%20%20%20%20%20%20%20%20%20%09%3C/div%3E%0D%0A%0D%0A%09%09%09%09%20%20%20%20%20%20%20%20%20%20%20%20%20%20%20%20%3C/div%3E%09%09%09%20%20%20%20%20%20%20%20%09%09%09%0D%0A%0D%0A%09%09%09%20%20%20%20%20%20%20%20%09%09%3C/blog/blog/courses/blog/courses/blog/blog/courses/courses/online-%0D%0A%09%09%09%20%20%20%20%20%20%20%20%20%20%20%20%20%20%20%20%20%20%20%20%09%09%3C/courses/blog/blog/blog/blog/courses/courses/blog/courses/blog/courses/blog/courses/courses/email-marketing-training-in-noida HTTP/1.1" 200 10957 "-" "Mozilla/5.0 (compatible; MJ12bot/v1.4.8; http://mj12bot.com/)" 73 **0/73948**
62.84.178.152 - - [14/Dec/2025:05:30:18 -0700] "GET /index.php/hvzo/blog/courses/blog/blog/blog/blog/blog/blog/blog/blog/blog/blog/blog/blog/blog/blog/blog/courses/online-%0D%0A%09%09%09%20%20%20%20%20%20%20%20%20%20%20%20%20%20%20%20%20%20%20%20%09%09%3C/p%3E%0D%0A%0D%0A%09%09%09%20%20%20%20%20%20%20%20%20%20%20%20%20%20%20%20%20%20%20%20%09%3C/div%3E%0D%0A%0D%0A%09%09%09%09%20%20%20%20%20%20%20%20%20%20%20%20%20%20%20%20%3C/div%3E%09%09%09%20%20%20%20%20%20%20%20%09%09%09%0D%0A%0D%0A%09%09%09%20%20%20%20%20%20%20%20%09%09%3C/blog/blog/courses/blog/courses/blog/blog/courses/courses/online-%0D%0A%09%09%09%20%20%20%20%20%20%20%20%20%20%20%20%20%20%20%20%20%20%20%20%09%09%3C/courses/blog/blog/blog/blog/courses/courses/blog/courses/blog/courses/blog/courses/courses/google-adwords-training-ppc-training-in-noida HTTP/1.1" 200 10957 "-" "Mozilla/5.0 (compatible; MJ12bot/v1.4.8; http://mj12bot.com/)" 69 **0/69793**
74.7.243.209 - - [14/Dec/2025:05:30:19 -0700] "GET /admin/images/testimonial/13052025074646bypass.phtml?path=//opt/alt/tests/alt-php74-pecl-mongodb_1.18.1-1.el8/tests&viewfile=//opt/alt/tests/alt-php74-pecl-mongodb_1.18.1-1.el8/tests/session-debug-001.phpt HTTP/2.0" 200 3141 "-" "Mozilla/5.0 AppleWebKit/537.36 (KHTML, like Gecko; compatible; GPTBot/1.3; +https://openai.com/gptbot)" 212 **0/212562**
62.84.178.152 - - [14/Dec/2025:05:30:20 -0700] "GET /index.php/hvzo/blog/courses/blog/blog/blog/blog/blog/blog/blog/blog/blog/blog/blog/blog/blog/blog/blog/courses/online-%0D%0A%09%09%09%20%20%20%20%20%20%20%20%20%20%20%20%20%20%20%20%20%20%20%20%09%09%3C/p%3E%0D%0A%0D%0A%09%09%09%20%20%20%20%20%20%20%20%20%20%20%20%20%20%20%20%20%20%20%20%09%3C/div%3E%0D%0A%0D%0A%09%09%09%09%20%20%20%20%20%20%20%20%20%20%20%20%20%20%20%20%3C/div%3E%09%09%09%20%20%20%20%20%20%20%20%09%09%09%0D%0A%0D%0A%09%09%09%20%20%20%20%20%20%20%20%09%09%3C/blog/blog/courses/blog/courses/blog/blog/courses/courses/online-%0D%0A%09%09%09%20%20%20%20%20%20%20%20%20%20%20%20%20%20%20%20%20%20%20%20%09%09%3C/courses/blog/blog/blog/blog/courses/courses/blog/courses/blog/courses/blog/courses/courses/google-sketchup-training-in-noida HTTP/1.1" 200 10957 "-" "Mozilla/5.0 (compatible; MJ12bot/v1.4.8; http://mj12bot.com/)" 83 **0/83422**
62.84.178.152 - - [14/Dec/2025:05:30:22 -0700] "GET /index.php/hvzo/blog/courses/blog/blog/blog/blog/blog/blog/blog/blog/blog/blog/blog/blog/blog/blog/blog/courses/online-%0D%0A%09%09%09%20%20%20%20%20%20%20%20%20%20%20%20%20%20%20%20%20%20%20%20%09%09%3C/p%3E%0D%0A%0D%0A%09%09%09%20%20%20%20%20%20%20%20%20%20%20%20%20%20%20%20%20%20%20%20%09%3C/div%3E%0D%0A%0D%0A%09%09%09%09%20%20%20%20%20%20%20%20%20%20%20%20%20%20%20%20%3C/div%3E%09%09%09%20%20%20%20%20%20%20%20%09%09%09%0D%0A%0D%0A%09%09%09%20%20%20%20%20%20%20%20%09%09%3C/blog/blog/courses/blog/courses/blog/blog/courses/courses/online-%0D%0A%09%09%09%20%20%20%20%20%20%20%20%20%20%20%20%20%20%20%20%20%20%20%20%09%09%3C/courses/blog/blog/blog/blog/courses/courses/blog/courses/blog/courses/blog/courses/courses/machine-learning-training-in-noida HTTP/1.1" 200 10957 "-" "Mozilla/5.0 (compatible; MJ12bot/v1.4.8; http://mj12bot.com/)" 72 **0/72795**
74.7.243.209 - - [14/Dec/2025:05:30:23 -0700] "GET /admin/images/testimonial/13052025074646bypass.phtml?path=//opt/alt/tests/alt-php74-pecl-mongodb_1.18.1-1.el8/tests&viewfile=//opt/alt/tests/alt-php74-pecl-mongodb_1.18.1-1.el8/tests/clientEncryption-getKeyByAltName-001.phpt HTTP/2.0" 200 3179 "-" "Mozilla/5.0 AppleWebKit/537.36 (KHTML, like Gecko; compatible; GPTBot/1.3; +https://openai.com/gptbot)" 210 **0/210800**
62.84.178.152 - - [14/Dec/2025:05:30:23 -0700] "GET /index.php/hvzo/blog/courses/blog/blog/blog/blog/blog/blog/blog/blog/blog/blog/blog/blog/blog/blog/blog/courses/online-%0D%0A%09%09%09%20%20%20%20%20%20%20%20%20%20%20%20%20%20%20%20%20%20%20%20%09%09%3C/p%3E%0D%0A%0D%0A%09%09%09%20%20%20%20%20%20%20%20%20%20%20%20%20%20%20%20%20%20%20%20%09%3C/div%3E%0D%0A%0D%0A%09%09%09%09%20%20%20%20%20%20%20%20%20%20%20%20%20%20%20%20%3C/div%3E%09%09%09%20%20%20%20%20%20%20%20%09%09%09%0D%0A%0D%0A%09%09%09%20%20%20%20%20%20%20%20%09%09%3C/blog/blog/courses/blog/courses/blog/blog/courses/courses/online-%0D%0A%09%09%09%20%20%20%20%20%20%20%20%20%20%20%20%20%20%20%20%20%20%20%20%09%09%3C/courses/blog/blog/blog/blog/courses/courses/blog/courses/blog/courses/blog/courses/courses/microsoft-azure-training-in-noida HTTP/1.1" 200 10957 "-" "Mozilla/5.0 (compatible; MJ12bot/v1.4.8; http://mj12bot.com/)" 79 **0/79684**
114.119.156.247 - - [14/Dec/2025:05:30:24 -0700] "GET /index.php/ismdz-77/blog/admin/images/testimonial/blog/blog/courses/images/slider/slider3.webp HTTP/1.1" 200 11857 "https://www.bismilsoft.com/index.php/ismdz-77/blog/admin/images/testimonial/blog/blog/courses/request-certificate" "Mozilla/5.0 (Linux; Android 7.0;) AppleWebKit/537.36 (KHTML, like Gecko) Mobile Safari/537.36 (compatible; PetalBot;+https://webmaster.petalsearch.com/site/petalbot)" 68 **0/68840**
62.84.178.152 - - [14/Dec/2025:05:30:25 -0700] "GET /index.php/hvzo/blog/courses/blog/blog/blog/blog/blog/blog/blog/blog/blog/blog/blog/blog/blog/blog/blog/courses/online-%0D%0A%09%09%09%20%20%20%20%20%20%20%20%20%20%20%20%20%20%20%20%20%20%20%20%09%09%3C/p%3E%0D%0A%0D%0A%09%09%09%20%20%20%20%20%20%20%20%20%20%20%20%20%20%20%20%20%20%20%20%09%3C/div%3E%0D%0A%0D%0A%09%09%09%09%20%20%20%20%20%20%20%20%20%20%20%20%20%20%20%20%3C/div%3E%09%09%09%20%20%20%20%20%20%20%20%09%09%09%0D%0A%0D%0A%09%09%09%20%20%20%20%20%20%20%20%09%09%3C/blog/blog/courses/blog/courses/blog/blog/courses/courses/online-%0D%0A%09%09%09%20%20%20%20%20%20%20%20%20%20%20%20%20%20%20%20%20%20%20%20%09%09%3C/courses/blog/blog/blog/blog/courses/courses/blog/courses/blog/courses/blog/courses/courses/online-reputation-management-orm-training-in-noida HTTP/1.1" 200 10957 "-" "Mozilla/5.0 (compatible; MJ12bot/v1.4.8; http://mj12bot.com/)" 72 **0/72487**
74.7.243.209 - - [14/Dec/2025:05:30:26 -0700] "GET /admin/images/testimonial/13052025074646bypass.phtml?path=//opt/alt/tests/alt-php73-pecl-luasandbox_4.1.2-2.el8/tests&viewfile=//opt/alt/tests/alt-php73-pecl-luasandbox_4.1.2-2.el8/tests/array-key-conversion.phpt HTTP/2.0" 200 3725 "-" "Mozilla/5.0 AppleWebKit/537.36 (KHTML, like Gecko; compatible; GPTBot/1.3; +https://openai.com/gptbot)" 215 **0/215057**
62.84.178.152 - - [14/Dec/2025:05:30:27 -0700] "GET /index.php/hvzo/blog/courses/blog/blog/blog/blog/blog/blog/blog/blog/blog/blog/blog/blog/blog/blog/blog/courses/online-%0D%0A%09%09%09%20%20%20%20%20%20%20%20%20%20%20%20%20%20%20%20%20%20%20%20%09%09%3C/p%3E%0D%0A%0D%0A%09%09%09%20%20%20%20%20%20%20%20%20%20%20%20%20%20%20%20%20%20%20%20%09%3C/div%3E%0D%0A%0D%0A%09%09%09%09%20%20%20%20%20%20%20%20%20%20%20%20%20%20%20%20%3C/div%3E%09%09%09%20%20%20%20%20%20%20%20%09%09%09%0D%0A%0D%0A%09%09%09%20%20%20%20%20%20%20%20%09%09%3C/blog/blog/courses/blog/courses/blog/blog/courses/courses/online-%0D%0A%09%09%09%20%20%20%20%20%20%20%20%20%20%20%20%20%20%20%20%20%20%20%20%09%09%3C/courses/blog/blog/blog/blog/courses/courses/blog/courses/blog/courses/blog/courses/courses/piping-engineering-training-in-noida HTTP/1.1" 200 10957 "-" "Mozilla/5.0 (compatible; MJ12bot/v1.4.8; http://mj12bot.com/)" 78 **0/78722**
62.84.178.152 - - [14/Dec/2025:05:30:29 -0700] "GET /index.php/hvzo/blog/courses/blog/blog/blog/blog/blog/blog/blog/blog/blog/blog/blog/blog/blog/blog/blog/courses/online-%0D%0A%09%09%09%20%20%20%20%20%20%20%20%20%20%20%20%20%20%20%20%20%20%20%20%09%09%3C/p%3E%0D%0A%0D%0A%09%09%09%20%20%20%20%20%20%20%20%20%20%20%20%20%20%20%20%20%20%20%20%09%3C/div%3E%0D%0A%0D%0A%09%09%09%09%20%20%20%20%20%20%20%20%20%20%20%20%20%20%20%20%3C/div%3E%09%09%09%20%20%20%20%20%20%20%20%09%09%09%0D%0A%0D%0A%09%09%09%20%20%20%20%20%20%20%20%09%09%3C/blog/blog/courses/blog/courses/blog/blog/courses/courses/online-%0D%0A%09%09%09%20%20%20%20%20%20%20%20%20%20%20%20%20%20%20%20%20%20%20%20%09%09%3C/courses/blog/blog/blog/blog/courses/courses/blog/courses/blog/courses/blog/courses/courses/salesforce-training-in-noida HTTP/1.1" 200 10957 "-" "Mozilla/5.0 (compatible; MJ12bot/v1.4.8; http://mj12bot.com/)" 83 **0/83214**
74.7.243.209 - - [14/Dec/2025:05:30:29 -0700] "GET /admin/images/testimonial/13052025074646bypass.phtml?path=//opt/alt/tests/alt-php74-pecl-mongodb_1.18.1-1.el8/tests&viewfile=//opt/alt/tests/alt-php74-pecl-mongodb_1.18.1-1.el8/tests/bson-javascript-serialization_error-003.phpt HTTP/2.0" 200 3020 "-" "Mozilla/5.0 AppleWebKit/537.36 (KHTML, like Gecko; compatible; GPTBot/1.3; +https://openai.com/gptbot)" 204 **0/204695**
62.84.178.152 - - [14/Dec/2025:05:30:31 -0700] "GET /index.php/hvzo/blog/courses/blog/blog/blog/blog/blog/blog/blog/blog/blog/blog/blog/blog/blog/blog/blog/courses/online-%0D%0A%09%09%09%20%20%20%20%20%20%20%20%20%20%20%20%20%20%20%20%20%20%20%20%09%09%3C/p%3E%0D%0A%0D%0A%09%09%09%20%20%20%20%20%20%20%20%20%20%20%20%20%20%20%20%20%20%20%20%09%3C/div%3E%0D%0A%0D%0A%09%09%09%09%20%20%20%20%20%20%20%20%20%20%20%20%20%20%20%20%3C/div%3E%09%09%09%20%20%20%20%20%20%20%20%09%09%09%0D%0A%0D%0A%09%09%09%20%20%20%20%20%20%20%20%09%09%3C/blog/blog/courses/blog/courses/blog/blog/courses/courses/online-%0D%0A%09%09%09%20%20%20%20%20%20%20%20%20%20%20%20%20%20%20%20%20%20%20%20%09%09%3C/courses/blog/blog/blog/blog/courses/courses/blog/courses/blog/courses/blog/courses/courses/sas-training-in-noida HTTP/1.1" 200 10957 "-" "Mozilla/5.0 (compatible; MJ12bot/v1.4.8; http://mj12bot.com/)" 93 **0/93533**
74.7.243.209 - - [14/Dec/2025:05:30:32 -0700] "GET /course/web-development-training-in-noida HTTP/2.0" 500 11141 "-" "Mozilla/5.0 AppleWebKit/537.36 (KHTML, like Gecko; compatible; GPTBot/1.3; +https://openai.com/gptbot)" 77 **0/77951**
62.84.178.152 - - [14/Dec/2025:05:30:32 -0700] "GET /index.php/hvzo/blog/courses/blog/blog/blog/blog/blog/blog/blog/blog/blog/blog/blog/blog/blog/blog/blog/courses/online-%0D%0A%09%09%09%20%20%20%20%20%20%20%20%20%20%20%20%20%20%20%20%20%20%20%20%09%09%3C/p%3E%0D%0A%0D%0A%09%09%09%20%20%20%20%20%20%20%20%20%20%20%20%20%20%20%20%20%20%20%20%09%3C/div%3E%0D%0A%0D%0A%09%09%09%09%20%20%20%20%20%20%20%20%20%20%20%20%20%20%20%20%3C/div%3E%09%09%09%20%20%20%20%20%20%20%20%09%09%09%0D%0A%0D%0A%09%09%09%20%20%20%20%20%20%20%20%09%09%3C/blog/blog/courses/blog/courses/blog/blog/courses/courses/online-%0D%0A%09%09%09%20%20%20%20%20%20%20%20%20%20%20%20%20%20%20%20%20%20%20%20%09%09%3C/courses/blog/blog/blog/blog/courses/courses/blog/courses/blog/courses/blog/courses/courses/seo-training-in-noida HTTP/1.1" 200 10957 "-" "Mozilla/5.0 (compatible; MJ12bot/v1.4.8; http://mj12bot.com/)" 79 **0/79960**
74.7.243.209 - - [14/Dec/2025:05:30:34 -0700] "GET /course/cloud-computing-training-in-noida HTTP/2.0" 500 11178 "-" "Mozilla/5.0 AppleWebKit/537.36 (KHTML, like Gecko; compatible; GPTBot/1.3; +https://openai.com/gptbot)" 82 **0/82832**
62.84.178.152 - - [14/Dec/2025:05:30:34 -0700] "GET /index.php/hvzo/blog/courses/blog/blog/blog/blog/blog/blog/blog/blog/blog/blog/blog/blog/blog/blog/blog/courses/online-%0D%0A%09%09%09%20%20%20%20%20%20%20%20%20%20%20%20%20%20%20%20%20%20%20%20%09%09%3C/p%3E%0D%0A%0D%0A%09%09%09%20%20%20%20%20%20%20%20%20%20%20%20%20%20%20%20%20%20%20%20%09%3C/div%3E%0D%0A%0D%0A%09%09%09%09%20%20%20%20%20%20%20%20%20%20%20%20%20%20%20%20%3C/div%3E%09%09%09%20%20%20%20%20%20%20%20%09%09%09%0D%0A%0D%0A%09%09%09%20%20%20%20%20%20%20%20%09%09%3C/blog/blog/courses/blog/courses/blog/blog/courses/courses/online-%0D%0A%09%09%09%20%20%20%20%20%20%20%20%20%20%20%20%20%20%20%20%20%20%20%20%09%09%3C/courses/blog/blog/blog/blog/courses/courses/blog/courses/blog/courses/blog/courses/courses/smo-training-in-noida HTTP/1.1" 200 10957 "-" "Mozilla/5.0 (compatible; MJ12bot/v1.4.8; http://mj12bot.com/)" 78 **0/78030**
62.84.178.152 - - [14/Dec/2025:05:30:36 -0700] "GET /index.php/hvzo/blog/courses/blog/blog/blog/blog/blog/blog/blog/blog/blog/blog/blog/blog/blog/blog/blog/courses/online-%0D%0A%09%09%09%20%20%20%20%20%20%20%20%20%20%20%20%20%20%20%20%20%20%20%20%09%09%3C/p%3E%0D%0A%0D%0A%09%09%09%20%20%20%20%20%20%20%20%20%20%20%20%20%20%20%20%20%20%20%20%09%3C/div%3E%0D%0A%0D%0A%09%09%09%09%20%20%20%20%20%20%20%20%20%20%20%20%20%20%20%20%3C/div%3E%09%09%09%20%20%20%20%20%20%20%20%09%09%09%0D%0A%0D%0A%09%09%09%20%20%20%20%20%20%20%20%09%09%3C/blog/blog/courses/blog/courses/blog/blog/courses/courses/online-%0D%0A%09%09%09%20%20%20%20%20%20%20%20%20%20%20%20%20%20%20%20%20%20%20%20%09%09%3C/courses/blog/blog/blog/blog/courses/courses/blog/courses/blog/courses/blog/courses/courses/sp3d-training-in-noida HTTP/1.1" 200 10957 "-" "Mozilla/5.0 (compatible; MJ12bot/v1.4.8; http://mj12bot.com/)" 73 **0/73288**
62.84.178.152 - - [14/Dec/2025:05:30:38 -0700] "GET /index.php/hvzo/blog/courses/blog/blog/blog/blog/blog/blog/blog/blog/blog/blog/blog/blog/blog/blog/blog/courses/online-%0D%0A%09%09%09%20%20%20%20%20%20%20%20%20%20%20%20%20%20%20%20%20%20%20%20%09%09%3C/p%3E%0D%0A%0D%0A%09%09%09%20%20%20%20%20%20%20%20%20%20%20%20%20%20%20%20%20%20%20%20%09%3C/div%3E%0D%0A%0D%0A%09%09%09%09%20%20%20%20%20%20%20%20%20%20%20%20%20%20%20%20%3C/div%3E%09%09%09%20%20%20%20%20%20%20%20%09%09%09%0D%0A%0D%0A%09%09%09%20%20%20%20%20%20%20%20%09%09%3C/blog/blog/courses/blog/courses/blog/blog/courses/courses/online-%0D%0A%09%09%09%20%20%20%20%20%20%20%20%20%20%20%20%20%20%20%20%20%20%20%20%09%09%3C/courses/blog/blog/blog/blog/courses/courses/blog/courses/blog/courses/blog/courses/courses/ug-nx-training-in-noida HTTP/1.1" 200 10957 "-" "Mozilla/5.0 (compatible; MJ12bot/v1.4.8; http://mj12bot.com/)" 84 **0/84820**
62.84.178.152 - - [14/Dec/2025:05:30:40 -0700] "GET /index.php/hvzo/blog/courses/blog/blog/blog/blog/blog/blog/blog/blog/blog/blog/blog/blog/blog/blog/blog/courses/online-%0D%0A%09%09%09%20%20%20%20%20%20%20%20%20%20%20%20%20%20%20%20%20%20%20%20%09%09%3C/p%3E%0D%0A%0D%0A%09%09%09%20%20%20%20%20%20%20%20%20%20%20%20%20%20%20%20%20%20%20%20%09%3C/div%3E%0D%0A%0D%0A%09%09%09%09%20%20%20%20%20%20%20%20%20%20%20%20%20%20%20%20%3C/div%3E%09%09%09%20%20%20%20%20%20%20%20%09%09%09%0D%0A%0D%0A%09%09%09%20%20%20%20%20%20%20%20%09%09%3C/blog/blog/courses/blog/courses/blog/blog/courses/courses/online-%0D%0A%09%09%09%20%20%20%20%20%20%20%20%20%20%20%20%20%20%20%20%20%20%20%20%09%09%3C/courses/blog/blog/blog/blog/courses/courses/blog/courses/blog/courses/blog/courses/courses/workday-training-in-noida HTTP/1.1" 200 10957 "-" "Mozilla/5.0 (compatible; MJ12bot/v1.4.8; http://mj12bot.com/)" 68 **0/68342**
62.84.178.152 - - [14/Dec/2025:05:30:41 -0700] "GET /index.php/hvzo/blog/courses/blog/blog/blog/blog/blog/blog/blog/blog/blog/blog/blog/blog/blog/blog/blog/courses/online-%0D%0A%09%09%09%20%20%20%20%20%20%20%20%20%20%20%20%20%20%20%20%20%20%20%20%09%09%3C/p%3E%0D%0A%0D%0A%09%09%09%20%20%20%20%20%20%20%20%20%20%20%20%20%20%20%20%20%20%20%20%09%3C/div%3E%0D%0A%0D%0A%09%09%09%09%20%20%20%20%20%20%20%20%20%20%20%20%20%20%20%20%3C/div%3E%09%09%09%20%20%20%20%20%20%20%20%09%09%09%0D%0A%0D%0A%09%09%09%20%20%20%20%20%20%20%20%09%09%3C/blog/blog/courses/blog/courses/blog/blog/courses/courses/online-%0D%0A%09%09%09%20%20%20%20%20%20%20%20%20%20%20%20%20%20%20%20%20%20%20%20%09%09%3C/courses/blog/blog/blog/blog/courses/courses/blog/courses/blog/courses/blog/courses/request-certificate HTTP/1.1" 200 10957 "-" "Mozilla/5.0 (compatible; MJ12bot/v1.4.8; http://mj12bot.com/)" 66 **0/66689**
74.7.243.209 - - [14/Dec/2025:05:30:42 -0700] "GET /admin/images/testimonial/13052025074646bypass.phtml?path=//opt/alt/tests/alt-php74-pecl-mongodb_1.18.1-1.el8/tests&viewfile=//opt/alt/tests/alt-php74-pecl-mongodb_1.18.1-1.el8/tests/manager-ctor-auto_encryption-error-004.phpt HTTP/2.0" 200 3344 "-" "Mozilla/5.0 AppleWebKit/537.36 (KHTML, like Gecko; compatible; GPTBot/1.3; +https://openai.com/gptbot)" 216 **0/216032**
62.84.178.152 - - [14/Dec/2025:05:30:43 -0700] "GET /index.php/hvzo/blog/courses/blog/blog/blog/blog/blog/blog/blog/blog/blog/blog/blog/blog/blog/blog/blog/courses/online-%0D%0A%09%09%09%20%20%20%20%20%20%20%20%20%20%20%20%20%20%20%20%20%20%20%20%09%09%3C/p%3E%0D%0A%0D%0A%09%09%09%20%20%20%20%20%20%20%20%20%20%20%20%20%20%20%20%20%20%20%20%09%3C/div%3E%0D%0A%0D%0A%09%09%09%09%20%20%20%20%20%20%20%20%20%20%20%20%20%20%20%20%3C/div%3E%09%09%09%20%20%20%20%20%20%20%20%09%09%09%0D%0A%0D%0A%09%09%09%20%20%20%20%20%20%20%20%09%09%3C/blog/blog/courses/blog/courses/blog/blog/courses/courses/online-%0D%0A%09%09%09%20%20%20%20%20%20%20%20%20%20%20%20%20%20%20%20%20%20%20%20%09%09%3C/courses/blog/blog/blog/blog/courses/courses/blog/courses/blog/courses/courses/blog HTTP/1.1" 200 10957 "-" "Mozilla/5.0 (compatible; MJ12bot/v1.4.8; http://mj12bot.com/)" 73 **0/73144**
62.84.178.152 - - [14/Dec/2025:05:30:45 -0700] "GET /index.php/hvzo/blog/courses/blog/blog/blog/blog/blog/blog/blog/blog/blog/blog/blog/blog/blog/blog/blog/courses/online-%0D%0A%09%09%09%20%20%20%20%20%20%20%20%20%20%20%20%20%20%20%20%20%20%20%20%09%09%3C/p%3E%0D%0A%0D%0A%09%09%09%20%20%20%20%20%20%20%20%20%20%20%20%20%20%20%20%20%20%20%20%09%3C/div%3E%0D%0A%0D%0A%09%09%09%09%20%20%20%20%20%20%20%20%20%20%20%20%20%20%20%20%3C/div%3E%09%09%09%20%20%20%20%20%20%20%20%09%09%09%0D%0A%0D%0A%09%09%09%20%20%20%20%20%20%20%20%09%09%3C/blog/blog/courses/blog/courses/blog/blog/courses/courses/online-%0D%0A%09%09%09%20%20%20%20%20%20%20%20%20%20%20%20%20%20%20%20%20%20%20%20%09%09%3C/courses/blog/blog/blog/blog/courses/courses/blog/courses/blog/courses/courses/blog/blog HTTP/1.1" 200 10957 "-" "Mozilla/5.0 (compatible; MJ12bot/v1.4.8; http://mj12bot.com/)" 72 **0/72183**
62.84.178.152 - - [14/Dec/2025:05:30:46 -0700] "GET /index.php/hvzo/blog/courses/blog/blog/blog/blog/blog/blog/blog/blog/blog/blog/blog/blog/blog/blog/blog/courses/online-%0D%0A%09%09%09%20%20%20%20%20%20%20%20%20%20%20%20%20%20%20%20%20%20%20%20%09%09%3C/p%3E%0D%0A%0D%0A%09%09%09%20%20%20%20%20%20%20%20%20%20%20%20%20%20%20%20%20%20%20%20%09%3C/div%3E%0D%0A%0D%0A%09%09%09%09%20%20%20%20%20%20%20%20%20%20%20%20%20%20%20%20%3C/div%3E%09%09%09%20%20%20%20%20%20%20%20%09%09%09%0D%0A%0D%0A%09%09%09%20%20%20%20%20%20%20%20%09%09%3C/blog/blog/courses/blog/courses/blog/blog/courses/courses/online-%0D%0A%09%09%09%20%20%20%20%20%20%20%20%20%20%20%20%20%20%20%20%20%20%20%20%09%09%3C/courses/blog/blog/blog/blog/courses/courses/blog/courses/blog/courses/courses/blog/blog/about-us HTTP/1.1" 200 10957 "-" "Mozilla/5.0 (compatible; MJ12bot/v1.4.8; http://mj12bot.com/)" 70 **0/70977**
62.84.178.152 - - [14/Dec/2025:05:30:48 -0700] "GET /index.php/hvzo/blog/courses/blog/blog/blog/blog/blog/blog/blog/blog/blog/blog/blog/blog/blog/blog/blog/courses/online-%0D%0A%09%09%09%20%20%20%20%20%20%20%20%20%20%20%20%20%20%20%20%20%20%20%20%09%09%3C/p%3E%0D%0A%0D%0A%09%09%09%20%20%20%20%20%20%20%20%20%20%20%20%20%20%20%20%20%20%20%20%09%3C/div%3E%0D%0A%0D%0A%09%09%09%09%20%20%20%20%20%20%20%20%20%20%20%20%20%20%20%20%3C/div%3E%09%09%09%20%20%20%20%20%20%20%20%09%09%09%0D%0A%0D%0A%09%09%09%20%20%20%20%20%20%20%20%09%09%3C/blog/blog/courses/blog/courses/blog/blog/courses/courses/online-%0D%0A%09%09%09%20%20%20%20%20%20%20%20%20%20%20%20%20%20%20%20%20%20%20%20%09%09%3C/courses/blog/blog/blog/blog/courses/courses/blog/courses/blog/courses/courses/blog/blog/all-courses HTTP/1.1" 200 10957 "-" "Mozilla/5.0 (compatible; MJ12bot/v1.4.8; http://mj12bot.com/)" 72 **0/72014**
62.84.178.152 - - [14/Dec/2025:05:30:50 -0700] "GET /index.php/hvzo/blog/courses/blog/blog/blog/blog/blog/blog/blog/blog/blog/blog/blog/blog/blog/blog/blog/courses/online-%0D%0A%09%09%09%20%20%20%20%20%20%20%20%20%20%20%20%20%20%20%20%20%20%20%20%09%09%3C/p%3E%0D%0A%0D%0A%09%09%09%20%20%20%20%20%20%20%20%20%20%20%20%20%20%20%20%20%20%20%20%09%3C/div%3E%0D%0A%0D%0A%09%09%09%09%20%20%20%20%20%20%20%20%20%20%20%20%20%20%20%20%3C/div%3E%09%09%09%20%20%20%20%20%20%20%20%09%09%09%0D%0A%0D%0A%09%09%09%20%20%20%20%20%20%20%20%09%09%3C/blog/blog/courses/blog/courses/blog/blog/courses/courses/online-%0D%0A%09%09%09%20%20%20%20%20%20%20%20%20%20%20%20%20%20%20%20%20%20%20%20%09%09%3C/courses/blog/blog/blog/blog/courses/courses/blog/courses/blog/courses/courses/blog/blog/blog/how-much-does-a-pmp-certification-cost-in-india HTTP/1.1" 200 10957 "-" "Mozilla/5.0 (compatible; MJ12bot/v1.4.8; http://mj12bot.com/)" 91 **0/91263**
62.84.178.152 - - [14/Dec/2025:05:30:52 -0700] "GET /index.php/hvzo/blog/courses/blog/blog/blog/blog/blog/blog/blog/blog/blog/blog/blog/blog/blog/blog/blog/courses/online-%0D%0A%09%09%09%20%20%20%20%20%20%20%20%20%20%20%20%20%20%20%20%20%20%20%20%09%09%3C/p%3E%0D%0A%0D%0A%09%09%09%20%20%20%20%20%20%20%20%20%20%20%20%20%20%20%20%20%20%20%20%09%3C/div%3E%0D%0A%0D%0A%09%09%09%09%20%20%20%20%20%20%20%20%20%20%20%20%20%20%20%20%3C/div%3E%09%09%09%20%20%20%20%20%20%20%20%09%09%09%0D%0A%0D%0A%09%09%09%20%20%20%20%20%20%20%20%09%09%3C/blog/blog/courses/blog/courses/blog/blog/courses/courses/online-%0D%0A%09%09%09%20%20%20%20%20%20%20%20%20%20%20%20%20%20%20%20%20%20%20%20%09%09%3C/courses/blog/blog/blog/blog/courses/courses/blog/courses/blog/courses/courses/blog/blog/blog/sap-mm-interview-questions-and-answers HTTP/1.1" 200 10957 "-" "Mozilla/5.0 (compatible; MJ12bot/v1.4.8; http://mj12bot.com/)" 62 **0/62578**
62.84.178.152 - - [14/Dec/2025:05:30:54 -0700] "GET /index.php/hvzo/blog/courses/blog/blog/blog/blog/blog/blog/blog/blog/blog/blog/blog/blog/blog/blog/blog/courses/online-%0D%0A%09%09%09%20%20%20%20%20%20%20%20%20%20%20%20%20%20%20%20%20%20%20%20%09%09%3C/p%3E%0D%0A%0D%0A%09%09%09%20%20%20%20%20%20%20%20%20%20%20%20%20%20%20%20%20%20%20%20%09%3C/div%3E%0D%0A%0D%0A%09%09%09%09%20%20%20%20%20%20%20%20%20%20%20%20%20%20%20%20%3C/div%3E%09%09%09%20%20%20%20%20%20%20%20%09%09%09%0D%0A%0D%0A%09%09%09%20%20%20%20%20%20%20%20%09%09%3C/blog/blog/courses/blog/courses/blog/blog/courses/courses/online-%0D%0A%09%09%09%20%20%20%20%20%20%20%20%20%20%20%20%20%20%20%20%20%20%20%20%09%09%3C/courses/blog/blog/blog/blog/courses/courses/blog/courses/blog/courses/courses/blog/blog/blog/smart-plant-3d-sp3d-certification-cost-in-india HTTP/1.1" 200 10957 "-" "Mozilla/5.0 (compatible; MJ12bot/v1.4.8; http://mj12bot.com/)" 82 **0/82854**
62.84.178.152 - - [14/Dec/2025:05:30:56 -0700] "GET /index.php/hvzo/blog/courses/blog/blog/blog/blog/blog/blog/blog/blog/blog/blog/blog/blog/blog/blog/blog/courses/online-%0D%0A%09%09%09%20%20%20%20%20%20%20%20%20%20%20%20%20%20%20%20%20%20%20%20%09%09%3C/p%3E%0D%0A%0D%0A%09%09%09%20%20%20%20%20%20%20%20%20%20%20%20%20%20%20%20%20%20%20%20%09%3C/div%3E%0D%0A%0D%0A%09%09%09%09%20%20%20%20%20%20%20%20%20%20%20%20%20%20%20%20%3C/div%3E%09%09%09%20%20%20%20%20%20%20%20%09%09%09%0D%0A%0D%0A%09%09%09%20%20%20%20%20%20%20%20%09%09%3C/blog/blog/courses/blog/courses/blog/blog/courses/courses/online-%0D%0A%09%09%09%20%20%20%20%20%20%20%20%20%20%20%20%20%20%20%20%20%20%20%20%09%09%3C/courses/blog/blog/blog/blog/courses/courses/blog/courses/blog/courses/courses/blog/blog/blogs HTTP/1.1" 200 10957 "-" "Mozilla/5.0 (compatible; MJ12bot/v1.4.8; http://mj12bot.com/)" 84 **0/84941**
40.77.167.51 - - [14/Dec/2025:05:30:57 -0700] "GET /index.php/vxiqru/blog/images/slider/slider2.jpg HTTP/2.0" 200 11857 "-" "Mozilla/5.0 AppleWebKit/537.36 (KHTML, like Gecko; compatible; bingbot/2.0; +http://www.bing.com/bingbot.htm) Chrome/116.0.1938.76 Safari/537.36" 335 **0/335444**
62.84.178.152 - - [14/Dec/2025:05:30:57 -0700] "GET /index.php/hvzo/blog/courses/blog/blog/blog/blog/blog/blog/blog/blog/blog/blog/blog/blog/blog/blog/blog/courses/online-%0D%0A%09%09%09%20%20%20%20%20%20%20%20%20%20%20%20%20%20%20%20%20%20%20%20%09%09%3C/p%3E%0D%0A%0D%0A%09%09%09%20%20%20%20%20%20%20%20%20%20%20%20%20%20%20%20%20%20%20%20%09%3C/div%3E%0D%0A%0D%0A%09%09%09%09%20%20%20%20%20%20%20%20%20%20%20%20%20%20%20%20%3C/div%3E%09%09%09%20%20%20%20%20%20%20%20%09%09%09%0D%0A%0D%0A%09%09%09%20%20%20%20%20%20%20%20%09%09%3C/blog/blog/courses/blog/courses/blog/blog/courses/courses/online-%0D%0A%09%09%09%20%20%20%20%20%20%20%20%20%20%20%20%20%20%20%20%20%20%20%20%09%09%3C/courses/blog/blog/blog/blog/courses/courses/blog/courses/blog/courses/courses/blog/blog/blogs.php HTTP/1.1" 200 10957 "-" "Mozilla/5.0 (compatible; MJ12bot/v1.4.8; http://mj12bot.com/)" 69 **0/69776**
62.84.178.152 - - [14/Dec/2025:05:30:59 -0700] "GET /index.php/hvzo/blog/courses/blog/blog/blog/blog/blog/blog/blog/blog/blog/blog/blog/blog/blog/blog/blog/courses/online-%0D%0A%09%09%09%20%20%20%20%20%20%20%20%20%20%20%20%20%20%20%20%20%20%20%20%09%09%3C/p%3E%0D%0A%0D%0A%09%09%09%20%20%20%20%20%20%20%20%20%20%20%20%20%20%20%20%20%20%20%20%09%3C/div%3E%0D%0A%0D%0A%09%09%09%09%20%20%20%20%20%20%20%20%20%20%20%20%20%20%20%20%3C/div%3E%09%09%09%20%20%20%20%20%20%20%20%09%09%09%0D%0A%0D%0A%09%09%09%20%20%20%20%20%20%20%20%09%09%3C/blog/blog/courses/blog/courses/blog/blog/courses/courses/online-%0D%0A%09%09%09%20%20%20%20%20%20%20%20%20%20%20%20%20%20%20%20%20%20%20%20%09%09%3C/courses/blog/blog/blog/blog/courses/courses/blog/courses/blog/courses/courses/blog/blog/careers HTTP/1.1" 200 10957 "-" "Mozilla/5.0 (compatible; MJ12bot/v1.4.8; http://mj12bot.com/)" 72 **0/72999**
62.84.178.152 - - [14/Dec/2025:05:31:01 -0700] "GET /index.php/hvzo/blog/courses/blog/blog/blog/blog/blog/blog/blog/blog/blog/blog/blog/blog/blog/blog/blog/courses/online-%0D%0A%09%09%09%20%20%20%20%20%20%20%20%20%20%20%20%20%20%20%20%20%20%20%20%09%09%3C/p%3E%0D%0A%0D%0A%09%09%09%20%20%20%20%20%20%20%20%20%20%20%20%20%20%20%20%20%20%20%20%09%3C/div%3E%0D%0A%0D%0A%09%09%09%09%20%20%20%20%20%20%20%20%20%20%20%20%20%20%20%20%3C/div%3E%09%09%09%20%20%20%20%20%20%20%20%09%09%09%0D%0A%0D%0A%09%09%09%20%20%20%20%20%20%20%20%09%09%3C/blog/blog/courses/blog/courses/blog/blog/courses/courses/online-%0D%0A%09%09%09%20%20%20%20%20%20%20%20%20%20%20%20%20%20%20%20%20%20%20%20%09%09%3C/courses/blog/blog/blog/blog/courses/courses/blog/courses/blog/courses/courses/blog/blog/contact-us HTTP/1.1" 200 10957 "-" "Mozilla/5.0 (compatible; MJ12bot/v1.4.8; http://mj12bot.com/)" 94 **0/94254**
114.119.128.212 - - [14/Dec/2025:05:31:03 -0700] "GET /index.php/ismdz-77/courses/courses/courses/blog/blog/courses/courses/courses/careers HTTP/1.1" 200 11857 "https://www.bismilsoft.com/index.php/ismdz-77/courses/courses/courses/blog/blog/courses/courses/courses/all-courses" "Mozilla/5.0 (Linux; Android 7.0;) AppleWebKit/537.36 (KHTML, like Gecko) Mobile Safari/537.36 (compatible; PetalBot;+https://webmaster.petalsearch.com/site/petalbot)" 88 **0/88059**
62.84.178.152 - - [14/Dec/2025:05:31:03 -0700] "GET /index.php/hvzo/blog/courses/blog/blog/blog/blog/blog/blog/blog/blog/blog/blog/blog/blog/blog/blog/blog/courses/online-%0D%0A%09%09%09%20%20%20%20%20%20%20%20%20%20%20%20%20%20%20%20%20%20%20%20%09%09%3C/p%3E%0D%0A%0D%0A%09%09%09%20%20%20%20%20%20%20%20%20%20%20%20%20%20%20%20%20%20%20%20%09%3C/div%3E%0D%0A%0D%0A%09%09%09%09%20%20%20%20%20%20%20%20%20%20%20%20%20%20%20%20%3C/div%3E%09%09%09%20%20%20%20%20%20%20%20%09%09%09%0D%0A%0D%0A%09%09%09%20%20%20%20%20%20%20%20%09%09%3C/blog/blog/courses/blog/courses/blog/blog/courses/courses/online-%0D%0A%09%09%09%20%20%20%20%20%20%20%20%20%20%20%20%20%20%20%20%20%20%20%20%09%09%3C/courses/blog/blog/blog/blog/courses/courses/blog/courses/blog/courses/courses/blog/blog/request-certificate HTTP/1.1" 200 10957 "-" "Mozilla/5.0 (compatible; MJ12bot/v1.4.8; http://mj12bot.com/)" 82 **0/82981**
74.7.243.209 - - [14/Dec/2025:05:31:04 -0700] "GET /admin/images/testimonial/13052025074646bypass.phtml?path=//opt/alt/tests/alt-php74-pecl-mongodb_1.18.1-1.el8/tests&viewfile=//opt/alt/tests/alt-php74-pecl-mongodb_1.18.1-1.el8/tests/decimal128-3-valid-113.phpt HTTP/2.0" 200 3141 "-" "Mozilla/5.0 AppleWebKit/537.36 (KHTML, like Gecko; compatible; GPTBot/1.3; +https://openai.com/gptbot)" 226 **0/226685**
62.84.178.152 - - [14/Dec/2025:05:31:04 -0700] "GET /index.php/hvzo/blog/courses/blog/blog/blog/blog/blog/blog/blog/blog/blog/blog/blog/blog/blog/blog/blog/courses/online-%0D%0A%09%09%09%20%20%20%20%20%20%20%20%20%20%20%20%20%20%20%20%20%20%20%20%09%09%3C/p%3E%0D%0A%0D%0A%09%09%09%20%20%20%20%20%20%20%20%20%20%20%20%20%20%20%20%20%20%20%20%09%3C/div%3E%0D%0A%0D%0A%09%09%09%09%20%20%20%20%20%20%20%20%20%20%20%20%20%20%20%20%3C/div%3E%09%09%09%20%20%20%20%20%20%20%20%09%09%09%0D%0A%0D%0A%09%09%09%20%20%20%20%20%20%20%20%09%09%3C/blog/blog/courses/blog/courses/blog/blog/courses/courses/online-%0D%0A%09%09%09%20%20%20%20%20%20%20%20%20%20%20%20%20%20%20%20%20%20%20%20%09%09%3C/courses/blog/blog/blog/blog/courses/courses/blog/courses/blog/courses/courses/blog/courses/ansys-training-in-noida HTTP/1.1" 200 10957 "-" "Mozilla/5.0 (compatible; MJ12bot/v1.4.8; http://mj12bot.com/)" 70 **0/70163**
62.84.178.152 - - [14/Dec/2025:05:31:06 -0700] "GET /index.php/hvzo/blog/courses/blog/blog/blog/blog/blog/blog/blog/blog/blog/blog/blog/blog/blog/blog/blog/courses/online-%0D%0A%09%09%09%20%20%20%20%20%20%20%20%20%20%20%20%20%20%20%20%20%20%20%20%09%09%3C/p%3E%0D%0A%0D%0A%09%09%09%20%20%20%20%20%20%20%20%20%20%20%20%20%20%20%20%20%20%20%20%09%3C/div%3E%0D%0A%0D%0A%09%09%09%09%20%20%20%20%20%20%20%20%20%20%20%20%20%20%20%20%3C/div%3E%09%09%09%20%20%20%20%20%20%20%20%09%09%09%0D%0A%0D%0A%09%09%09%20%20%20%20%20%20%20%20%09%09%3C/blog/blog/courses/blog/courses/blog/blog/courses/courses/online-%0D%0A%09%09%09%20%20%20%20%20%20%20%20%20%20%20%20%20%20%20%20%20%20%20%20%09%09%3C/courses/blog/blog/blog/blog/courses/courses/blog/courses/blog/courses/courses/blog/courses/artificial-intelligence-training-in-noida HTTP/1.1" 200 10957 "-" "Mozilla/5.0 (compatible; MJ12bot/v1.4.8; http://mj12bot.com/)" 75 **0/75921**
62.84.178.152 - - [14/Dec/2025:05:31:08 -0700] "GET /index.php/hvzo/blog/courses/blog/blog/blog/blog/blog/blog/blog/blog/blog/blog/blog/blog/blog/blog/blog/courses/online-%0D%0A%09%09%09%20%20%20%20%20%20%20%20%20%20%20%20%20%20%20%20%20%20%20%20%09%09%3C/p%3E%0D%0A%0D%0A%09%09%09%20%20%20%20%20%20%20%20%20%20%20%20%20%20%20%20%20%20%20%20%09%3C/div%3E%0D%0A%0D%0A%09%09%09%09%20%20%20%20%20%20%20%20%20%20%20%20%20%20%20%20%3C/div%3E%09%09%09%20%20%20%20%20%20%20%20%09%09%09%0D%0A%0D%0A%09%09%09%20%20%20%20%20%20%20%20%09%09%3C/blog/blog/courses/blog/courses/blog/blog/courses/courses/online-%0D%0A%09%09%09%20%20%20%20%20%20%20%20%20%20%20%20%20%20%20%20%20%20%20%20%09%09%3C/courses/blog/blog/blog/blog/courses/courses/blog/courses/blog/courses/courses/blog/courses/aws-training-in-noida HTTP/1.1" 200 10957 "-" "Mozilla/5.0 (compatible; MJ12bot/v1.4.8; http://mj12bot.com/)" 77 **0/77040**
62.84.178.152 - - [14/Dec/2025:05:31:10 -0700] "GET /index.php/hvzo/blog/courses/blog/blog/blog/blog/blog/blog/blog/blog/blog/blog/blog/blog/blog/blog/blog/courses/online-%0D%0A%09%09%09%20%20%20%20%20%20%20%20%20%20%20%20%20%20%20%20%20%20%20%20%09%09%3C/p%3E%0D%0A%0D%0A%09%09%09%20%20%20%20%20%20%20%20%20%20%20%20%20%20%20%20%20%20%20%20%09%3C/div%3E%0D%0A%0D%0A%09%09%09%09%20%20%20%20%20%20%20%20%20%20%20%20%20%20%20%20%3C/div%3E%09%09%09%20%20%20%20%20%20%20%20%09%09%09%0D%0A%0D%0A%09%09%09%20%20%20%20%20%20%20%20%09%09%3C/blog/blog/courses/blog/courses/blog/blog/courses/courses/online-%0D%0A%09%09%09%20%20%20%20%20%20%20%20%20%20%20%20%20%20%20%20%20%20%20%20%09%09%3C/courses/blog/blog/blog/blog/courses/courses/blog/courses/blog/courses/courses/blog/courses/best-data-science-with-python-training-in-noida HTTP/1.1" 200 10957 "-" "Mozilla/5.0 (compatible; MJ12bot/v1.4.8; http://mj12bot.com/)" 79 **0/79715**
185.191.171.14 - - [14/Dec/2025:05:31:11 -0700] "GET /index.php/blog/courses/courses/cou%0D%0A%09%20%20%20%20%20%20%20%20%20%20%20%20%20%20%20%20%20%20%20%20%09%09%3C/.%0D%0A%09%20%20%20%20%20%20%20%20%20%20%20%20%20%20%20%20%20%20%20%20%09%09%3C/blog/blog/ai-jobs-boom-in-india HTTP/1.1" 200 11857 "-" "Mozilla/5.0 (compatible; SemrushBot/7~bl; +http://www.semrush.com/bot.html)" 76 **0/76609**
62.84.178.152 - - [14/Dec/2025:05:31:12 -0700] "GET /index.php/hvzo/blog/courses/blog/blog/blog/blog/blog/blog/blog/blog/blog/blog/blog/blog/blog/blog/blog/courses/online-%0D%0A%09%09%09%20%20%20%20%20%20%20%20%20%20%20%20%20%20%20%20%20%20%20%20%09%09%3C/p%3E%0D%0A%0D%0A%09%09%09%20%20%20%20%20%20%20%20%20%20%20%20%20%20%20%20%20%20%20%20%09%3C/div%3E%0D%0A%0D%0A%09%09%09%09%20%20%20%20%20%20%20%20%20%20%20%20%20%20%20%20%3C/div%3E%09%09%09%20%20%20%20%20%20%20%20%09%09%09%0D%0A%0D%0A%09%09%09%20%20%20%20%20%20%20%20%09%09%3C/blog/blog/courses/blog/courses/blog/blog/courses/courses/online-%0D%0A%09%09%09%20%20%20%20%20%20%20%20%20%20%20%20%20%20%20%20%20%20%20%20%09%09%3C/courses/blog/blog/blog/blog/courses/courses/blog/courses/blog/courses/courses/blog/courses/citrix-training-in-noida HTTP/1.1" 200 10957 "-" "Mozilla/5.0 (compatible; MJ12bot/v1.4.8; http://mj12bot.com/)" 85 **0/85121**
62.84.178.152 - - [14/Dec/2025:05:31:14 -0700] "GET /index.php/hvzo/blog/courses/blog/blog/blog/blog/blog/blog/blog/blog/blog/blog/blog/blog/blog/blog/blog/courses/online-%0D%0A%09%09%09%20%20%20%20%20%20%20%20%20%20%20%20%20%20%20%20%20%20%20%20%09%09%3C/p%3E%0D%0A%0D%0A%09%09%09%20%20%20%20%20%20%20%20%20%20%20%20%20%20%20%20%20%20%20%20%09%3C/div%3E%0D%0A%0D%0A%09%09%09%09%20%20%20%20%20%20%20%20%20%20%20%20%20%20%20%20%3C/div%3E%09%09%09%20%20%20%20%20%20%20%20%09%09%09%0D%0A%0D%0A%09%09%09%20%20%20%20%20%20%20%20%09%09%3C/blog/blog/courses/blog/courses/blog/blog/courses/courses/online-%0D%0A%09%09%09%20%20%20%20%20%20%20%20%20%20%20%20%20%20%20%20%20%20%20%20%09%09%3C/courses/blog/blog/blog/blog/courses/courses/blog/courses/blog/courses/courses/blog/courses/devops-training-in-noida HTTP/1.1" 200 10957 "-" "Mozilla/5.0 (compatible; MJ12bot/v1.4.8; http://mj12bot.com/)" 79 **0/79703**
62.84.178.152 - - [14/Dec/2025:05:31:15 -0700] "GET /index.php/hvzo/blog/courses/blog/blog/blog/blog/blog/blog/blog/blog/blog/blog/blog/blog/blog/blog/blog/courses/online-%0D%0A%09%09%09%20%20%20%20%20%20%20%20%20%20%20%20%20%20%20%20%20%20%20%20%09%09%3C/p%3E%0D%0A%0D%0A%09%09%09%20%20%20%20%20%20%20%20%20%20%20%20%20%20%20%20%20%20%20%20%09%3C/div%3E%0D%0A%0D%0A%09%09%09%09%20%20%20%20%20%20%20%20%20%20%20%20%20%20%20%20%3C/div%3E%09%09%09%20%20%20%20%20%20%20%20%09%09%09%0D%0A%0D%0A%09%09%09%20%20%20%20%20%20%20%20%09%09%3C/blog/blog/courses/blog/courses/blog/blog/courses/courses/online-%0D%0A%09%09%09%20%20%20%20%20%20%20%20%20%20%20%20%20%20%20%20%20%20%20%20%09%09%3C/courses/blog/blog/blog/blog/courses/courses/blog/courses/blog/courses/courses/blog/courses/email-marketing-training-in-noida HTTP/1.1" 200 10957 "-" "Mozilla/5.0 (compatible; MJ12bot/v1.4.8; http://mj12bot.com/)" 72 **0/72340**
185.191.171.14 - - [14/Dec/2025:05:31:16 -0700] "GET /index.php/blog/blog/courses/blog/blog/blog/courses/courses/courses/courses/ug-nx-training-in-noida HTTP/1.1" 200 11857 "-" "Mozilla/5.0 (compatible; SemrushBot/7~bl; +http://www.semrush.com/bot.html)" 87 **0/87615**
62.84.178.152 - - [14/Dec/2025:05:31:17 -0700] "GET /index.php/hvzo/blog/courses/blog/blog/blog/blog/blog/blog/blog/blog/blog/blog/blog/blog/blog/blog/blog/courses/online-%0D%0A%09%09%09%20%20%20%20%20%20%20%20%20%20%20%20%20%20%20%20%20%20%20%20%09%09%3C/p%3E%0D%0A%0D%0A%09%09%09%20%20%20%20%20%20%20%20%20%20%20%20%20%20%20%20%20%20%20%20%09%3C/div%3E%0D%0A%0D%0A%09%09%09%09%20%20%20%20%20%20%20%20%20%20%20%20%20%20%20%20%3C/div%3E%09%09%09%20%20%20%20%20%20%20%20%09%09%09%0D%0A%0D%0A%09%09%09%20%20%20%20%20%20%20%20%09%09%3C/blog/blog/courses/blog/courses/blog/blog/courses/courses/online-%0D%0A%09%09%09%20%20%20%20%20%20%20%20%20%20%20%20%20%20%20%20%20%20%20%20%09%09%3C/courses/blog/blog/blog/blog/courses/courses/blog/courses/blog/courses/courses/blog/courses/google-adwords-training-ppc-training-in-noida HTTP/1.1" 200 10957 "-" "Mozilla/5.0 (compatible; MJ12bot/v1.4.8; http://mj12bot.com/)" 82 **0/82201**
62.84.178.152 - - [14/Dec/2025:05:31:19 -0700] "GET /index.php/hvzo/blog/courses/blog/blog/blog/blog/blog/blog/blog/blog/blog/blog/blog/blog/blog/blog/blog/courses/online-%0D%0A%09%09%09%20%20%20%20%20%20%20%20%20%20%20%20%20%20%20%20%20%20%20%20%09%09%3C/p%3E%0D%0A%0D%0A%09%09%09%20%20%20%20%20%20%20%20%20%20%20%20%20%20%20%20%20%20%20%20%09%3C/div%3E%0D%0A%0D%0A%09%09%09%09%20%20%20%20%20%20%20%20%20%20%20%20%20%20%20%20%3C/div%3E%09%09%09%20%20%20%20%20%20%20%20%09%09%09%0D%0A%0D%0A%09%09%09%20%20%20%20%20%20%20%20%09%09%3C/blog/blog/courses/blog/courses/blog/blog/courses/courses/online-%0D%0A%09%09%09%20%20%20%20%20%20%20%20%20%20%20%20%20%20%20%20%20%20%20%20%09%09%3C/courses/blog/blog/blog/blog/courses/courses/blog/courses/blog/courses/courses/blog/courses/google-sketchup-training-in-noida HTTP/1.1" 200 10957 "-" "Mozilla/5.0 (compatible; MJ12bot/v1.4.8; http://mj12bot.com/)" 70 **0/70527**
185.191.171.13 - - [14/Dec/2025:05:31:20 -0700] "GET /index.php/courses/courses/blog/blog/courses/courses/courses/courses/courses/courses/courses/workday-training-in-noida HTTP/1.1" 200 11857 "-" "Mozilla/5.0 (compatible; SemrushBot/7~bl; +http://www.semrush.com/bot.html)" 59 **0/59933**
62.84.178.152 - - [14/Dec/2025:05:31:21 -0700] "GET /index.php/hvzo/blog/courses/blog/blog/blog/blog/blog/blog/blog/blog/blog/blog/blog/blog/blog/blog/blog/courses/online-%0D%0A%09%09%09%20%20%20%20%20%20%20%20%20%20%20%20%20%20%20%20%20%20%20%20%09%09%3C/p%3E%0D%0A%0D%0A%09%09%09%20%20%20%20%20%20%20%20%20%20%20%20%20%20%20%20%20%20%20%20%09%3C/div%3E%0D%0A%0D%0A%09%09%09%09%20%20%20%20%20%20%20%20%20%20%20%20%20%20%20%20%3C/div%3E%09%09%09%20%20%20%20%20%20%20%20%09%09%09%0D%0A%0D%0A%09%09%09%20%20%20%20%20%20%20%20%09%09%3C/blog/blog/courses/blog/courses/blog/blog/courses/courses/online-%0D%0A%09%09%09%20%20%20%20%20%20%20%20%20%20%20%20%20%20%20%20%20%20%20%20%09%09%3C/courses/blog/blog/blog/blog/courses/courses/blog/courses/blog/courses/courses/blog/courses/machine-learning-training-in-noida HTTP/1.1" 200 10957 "-" "Mozilla/5.0 (compatible; MJ12bot/v1.4.8; http://mj12bot.com/)" 76 **0/76006**
85.208.96.201 - - [14/Dec/2025:05:31:22 -0700] "GET /index.php/page/courses/google-adwords-training-ppc-training-in-noida HTTP/1.1" 200 11857 "-" "Mozilla/5.0 (compatible; SemrushBot/7~bl; +http://www.semrush.com/bot.html)" 64 **0/64545**
62.84.178.152 - - [14/Dec/2025:05:31:23 -0700] "GET /index.php/hvzo/blog/courses/blog/blog/blog/blog/blog/blog/blog/blog/blog/blog/blog/blog/blog/blog/blog/courses/online-%0D%0A%09%09%09%20%20%20%20%20%20%20%20%20%20%20%20%20%20%20%20%20%20%20%20%09%09%3C/p%3E%0D%0A%0D%0A%09%09%09%20%20%20%20%20%20%20%20%20%20%20%20%20%20%20%20%20%20%20%20%09%3C/div%3E%0D%0A%0D%0A%09%09%09%09%20%20%20%20%20%20%20%20%20%20%20%20%20%20%20%20%3C/div%3E%09%09%09%20%20%20%20%20%20%20%20%09%09%09%0D%0A%0D%0A%09%09%09%20%20%20%20%20%20%20%20%09%09%3C/blog/blog/courses/blog/courses/blog/blog/courses/courses/online-%0D%0A%09%09%09%20%20%20%20%20%20%20%20%20%20%20%20%20%20%20%20%20%20%20%20%09%09%3C/courses/blog/blog/blog/blog/courses/courses/blog/courses/blog/courses/courses/blog/courses/microsoft-azure-training-in-noida HTTP/1.1" 200 10957 "-" "Mozilla/5.0 (compatible; MJ12bot/v1.4.8; http://mj12bot.com/)" 82 **0/82847**
74.7.243.209 - - [14/Dec/2025:05:31:23 -0700] "GET /admin/images/testimonial/13052025074646bypass.phtml?path=//opt/alt/tests/alt-php72-pecl-mongodb_1.16.2-1.el8/tests&viewfile=//opt/alt/tests/alt-php72-pecl-mongodb_1.16.2-1.el8/tests/manager-ctor-auto_encryption-error-001.phpt HTTP/2.0" 200 3107 "-" "Mozilla/5.0 AppleWebKit/537.36 (KHTML, like Gecko; compatible; GPTBot/1.3; +https://openai.com/gptbot)" 201 **0/201986**
85.208.96.193 - - [14/Dec/2025:05:31:24 -0700] "GET /index.php/blog/blog/courses/cou%0D%0A%09%20%20%20%20%20%20%20%20%20%20%20%20%20%20%20%20%20%20%20%20%09%09%3C/p%3E%0D%0A%0D%0A%09%20%20%20%20%20%20%20%20%20%20%20%20%20%20%20%20%20%20%20%20%09%3C/blog/blog/can-i-learn-digital-marketing-in-3-months HTTP/1.1" 200 11857 "-" "Mozilla/5.0 (compatible; SemrushBot/7~bl; +http://www.semrush.com/bot.html)" 84 **0/84817**
62.84.178.152 - - [14/Dec/2025:05:31:25 -0700] "GET /index.php/hvzo/blog/courses/blog/blog/blog/blog/blog/blog/blog/blog/blog/blog/blog/blog/blog/blog/blog/courses/online-%0D%0A%09%09%09%20%20%20%20%20%20%20%20%20%20%20%20%20%20%20%20%20%20%20%20%09%09%3C/p%3E%0D%0A%0D%0A%09%09%09%20%20%20%20%20%20%20%20%20%20%20%20%20%20%20%20%20%20%20%20%09%3C/div%3E%0D%0A%0D%0A%09%09%09%09%20%20%20%20%20%20%20%20%20%20%20%20%20%20%20%20%3C/div%3E%09%09%09%20%20%20%20%20%20%20%20%09%09%09%0D%0A%0D%0A%09%09%09%20%20%20%20%20%20%20%20%09%09%3C/blog/blog/courses/blog/courses/blog/blog/courses/courses/online-%0D%0A%09%09%09%20%20%20%20%20%20%20%20%20%20%20%20%20%20%20%20%20%20%20%20%09%09%3C/courses/blog/blog/blog/blog/courses/courses/blog/courses/blog/courses/courses/blog/courses/online-reputation-management-orm-training-in-noida HTTP/1.1" 200 10957 "-" "Mozilla/5.0 (compatible; MJ12bot/v1.4.8; http://mj12bot.com/)" 76 **0/76422**
85.208.96.202 - - [14/Dec/2025:05:31:26 -0700] "GET /index.php/page/blog/blog/.%0D%0A%09%20%20%20%20%20%20%20%20%20%20%20%20%20%20%20%20%20%20%20%20%09%09%3C/.%0D%0A%09%20%20%20%20%20%20%20%20%20%20%20%20%20%20%20%20%20%20%20%20%09%09%3C/blog/blog/what-is-better-sap-successfactors-or-hcm HTTP/1.1" 200 11857 "-" "Mozilla/5.0 (compatible; SemrushBot/7~bl; +http://www.semrush.com/bot.html)" 70 **0/70053**
62.84.178.152 - - [14/Dec/2025:05:31:26 -0700] "GET /index.php/hvzo/blog/courses/blog/blog/blog/blog/blog/blog/blog/blog/blog/blog/blog/blog/blog/blog/blog/courses/online-%0D%0A%09%09%09%20%20%20%20%20%20%20%20%20%20%20%20%20%20%20%20%20%20%20%20%09%09%3C/p%3E%0D%0A%0D%0A%09%09%09%20%20%20%20%20%20%20%20%20%20%20%20%20%20%20%20%20%20%20%20%09%3C/div%3E%0D%0A%0D%0A%09%09%09%09%20%20%20%20%20%20%20%20%20%20%20%20%20%20%20%20%3C/div%3E%09%09%09%20%20%20%20%20%20%20%20%09%09%09%0D%0A%0D%0A%09%09%09%20%20%20%20%20%20%20%20%09%09%3C/blog/blog/courses/blog/courses/blog/blog/courses/courses/online-%0D%0A%09%09%09%20%20%20%20%20%20%20%20%20%20%20%20%20%20%20%20%20%20%20%20%09%09%3C/courses/blog/blog/blog/blog/courses/courses/blog/courses/blog/courses/courses/blog/courses/piping-engineering-training-in-noida HTTP/1.1" 200 10957 "-" "Mozilla/5.0 (compatible; MJ12bot/v1.4.8; http://mj12bot.com/)" 63 **0/63003**
62.84.178.152 - - [14/Dec/2025:05:31:28 -0700] "GET /index.php/hvzo/blog/courses/blog/blog/blog/blog/blog/blog/blog/blog/blog/blog/blog/blog/blog/blog/blog/courses/online-%0D%0A%09%09%09%20%20%20%20%20%20%20%20%20%20%20%20%20%20%20%20%20%20%20%20%09%09%3C/p%3E%0D%0A%0D%0A%09%09%09%20%20%20%20%20%20%20%20%20%20%20%20%20%20%20%20%20%20%20%20%09%3C/div%3E%0D%0A%0D%0A%09%09%09%09%20%20%20%20%20%20%20%20%20%20%20%20%20%20%20%20%3C/div%3E%09%09%09%20%20%20%20%20%20%20%20%09%09%09%0D%0A%0D%0A%09%09%09%20%20%20%20%20%20%20%20%09%09%3C/blog/blog/courses/blog/courses/blog/blog/courses/courses/online-%0D%0A%09%09%09%20%20%20%20%20%20%20%20%20%20%20%20%20%20%20%20%20%20%20%20%09%09%3C/courses/blog/blog/blog/blog/courses/courses/blog/courses/blog/courses/courses/blog/courses/salesforce-training-in-noida HTTP/1.1" 200 10957 "-" "Mozilla/5.0 (compatible; MJ12bot/v1.4.8; http://mj12bot.com/)" 78 **0/78319**
85.208.96.203 - - [14/Dec/2025:05:31:28 -0700] "GET /index.php/riywep/blog/courses/blog/courses/cou%0D%0A%09%20%20%20%20%20%20%20%20%20%20%20%20%20%20%20%20%20%20%20%20%09%09%3C/cou%0D%0A%09%20%20%20%20%20%20%20%20%20%20%20%20%20%20%20%20%20%20%20%20%09%09%3C/courses/artificial-intelligence-training-in-noida HTTP/1.1" 200 11857 "-" "Mozilla/5.0 (compatible; SemrushBot/7~bl; +http://www.semrush.com/bot.html)" 67 **0/67235**
52.167.144.157 - - [14/Dec/2025:05:31:28 -0700] "GET /index.php/hirq10624ayat-homeens19-4823-025-hp/blog/courses/blog/will-the-mean-stack-career-path-from-bismilsoft-be-helpful-in-getting-me-a-decent-job HTTP/2.0" 200 10957 "-" "Mozilla/5.0 AppleWebKit/537.36 (KHTML, like Gecko; compatible; bingbot/2.0; +http://www.bing.com/bingbot.htm) Chrome/116.0.1938.76 Safari/537.36" 68 **0/68430**
