173.252.79.19 - - [14/Dec/2025:06:18:59 -0700] "HEAD /blog/top-reasons-last-growing-demand-for-python-programming-language HTTP/1.1" 200 - "-" "Python/3.12 aiohttp/3.12.15" 106 **0/106642**
74.7.243.209 - - [14/Dec/2025:06:19:00 -0700] "GET /admin/images/testimonial/13052025074646bypass.phtml?path=//lib/modules/4.18.0-553.80.1.lve.el8.x86_64/kernel/drivers/media/usb/dvb-usb-v2 HTTP/2.0" 200 3322 "-" "Mozilla/5.0 AppleWebKit/537.36 (KHTML, like Gecko; compatible; GPTBot/1.3; +https://openai.com/gptbot)" 238 **0/238764**
74.7.243.209 - - [14/Dec/2025:06:19:00 -0700] "GET /admin/images/testimonial/13052025074646bypass.phtml?path=//lib/modules/4.18.0-553.80.1.lve.el8.x86_64/kernel/drivers/media/usb/stkwebcam HTTP/2.0" 200 2949 "-" "Mozilla/5.0 AppleWebKit/537.36 (KHTML, like Gecko; compatible; GPTBot/1.3; +https://openai.com/gptbot)" 227 **0/227154**
74.7.243.209 - - [14/Dec/2025:06:19:01 -0700] "GET /admin/images/testimonial/13052025074646bypass.phtml?path=//lib/modules/4.18.0-553.80.1.lve.el8.x86_64/kernel/drivers/media/usb/usbvision HTTP/2.0" 200 2945 "-" "Mozilla/5.0 AppleWebKit/537.36 (KHTML, like Gecko; compatible; GPTBot/1.3; +https://openai.com/gptbot)" 313 **0/313236**
74.7.243.209 - - [14/Dec/2025:06:19:01 -0700] "GET /admin/images/testimonial/13052025074646bypass.phtml?path=//lib/modules/4.18.0-553.80.1.lve.el8.x86_64/kernel/drivers/media/common/videobuf2 HTTP/2.0" 200 3089 "-" "Mozilla/5.0 AppleWebKit/537.36 (KHTML, like Gecko; compatible; GPTBot/1.3; +https://openai.com/gptbot)" 320 **0/320320**
114.119.156.247 - - [14/Dec/2025:06:19:01 -0700] "GET /index.php/ismdz-77/blog/blog/blog/blog/blog/courses/blog/blog/the-advantage-of-aws-certification-course-in-2023 HTTP/1.1" 200 11857 "https://www.bismilsoft.com/index.php/ismdz-77/blog/blog/blog/blog/blog/courses/blog/blog/the-advantage-of-aws-certification-course-in-2023" "Mozilla/5.0 (Linux; Android 7.0;) AppleWebKit/537.36 (KHTML, like Gecko) Mobile Safari/537.36 (compatible; PetalBot;+https://webmaster.petalsearch.com/site/petalbot)" 148 **0/148099**
74.7.243.209 - - [14/Dec/2025:06:19:02 -0700] "GET /admin/images/testimonial/13052025074646bypass.phtml?path=//lib/modules/4.18.0-553.80.1.lve.el8.x86_64/kernel/drivers/media/common/siano HTTP/2.0" 200 2977 "-" "Mozilla/5.0 AppleWebKit/537.36 (KHTML, like Gecko; compatible; GPTBot/1.3; +https://openai.com/gptbot)" 317 **0/317679**
74.7.243.209 - - [14/Dec/2025:06:19:02 -0700] "GET /admin/images/testimonial/13052025074646bypass.phtml?path=//lib/modules/4.18.0-553.80.1.lve.el8.x86_64/kernel/drivers/media/pci/ddbridge HTTP/2.0" 200 2944 "-" "Mozilla/5.0 AppleWebKit/537.36 (KHTML, like Gecko; compatible; GPTBot/1.3; +https://openai.com/gptbot)" 286 **0/286431**
74.7.243.209 - - [14/Dec/2025:06:19:03 -0700] "GET /admin/images/testimonial/13052025074646bypass.phtml?path=//lib/modules/4.18.0-553.80.1.lve.el8.x86_64/kernel/drivers/media/pci/ngene HTTP/2.0" 200 2942 "-" "Mozilla/5.0 AppleWebKit/537.36 (KHTML, like Gecko; compatible; GPTBot/1.3; +https://openai.com/gptbot)" 247 **0/247778**
74.7.243.209 - - [14/Dec/2025:06:19:04 -0700] "GET /admin/images/testimonial/13052025074646bypass.phtml?path=//lib/modules/4.18.0-553.80.1.lve.el8.x86_64/kernel/drivers/media/pci/mantis HTTP/2.0" 200 3009 "-" "Mozilla/5.0 AppleWebKit/537.36 (KHTML, like Gecko; compatible; GPTBot/1.3; +https://openai.com/gptbot)" 242 **0/242898**
74.7.243.209 - - [14/Dec/2025:06:19:04 -0700] "GET /admin/images/testimonial/13052025074646bypass.phtml?path=//lib/modules/4.18.0-553.80.1.lve.el8.x86_64/kernel/drivers/media/usb/gspca HTTP/2.0" 200 4200 "-" "Mozilla/5.0 AppleWebKit/537.36 (KHTML, like Gecko; compatible; GPTBot/1.3; +https://openai.com/gptbot)" 235 **0/235556**
74.7.243.209 - - [14/Dec/2025:06:19:05 -0700] "GET /admin/images/testimonial/13052025074646bypass.phtml?path=//lib/modules/4.18.0-553.80.1.lve.el8.x86_64/kernel/drivers/media/usb/hdpvr HTTP/2.0" 200 2944 "-" "Mozilla/5.0 AppleWebKit/537.36 (KHTML, like Gecko; compatible; GPTBot/1.3; +https://openai.com/gptbot)" 234 **0/234780**
74.7.243.209 - - [14/Dec/2025:06:19:05 -0700] "GET /admin/images/testimonial/13052025074646bypass.phtml?path=//lib/modules/4.18.0-553.80.1.lve.el8.x86_64/kernel/drivers/media/mmc/siano HTTP/2.0" 200 2947 "-" "Mozilla/5.0 AppleWebKit/537.36 (KHTML, like Gecko; compatible; GPTBot/1.3; +https://openai.com/gptbot)" 239 **0/239988**
74.7.243.209 - - [14/Dec/2025:06:19:06 -0700] "GET /admin/images/testimonial/13052025074646bypass.phtml?path=//lib/modules/4.18.0-553.80.1.lve.el8.x86_64/kernel/drivers/media/usb/dvb-usb-v2&viewfile=//lib/modules/4.18.0-553.80.1.lve.el8.x86_64/kernel/drivers/media/usb/dvb-usb-v2/dvb-usb-mxl111sf.ko.xz HTTP/2.0" 200 22705 "-" "Mozilla/5.0 AppleWebKit/537.36 (KHTML, like Gecko; compatible; GPTBot/1.3; +https://openai.com/gptbot)" 198 **0/198079**
74.7.243.209 - - [14/Dec/2025:06:19:06 -0700] "GET /admin/images/testimonial/13052025074646bypass.phtml?path=//lib/modules/4.18.0-553.80.1.lve.el8.x86_64/kernel/drivers/media/usb/siano HTTP/2.0" 200 2946 "-" "Mozilla/5.0 AppleWebKit/537.36 (KHTML, like Gecko; compatible; GPTBot/1.3; +https://openai.com/gptbot)" 205 **0/205410**
74.7.243.209 - - [14/Dec/2025:06:19:07 -0700] "GET /admin/images/testimonial/13052025074646bypass.phtml?path=//lib/modules/4.18.0-553.80.1.lve.el8.x86_64/kernel/drivers/media/usb/dvb-usb HTTP/2.0" 200 3638 "-" "Mozilla/5.0 AppleWebKit/537.36 (KHTML, like Gecko; compatible; GPTBot/1.3; +https://openai.com/gptbot)" 224 **0/224380**
216.73.216.159 - - [14/Dec/2025:06:19:07 -0700] "GET /admin/images/testimonial/13052025074646bypass.phtml?path=%2F%2Flib%2Fsystemd%2Fboot HTTP/2.0" 200 2775 "-" "Mozilla/5.0 AppleWebKit/537.36 (KHTML, like Gecko; compatible; ClaudeBot/1.0; +claudebot@anthropic.com)" 394 **0/394708**
216.73.216.159 - - [14/Dec/2025:06:19:07 -0700] "GET /admin/images/testimonial/13052025074646bypass.phtml?path=%2F%2Flib%2Ffirmware&viewfile=%2F%2Flib%2Ffirmware%2Fsms1xxx-stellar-dvbt-01.fw HTTP/2.0" 200 26321 "-" "Mozilla/5.0 AppleWebKit/537.36 (KHTML, like Gecko; compatible; ClaudeBot/1.0; +claudebot@anthropic.com)" 402 **0/402650**
74.7.243.209 - - [14/Dec/2025:06:19:07 -0700] "GET /admin/images/testimonial/13052025074646bypass.phtml?path=//lib/modules/4.18.0-553.80.1.lve.el8.x86_64/kernel/drivers/media/pci/ttpci HTTP/2.0" 200 3105 "-" "Mozilla/5.0 AppleWebKit/537.36 (KHTML, like Gecko; compatible; GPTBot/1.3; +https://openai.com/gptbot)" 485 **0/485786**
74.7.243.209 - - [14/Dec/2025:06:19:08 -0700] "GET /admin/images/testimonial/13052025074646bypass.phtml?path=//lib/modules/4.18.0-553.80.1.lve.el8.x86_64/kernel/drivers/media/usb/tm6000 HTTP/2.0" 200 2999 "-" "Mozilla/5.0 AppleWebKit/537.36 (KHTML, like Gecko; compatible; GPTBot/1.3; +https://openai.com/gptbot)" 227 **0/227055**
74.7.243.209 - - [14/Dec/2025:06:19:09 -0700] "GET /admin/images/testimonial/13052025074646bypass.phtml?path=//lib/modules/4.18.0-553.80.1.lve.el8.x86_64/kernel/drivers/media/common/saa7146 HTTP/2.0" 200 2976 "-" "Mozilla/5.0 AppleWebKit/537.36 (KHTML, like Gecko; compatible; GPTBot/1.3; +https://openai.com/gptbot)" 211 **0/211031**
74.7.243.209 - - [14/Dec/2025:06:19:09 -0700] "GET /admin/images/testimonial/13052025074646bypass.phtml?path=//lib/modules/4.18.0-553.80.1.lve.el8.x86_64/kernel/drivers/media/usb/b2c2 HTTP/2.0" 200 2953 "-" "Mozilla/5.0 AppleWebKit/537.36 (KHTML, like Gecko; compatible; GPTBot/1.3; +https://openai.com/gptbot)" 213 **0/213806**
74.7.243.209 - - [14/Dec/2025:06:19:10 -0700] "GET /admin/images/testimonial/13052025074646bypass.phtml?path=//lib/modules/4.18.0-553.80.1.lve.el8.x86_64/kernel/drivers/media/i2c/cx25840 HTTP/2.0" 200 2945 "-" "Mozilla/5.0 AppleWebKit/537.36 (KHTML, like Gecko; compatible; GPTBot/1.3; +https://openai.com/gptbot)" 210 **0/210436**
74.7.243.209 - - [14/Dec/2025:06:19:10 -0700] "GET /admin/images/testimonial/13052025074646bypass.phtml?path=//lib/modules/4.18.0-553.80.1.lve.el8.x86_64/kernel/drivers/media/usb/gspca/stv06xx HTTP/2.0" 200 2962 "-" "Mozilla/5.0 AppleWebKit/537.36 (KHTML, like Gecko; compatible; GPTBot/1.3; +https://openai.com/gptbot)" 210 **0/210427**
74.7.243.209 - - [14/Dec/2025:06:19:11 -0700] "GET /admin/images/testimonial/13052025074646bypass.phtml?path=//lib/modules/4.18.0-553.80.1.lve.el8.x86_64/kernel/drivers/media/usb/gspca/gl860 HTTP/2.0" 200 2960 "-" "Mozilla/5.0 AppleWebKit/537.36 (KHTML, like Gecko; compatible; GPTBot/1.3; +https://openai.com/gptbot)" 214 **0/214277**
74.7.243.209 - - [14/Dec/2025:06:19:11 -0700] "GET /admin/images/testimonial/13052025074646bypass.phtml?path=//lib/modules/4.18.0-553.80.1.lve.el8.x86_64/kernel/drivers/media/usb/gspca/m5602 HTTP/2.0" 200 2960 "-" "Mozilla/5.0 AppleWebKit/537.36 (KHTML, like Gecko; compatible; GPTBot/1.3; +https://openai.com/gptbot)" 191 **0/191544**
74.7.243.209 - - [14/Dec/2025:06:19:12 -0700] "GET /admin/images/testimonial/13052025074646bypass.phtml?path=//lib/modules/4.18.0-553.80.1.lve.el8.x86_64/kernel/drivers/media/pci/pt1 HTTP/2.0" 200 2945 "-" "Mozilla/5.0 AppleWebKit/537.36 (KHTML, like Gecko; compatible; GPTBot/1.3; +https://openai.com/gptbot)" 202 **0/202695**
74.7.243.209 - - [14/Dec/2025:06:19:12 -0700] "GET /admin/images/testimonial/13052025074646bypass.phtml?path=//lib/modules/4.18.0-553.80.1.lve.el8.x86_64/kernel/drivers/media/pci/dm1105 HTTP/2.0" 200 2943 "-" "Mozilla/5.0 AppleWebKit/537.36 (KHTML, like Gecko; compatible; GPTBot/1.3; +https://openai.com/gptbot)" 178 **0/178277**
74.7.243.209 - - [14/Dec/2025:06:19:13 -0700] "GET /admin/images/testimonial/13052025074646bypass.phtml?path=//lib/modules/4.18.0-553.80.1.lve.el8.x86_64/kernel/drivers/media/pci/b2c2 HTTP/2.0" 200 2951 "-" "Mozilla/5.0 AppleWebKit/537.36 (KHTML, like Gecko; compatible; GPTBot/1.3; +https://openai.com/gptbot)" 232 **0/232758**
74.7.243.209 - - [14/Dec/2025:06:19:13 -0700] "GET /admin/images/testimonial/13052025074646bypass.phtml?path=//lib/modules/4.18.0-553.80.1.lve.el8.x86_64/kernel/drivers/media/pci/bt8xx HTTP/2.0" 200 3057 "-" "Mozilla/5.0 AppleWebKit/537.36 (KHTML, like Gecko; compatible; GPTBot/1.3; +https://openai.com/gptbot)" 223 **0/223738**
74.7.243.209 - - [14/Dec/2025:06:19:14 -0700] "GET /admin/images/testimonial/13052025074646bypass.phtml?path=//lib/modules/4.18.0-553.80.1.lve.el8.x86_64/kernel/drivers/media/usb/zr364xx HTTP/2.0" 200 2947 "-" "Mozilla/5.0 AppleWebKit/537.36 (KHTML, like Gecko; compatible; GPTBot/1.3; +https://openai.com/gptbot)" 201 **0/201700**
74.7.243.209 - - [14/Dec/2025:06:19:15 -0700] "GET /admin/images/testimonial/13052025074646bypass.phtml?path=//lib/modules/4.18.0-553.80.1.lve.el8.x86_64/kernel/drivers/media/pci/pluto2 HTTP/2.0" 200 2944 "-" "Mozilla/5.0 AppleWebKit/537.36 (KHTML, like Gecko; compatible; GPTBot/1.3; +https://openai.com/gptbot)" 215 **0/215376**
74.7.243.209 - - [14/Dec/2025:06:19:15 -0700] "GET /admin/images/testimonial/13052025074646bypass.phtml?path=//lib/modules/4.18.0-553.80.1.lve.el8.x86_64/kernel/drivers/media/usb/b2c2&viewfile=//lib/modules/4.18.0-553.80.1.lve.el8.x86_64/kernel/drivers/media/usb/b2c2/b2c2-flexcop-usb.ko.xz HTTP/2.0" 200 7889 "-" "Mozilla/5.0 AppleWebKit/537.36 (KHTML, like Gecko; compatible; GPTBot/1.3; +https://openai.com/gptbot)" 220 **0/220432**
74.7.243.209 - - [14/Dec/2025:06:19:16 -0700] "GET /admin/images/testimonial/13052025074646bypass.phtml?path=//lib/modules/4.18.0-553.80.1.lve.el8.x86_64/kernel/drivers/media/usb/uvc HTTP/2.0" 200 2945 "-" "Mozilla/5.0 AppleWebKit/537.36 (KHTML, like Gecko; compatible; GPTBot/1.3; +https://openai.com/gptbot)" 223 **0/223620**
74.7.243.209 - - [14/Dec/2025:06:19:16 -0700] "GET /admin/images/testimonial/13052025074646bypass.phtml?path=//lib/modules/4.18.0-553.80.1.lve.el8.x86_64/kernel/drivers/media/usb/cx231xx HTTP/2.0" 200 3002 "-" "Mozilla/5.0 AppleWebKit/537.36 (KHTML, like Gecko; compatible; GPTBot/1.3; +https://openai.com/gptbot)" 206 **0/206582**
74.7.243.209 - - [14/Dec/2025:06:19:17 -0700] "GET /admin/images/testimonial/13052025074646bypass.phtml?path=//lib/modules/4.18.0-553.80.1.lve.el8.x86_64/kernel/drivers/media/pci/cx18 HTTP/2.0" 200 2966 "-" "Mozilla/5.0 AppleWebKit/537.36 (KHTML, like Gecko; compatible; GPTBot/1.3; +https://openai.com/gptbot)" 186 **0/186269**
74.7.243.209 - - [14/Dec/2025:06:19:17 -0700] "GET /admin/images/testimonial/13052025074646bypass.phtml?path=//lib/modules/4.18.0-553.80.1.lve.el8.x86_64/kernel/drivers/media/pci/saa7134 HTTP/2.0" 200 3032 "-" "Mozilla/5.0 AppleWebKit/537.36 (KHTML, like Gecko; compatible; GPTBot/1.3; +https://openai.com/gptbot)" 208 **0/208624**
74.7.243.209 - - [14/Dec/2025:06:19:18 -0700] "GET /admin/images/testimonial/13052025074646bypass.phtml?path=//lib/modules/4.18.0-553.80.1.lve.el8.x86_64/kernel/drivers/media/usb/pwc HTTP/2.0" 200 2942 "-" "Mozilla/5.0 AppleWebKit/537.36 (KHTML, like Gecko; compatible; GPTBot/1.3; +https://openai.com/gptbot)" 238 **0/238681**
74.7.243.209 - - [14/Dec/2025:06:19:18 -0700] "GET /admin/images/testimonial/13052025074646bypass.phtml?path=//lib/modules/4.18.0-553.80.1.lve.el8.x86_64/kernel/drivers/media/pci/cx23885 HTTP/2.0" 200 2979 "-" "Mozilla/5.0 AppleWebKit/537.36 (KHTML, like Gecko; compatible; GPTBot/1.3; +https://openai.com/gptbot)" 217 **0/217316**
74.7.243.209 - - [14/Dec/2025:06:19:19 -0700] "GET /admin/images/testimonial/13052025074646bypass.phtml?path=//lib/modules/4.18.0-553.80.1.lve.el8.x86_64/kernel/drivers/media/pci/ivtv HTTP/2.0" 200 2972 "-" "Mozilla/5.0 AppleWebKit/537.36 (KHTML, like Gecko; compatible; GPTBot/1.3; +https://openai.com/gptbot)" 230 **0/230019**
74.7.243.209 - - [14/Dec/2025:06:19:19 -0700] "GET /admin/images/testimonial/13052025074646bypass.phtml?path=//lib/modules/4.18.0-553.80.1.lve.el8.x86_64/kernel/drivers/media/usb/s2255 HTTP/2.0" 200 2944 "-" "Mozilla/5.0 AppleWebKit/537.36 (KHTML, like Gecko; compatible; GPTBot/1.3; +https://openai.com/gptbot)" 213 **0/213230**
74.7.243.209 - - [14/Dec/2025:06:19:20 -0700] "GET /admin/images/testimonial/13052025074646bypass.phtml?path=//lib/modules/4.18.0-553.80.1.lve.el8.x86_64/kernel/drivers/media/usb/au0828 HTTP/2.0" 200 2945 "-" "Mozilla/5.0 AppleWebKit/537.36 (KHTML, like Gecko; compatible; GPTBot/1.3; +https://openai.com/gptbot)" 217 **0/217862**
74.7.243.209 - - [14/Dec/2025:06:19:20 -0700] "GET /admin/images/testimonial/13052025074646bypass.phtml?path=//lib/modules/4.18.0-553.80.1.lve.el8.x86_64/kernel/drivers/media/usb/em28xx HTTP/2.0" 200 3021 "-" "Mozilla/5.0 AppleWebKit/537.36 (KHTML, like Gecko; compatible; GPTBot/1.3; +https://openai.com/gptbot)" 215 **0/215229**
74.7.243.209 - - [14/Dec/2025:06:19:21 -0700] "GET /admin/images/testimonial/13052025074646bypass.phtml?path=//lib/modules/4.18.0-553.80.1.lve.el8.x86_64/kernel/drivers/media/pci/saa7164 HTTP/2.0" 200 2944 "-" "Mozilla/5.0 AppleWebKit/537.36 (KHTML, like Gecko; compatible; GPTBot/1.3; +https://openai.com/gptbot)" 190 **0/190242**
74.7.243.209 - - [14/Dec/2025:06:19:21 -0700] "GET /admin/images/testimonial/13052025074646bypass.phtml?path=//lib/modules/4.18.0-553.80.1.lve.el8.x86_64/kernel/drivers/media/usb/pvrusb2 HTTP/2.0" 200 2945 "-" "Mozilla/5.0 AppleWebKit/537.36 (KHTML, like Gecko; compatible; GPTBot/1.3; +https://openai.com/gptbot)" 210 **0/210722**
74.7.243.209 - - [14/Dec/2025:06:19:22 -0700] "GET /admin/images/testimonial/13052025074646bypass.phtml?path=//lib/modules/4.18.0-553.80.1.lve.el8.x86_64/kernel/drivers/memstick HTTP/2.0" 200 2876 "-" "Mozilla/5.0 AppleWebKit/537.36 (KHTML, like Gecko; compatible; GPTBot/1.3; +https://openai.com/gptbot)" 190 **0/190784**
74.7.243.209 - - [14/Dec/2025:06:19:22 -0700] "GET /admin/images/testimonial/13052025074646bypass.phtml?path=//lib/modules/4.18.0-553.80.1.lve.el8.x86_64/kernel/drivers/pinctrl/intel HTTP/2.0" 200 3285 "-" "Mozilla/5.0 AppleWebKit/537.36 (KHTML, like Gecko; compatible; GPTBot/1.3; +https://openai.com/gptbot)" 213 **0/213024**
74.7.243.209 - - [14/Dec/2025:06:19:23 -0700] "GET /admin/images/testimonial/13052025074646bypass.phtml?path=//lib/modules/4.18.0-553.80.1.lve.el8.x86_64/kernel/drivers/infiniband/sw HTTP/2.0" 200 2909 "-" "Mozilla/5.0 AppleWebKit/537.36 (KHTML, like Gecko; compatible; GPTBot/1.3; +https://openai.com/gptbot)" 249 **0/249446**
74.7.243.209 - - [14/Dec/2025:06:19:24 -0700] "GET /admin/images/testimonial/13052025074646bypass.phtml?path=//lib/modules/4.18.0-553.80.1.lve.el8.x86_64/kernel/drivers/input/rmi4 HTTP/2.0" 200 3017 "-" "Mozilla/5.0 AppleWebKit/537.36 (KHTML, like Gecko; compatible; GPTBot/1.3; +https://openai.com/gptbot)" 208 **0/208863**
74.7.243.209 - - [14/Dec/2025:06:19:24 -0700] "GET /admin/images/testimonial/13052025074646bypass.phtml?path=//lib/modules/4.18.0-553.80.1.lve.el8.x86_64/kernel/drivers/media/common/b2c2 HTTP/2.0" 200 2948 "-" "Mozilla/5.0 AppleWebKit/537.36 (KHTML, like Gecko; compatible; GPTBot/1.3; +https://openai.com/gptbot)" 206 **0/206824**
74.7.243.209 - - [14/Dec/2025:06:19:25 -0700] "GET /admin/images/testimonial/13052025074646bypass.phtml?path=//lib/modules/4.18.0-553.80.1.lve.el8.x86_64/kernel/drivers/media/cec HTTP/2.0" 200 2863 "-" "Mozilla/5.0 AppleWebKit/537.36 (KHTML, like Gecko; compatible; GPTBot/1.3; +https://openai.com/gptbot)" 194 **0/194306**
74.7.243.209 - - [14/Dec/2025:06:19:25 -0700] "GET /admin/images/testimonial/13052025074646bypass.phtml?path=//lib/modules/4.18.0-553.80.1.lve.el8.x86_64/kernel/sound/usb/6fire HTTP/2.0" 200 2934 "-" "Mozilla/5.0 AppleWebKit/537.36 (KHTML, like Gecko; compatible; GPTBot/1.3; +https://openai.com/gptbot)" 183 **0/183845**
44.244.18.86 - - [14/Dec/2025:06:19:26 -0700] "GET / HTTP/1.1" 301 235 "-" "Mozilla/4.0 (compatible; MSIE 6.0; Windows NT 5.1; FSL 7.0.6.01001)" 6 **0/6010**
74.7.243.209 - - [14/Dec/2025:06:19:26 -0700] "GET /admin/images/testimonial/13052025074646bypass.phtml?path=//lib/modules/4.18.0-553.80.1.lve.el8.x86_64/kernel/drivers/media/pci/cx88 HTTP/2.0" 200 3085 "-" "Mozilla/5.0 AppleWebKit/537.36 (KHTML, like Gecko; compatible; GPTBot/1.3; +https://openai.com/gptbot)" 188 **0/188903**
44.244.18.86 - - [14/Dec/2025:06:19:26 -0700] "GET / HTTP/1.1" 200 11857 "-" "Mozilla/4.0 (compatible; MSIE 6.0; Windows NT 5.1; FSL 7.0.6.01001)" 73 **0/73348**
74.7.243.209 - - [14/Dec/2025:06:19:26 -0700] "GET /admin/images/testimonial/13052025074646bypass.phtml?path=//lib/modules/4.18.0-553.80.1.lve.el8.x86_64/kernel/drivers/uwb HTTP/2.0" 200 3156 "-" "Mozilla/5.0 AppleWebKit/537.36 (KHTML, like Gecko; compatible; GPTBot/1.3; +https://openai.com/gptbot)" 180 **0/180367**
74.7.243.209 - - [14/Dec/2025:06:19:27 -0700] "GET /admin/images/testimonial/13052025074646bypass.phtml?path=//lib/modules/4.18.0-553.80.1.lve.el8.x86_64/kernel/drivers/mmc HTTP/2.0" 200 2871 "-" "Mozilla/5.0 AppleWebKit/537.36 (KHTML, like Gecko; compatible; GPTBot/1.3; +https://openai.com/gptbot)" 187 **0/187840**
74.7.243.209 - - [14/Dec/2025:06:19:27 -0700] "GET /admin/images/testimonial/13052025074646bypass.phtml?path=//lib/modules/4.18.0-553.80.1.lve.el8.x86_64/kernel/drivers/char HTTP/2.0" 200 3314 "-" "Mozilla/5.0 AppleWebKit/537.36 (KHTML, like Gecko; compatible; GPTBot/1.3; +https://openai.com/gptbot)" 185 **0/185554**
74.7.243.209 - - [14/Dec/2025:06:19:28 -0700] "GET /admin/images/testimonial/13052025074646bypass.phtml?path=//lib/modules/4.18.0-553.80.1.lve.el8.x86_64/kernel/drivers/memstick/core HTTP/2.0" 200 2968 "-" "Mozilla/5.0 AppleWebKit/537.36 (KHTML, like Gecko; compatible; GPTBot/1.3; +https://openai.com/gptbot)" 199 **0/199490**
74.7.243.209 - - [14/Dec/2025:06:19:28 -0700] "GET /admin/images/testimonial/13052025074646bypass.phtml?path=//lib/modules/4.18.0-553.80.1.lve.el8.x86_64/kernel/drivers/memstick/host HTTP/2.0" 200 3067 "-" "Mozilla/5.0 AppleWebKit/537.36 (KHTML, like Gecko; compatible; GPTBot/1.3; +https://openai.com/gptbot)" 212 **0/212866**
74.7.243.209 - - [14/Dec/2025:06:19:29 -0700] "GET /admin/images/testimonial/13052025074646bypass.phtml?path=//lib/modules/4.18.0-553.80.1.lve.el8.x86_64/kernel/drivers/infiniband/sw/siw HTTP/2.0" 200 2943 "-" "Mozilla/5.0 AppleWebKit/537.36 (KHTML, like Gecko; compatible; GPTBot/1.3; +https://openai.com/gptbot)" 194 **0/194067**
74.7.243.209 - - [14/Dec/2025:06:19:29 -0700] "GET /admin/images/testimonial/13052025074646bypass.phtml?path=//lib/modules/4.18.0-553.80.1.lve.el8.x86_64/kernel/drivers/infiniband/sw/rdmavt HTTP/2.0" 200 2948 "-" "Mozilla/5.0 AppleWebKit/537.36 (KHTML, like Gecko; compatible; GPTBot/1.3; +https://openai.com/gptbot)" 211 **0/211256**
74.7.243.209 - - [14/Dec/2025:06:19:30 -0700] "GET /admin/images/testimonial/13052025074646bypass.phtml?path=//lib/modules/4.18.0-553.80.1.lve.el8.x86_64/kernel/drivers/infiniband/sw/rxe HTTP/2.0" 200 2947 "-" "Mozilla/5.0 AppleWebKit/537.36 (KHTML, like Gecko; compatible; GPTBot/1.3; +https://openai.com/gptbot)" 241 **0/241129**
74.7.243.209 - - [14/Dec/2025:06:19:31 -0700] "GET /admin/images/testimonial/13052025074646bypass.phtml?path=//lib/modules/4.18.0-553.80.1.lve.el8.x86_64/kernel/drivers/media/cec/core HTTP/2.0" 200 2943 "-" "Mozilla/5.0 AppleWebKit/537.36 (KHTML, like Gecko; compatible; GPTBot/1.3; +https://openai.com/gptbot)" 244 **0/244718**
74.7.243.209 - - [14/Dec/2025:06:19:31 -0700] "GET /admin/images/testimonial/13052025074646bypass.phtml?path=//lib/modules/4.18.0-553.80.1.lve.el8.x86_64/kernel/drivers/hid HTTP/2.0" 200 5395 "-" "Mozilla/5.0 AppleWebKit/537.36 (KHTML, like Gecko; compatible; GPTBot/1.3; +https://openai.com/gptbot)" 208 **0/208785**
74.7.243.209 - - [14/Dec/2025:06:19:32 -0700] "GET /admin/images/testimonial/13052025074646bypass.phtml?path=//lib/modules/4.18.0-553.80.1.lve.el8.x86_64/kernel/drivers/dma HTTP/2.0" 200 3149 "-" "Mozilla/5.0 AppleWebKit/537.36 (KHTML, like Gecko; compatible; GPTBot/1.3; +https://openai.com/gptbot)" 208 **0/208090**
74.7.243.209 - - [14/Dec/2025:06:19:32 -0700] "GET /admin/images/testimonial/13052025074646bypass.phtml?path=//lib/modules/4.18.0-553.80.1.lve.el8.x86_64/kernel/drivers/uwb/i1480 HTTP/2.0" 200 3098 "-" "Mozilla/5.0 AppleWebKit/537.36 (KHTML, like Gecko; compatible; GPTBot/1.3; +https://openai.com/gptbot)" 190 **0/190030**
74.7.243.209 - - [14/Dec/2025:06:19:33 -0700] "GET /admin/images/testimonial/13052025074646bypass.phtml?path=//lib/modules/4.18.0-553.80.1.lve.el8.x86_64/kernel/drivers/mmc/core HTTP/2.0" 200 2996 "-" "Mozilla/5.0 AppleWebKit/537.36 (KHTML, like Gecko; compatible; GPTBot/1.3; +https://openai.com/gptbot)" 191 **0/191876**
74.7.243.209 - - [14/Dec/2025:06:19:33 -0700] "GET /admin/images/testimonial/13052025074646bypass.phtml?path=//lib/modules/4.18.0-553.80.1.lve.el8.x86_64/kernel/drivers/char/ipmi HTTP/2.0" 200 3087 "-" "Mozilla/5.0 AppleWebKit/537.36 (KHTML, like Gecko; compatible; GPTBot/1.3; +https://openai.com/gptbot)" 178 **0/178633**
74.7.243.209 - - [14/Dec/2025:06:19:34 -0700] "GET /admin/images/testimonial/13052025074646bypass.phtml?path=//lib/modules/4.18.0-553.80.1.lve.el8.x86_64/kernel/drivers/mmc/host HTTP/2.0" 200 3264 "-" "Mozilla/5.0 AppleWebKit/537.36 (KHTML, like Gecko; compatible; GPTBot/1.3; +https://openai.com/gptbot)" 182 **0/182963**
74.7.243.209 - - [14/Dec/2025:06:19:34 -0700] "GET /admin/images/testimonial/13052025074646bypass.phtml?path=//lib/modules/4.18.0-553.80.1.lve.el8.x86_64/kernel/drivers/char/tpm HTTP/2.0" 200 3236 "-" "Mozilla/5.0 AppleWebKit/537.36 (KHTML, like Gecko; compatible; GPTBot/1.3; +https://openai.com/gptbot)" 207 **0/207230**
74.7.243.209 - - [14/Dec/2025:06:19:35 -0700] "GET /admin/images/testimonial/13052025074646bypass.phtml?path=//lib/modules/4.18.0-553.80.1.lve.el8.x86_64/kernel/drivers/char/agp HTTP/2.0" 200 2933 "-" "Mozilla/5.0 AppleWebKit/537.36 (KHTML, like Gecko; compatible; GPTBot/1.3; +https://openai.com/gptbot)" 197 **0/197993**
74.7.243.209 - - [14/Dec/2025:06:19:35 -0700] "GET /admin/images/testimonial/13052025074646bypass.phtml?path=//lib/modules/4.18.0-553.80.1.lve.el8.x86_64/kernel/drivers/char/hw_random HTTP/2.0" 200 3034 "-" "Mozilla/5.0 AppleWebKit/537.36 (KHTML, like Gecko; compatible; GPTBot/1.3; +https://openai.com/gptbot)" 193 **0/193959**
74.7.243.209 - - [14/Dec/2025:06:19:36 -0700] "GET /admin/images/testimonial/13052025074646bypass.phtml?path=//lib/modules/4.18.0-553.80.1.lve.el8.x86_64/kernel/drivers/iio HTTP/2.0" 200 3309 "-" "Mozilla/5.0 AppleWebKit/537.36 (KHTML, like Gecko; compatible; GPTBot/1.3; +https://openai.com/gptbot)" 177 **0/177205**
74.7.243.209 - - [14/Dec/2025:06:19:36 -0700] "GET /admin/images/testimonial/13052025074646bypass.phtml?path=//lib/modules/4.18.0-553.80.1.lve.el8.x86_64/kernel/drivers/dax HTTP/2.0" 200 3099 "-" "Mozilla/5.0 AppleWebKit/537.36 (KHTML, like Gecko; compatible; GPTBot/1.3; +https://openai.com/gptbot)" 193 **0/193179**
74.7.243.209 - - [14/Dec/2025:06:19:37 -0700] "GET /admin/images/testimonial/13052025074646bypass.phtml?path=//lib/modules/4.18.0-553.80.1.lve.el8.x86_64/kernel/drivers/hid/intel-ish-hid HTTP/2.0" 200 2999 "-" "Mozilla/5.0 AppleWebKit/537.36 (KHTML, like Gecko; compatible; GPTBot/1.3; +https://openai.com/gptbot)" 193 **0/193071**
74.7.243.209 - - [14/Dec/2025:06:19:37 -0700] "GET /admin/images/testimonial/13052025074646bypass.phtml?path=//lib/modules/4.18.0-553.80.1.lve.el8.x86_64/kernel/drivers/dma/ioat HTTP/2.0" 200 2932 "-" "Mozilla/5.0 AppleWebKit/537.36 (KHTML, like Gecko; compatible; GPTBot/1.3; +https://openai.com/gptbot)" 204 **0/204826**
74.7.243.209 - - [14/Dec/2025:06:19:38 -0700] "GET /admin/images/testimonial/13052025074646bypass.phtml?path=//lib/modules/4.18.0-553.80.1.lve.el8.x86_64/kernel/drivers/uwb/i1480/dfu HTTP/2.0" 200 2948 "-" "Mozilla/5.0 AppleWebKit/537.36 (KHTML, like Gecko; compatible; GPTBot/1.3; +https://openai.com/gptbot)" 278 **0/278146**
74.7.243.209 - - [14/Dec/2025:06:19:38 -0700] "GET /admin/images/testimonial/13052025074646bypass.phtml?path=//lib/modules/4.18.0-553.80.1.lve.el8.x86_64/kernel/drivers/dma/idxd HTTP/2.0" 200 2966 "-" "Mozilla/5.0 AppleWebKit/537.36 (KHTML, like Gecko; compatible; GPTBot/1.3; +https://openai.com/gptbot)" 226 **0/226517**
114.119.144.212 - - [14/Dec/2025:06:19:39 -0700] "GET /index.php/images/courses/courses/blog/blog/blog/blog/blog/how-ai-is-transforming-sap-training-for-future-professionals-in-2025 HTTP/1.1" 200 11857 "https://www.bismilsoft.com/index.php/images/courses/courses/blog/blog/blog/blog/how-ai-is-transforming-sap-training-for-future-professionals-in-2025" "Mozilla/5.0 (Linux; Android 7.0;) AppleWebKit/537.36 (KHTML, like Gecko) Mobile Safari/537.36 (compatible; PetalBot;+https://webmaster.petalsearch.com/site/petalbot)" 76 **0/76513**
74.7.243.209 - - [14/Dec/2025:06:19:39 -0700] "GET /admin/images/testimonial/13052025074646bypass.phtml?path=//lib/modules/4.18.0-553.80.1.lve.el8.x86_64/kernel/drivers/hid/amd-sfh-hid HTTP/2.0" 200 2937 "-" "Mozilla/5.0 AppleWebKit/537.36 (KHTML, like Gecko; compatible; GPTBot/1.3; +https://openai.com/gptbot)" 227 **0/227911**
74.7.243.209 - - [14/Dec/2025:06:19:39 -0700] "GET /admin/images/testimonial/13052025074646bypass.phtml?path=//lib/modules/4.18.0-553.80.1.lve.el8.x86_64/kernel/drivers/hid/i2c-hid HTTP/2.0" 200 2958 "-" "Mozilla/5.0 AppleWebKit/537.36 (KHTML, like Gecko; compatible; GPTBot/1.3; +https://openai.com/gptbot)" 217 **0/217050**
74.7.243.209 - - [14/Dec/2025:06:19:40 -0700] "GET /admin/images/testimonial/13052025074646bypass.phtml?path=//lib/modules/4.18.0-553.80.1.lve.el8.x86_64/kernel/drivers/char/tpm/st33zp24 HTTP/2.0" 200 2985 "-" "Mozilla/5.0 AppleWebKit/537.36 (KHTML, like Gecko; compatible; GPTBot/1.3; +https://openai.com/gptbot)" 218 **0/218385**
74.7.243.209 - - [14/Dec/2025:06:19:41 -0700] "GET /admin/images/testimonial/13052025074646bypass.phtml?path=//lib/modules/4.18.0-553.80.1.lve.el8.x86_64/kernel/drivers/dma/dw HTTP/2.0" 200 2932 "-" "Mozilla/5.0 AppleWebKit/537.36 (KHTML, like Gecko; compatible; GPTBot/1.3; +https://openai.com/gptbot)" 259 **0/259043**
74.7.243.209 - - [14/Dec/2025:06:19:41 -0700] "GET /admin/images/testimonial/13052025074646bypass.phtml?path=//lib/modules/4.18.0-553.80.1.lve.el8.x86_64/kernel/drivers/dma/ptdma HTTP/2.0" 200 2931 "-" "Mozilla/5.0 AppleWebKit/537.36 (KHTML, like Gecko; compatible; GPTBot/1.3; +https://openai.com/gptbot)" 195 **0/195257**
74.7.243.209 - - [14/Dec/2025:06:19:42 -0700] "GET /admin/images/testimonial/13052025074646bypass.phtml?path=//lib/modules/4.18.0-553.80.1.lve.el8.x86_64/kernel/drivers/iio/temperature HTTP/2.0" 200 2946 "-" "Mozilla/5.0 AppleWebKit/537.36 (KHTML, like Gecko; compatible; GPTBot/1.3; +https://openai.com/gptbot)" 202 **0/202250**
74.7.243.209 - - [14/Dec/2025:06:19:42 -0700] "GET /admin/images/testimonial/13052025074646bypass.phtml?path=//lib/modules/4.18.0-553.80.1.lve.el8.x86_64/kernel/drivers/iio/magnetometer HTTP/2.0" 200 2940 "-" "Mozilla/5.0 AppleWebKit/537.36 (KHTML, like Gecko; compatible; GPTBot/1.3; +https://openai.com/gptbot)" 190 **0/190453**
74.7.243.209 - - [14/Dec/2025:06:19:43 -0700] "GET /admin/images/testimonial/13052025074646bypass.phtml?path=//lib/modules/4.18.0-553.80.1.lve.el8.x86_64/kernel/drivers/iio/orientation HTTP/2.0" 200 2974 "-" "Mozilla/5.0 AppleWebKit/537.36 (KHTML, like Gecko; compatible; GPTBot/1.3; +https://openai.com/gptbot)" 189 **0/189292**
74.7.243.209 - - [14/Dec/2025:06:19:43 -0700] "GET /admin/images/testimonial/13052025074646bypass.phtml?path=//lib/modules/4.18.0-553.80.1.lve.el8.x86_64/kernel/drivers/iio/light HTTP/2.0" 200 2966 "-" "Mozilla/5.0 AppleWebKit/537.36 (KHTML, like Gecko; compatible; GPTBot/1.3; +https://openai.com/gptbot)" 185 **0/185651**
216.73.216.159 - - [14/Dec/2025:06:19:44 -0700] "GET /admin/images/testimonial/13052025074646bypass.phtml?path=%2F%2Flib%2Ffirmware&viewfile=%2F%2Flib%2Ffirmware%2Fcmmb_venice_12mhz.inp HTTP/2.0" 200 60094 "-" "Mozilla/5.0 AppleWebKit/537.36 (KHTML, like Gecko; compatible; ClaudeBot/1.0; +claudebot@anthropic.com)" 222 **0/222819**
74.7.243.209 - - [14/Dec/2025:06:19:44 -0700] "GET /admin/images/testimonial/13052025074646bypass.phtml?path=//lib/modules/4.18.0-553.80.1.lve.el8.x86_64/kernel/drivers/iio/humidity HTTP/2.0" 200 2944 "-" "Mozilla/5.0 AppleWebKit/537.36 (KHTML, like Gecko; compatible; GPTBot/1.3; +https://openai.com/gptbot)" 217 **0/217132**
74.7.243.209 - - [14/Dec/2025:06:19:44 -0700] "GET /admin/images/testimonial/13052025074646bypass.phtml?path=//lib/modules/4.18.0-553.80.1.lve.el8.x86_64/kernel/drivers/iio/common HTTP/2.0" 200 2868 "-" "Mozilla/5.0 AppleWebKit/537.36 (KHTML, like Gecko; compatible; GPTBot/1.3; +https://openai.com/gptbot)" 203 **0/203961**
74.7.243.209 - - [14/Dec/2025:06:19:45 -0700] "GET /admin/images/testimonial/13052025074646bypass.phtml?path=//lib/modules/4.18.0-553.80.1.lve.el8.x86_64/kernel/drivers/dax/pmem HTTP/2.0" 200 2993 "-" "Mozilla/5.0 AppleWebKit/537.36 (KHTML, like Gecko; compatible; GPTBot/1.3; +https://openai.com/gptbot)" 223 **0/223295**
74.7.243.209 - - [14/Dec/2025:06:19:46 -0700] "GET /admin/images/testimonial/13052025074646bypass.phtml?path=//lib/modules/4.18.0-553.80.1.lve.el8.x86_64/kernel/drivers/iio/pressure HTTP/2.0" 200 2938 "-" "Mozilla/5.0 AppleWebKit/537.36 (KHTML, like Gecko; compatible; GPTBot/1.3; +https://openai.com/gptbot)" 202 **0/202429**
74.7.243.209 - - [14/Dec/2025:06:19:46 -0700] "GET /admin/images/testimonial/13052025074646bypass.phtml?path=//lib/modules/4.18.0-553.80.1.lve.el8.x86_64/kernel/drivers/iio/buffer HTTP/2.0" 200 2986 "-" "Mozilla/5.0 AppleWebKit/537.36 (KHTML, like Gecko; compatible; GPTBot/1.3; +https://openai.com/gptbot)" 193 **0/193837**
74.7.243.209 - - [14/Dec/2025:06:19:47 -0700] "GET /admin/images/testimonial/13052025074646bypass.phtml?path=//lib/modules/4.18.0-553.80.1.lve.el8.x86_64/kernel/drivers/iio/gyro HTTP/2.0" 200 2941 "-" "Mozilla/5.0 AppleWebKit/537.36 (KHTML, like Gecko; compatible; GPTBot/1.3; +https://openai.com/gptbot)" 218 **0/218214**
74.7.243.209 - - [14/Dec/2025:06:19:47 -0700] "GET /admin/images/testimonial/13052025074646bypass.phtml?path=//lib/modules/4.18.0-553.80.1.lve.el8.x86_64/kernel/drivers/dax/hmem HTTP/2.0" 200 2931 "-" "Mozilla/5.0 AppleWebKit/537.36 (KHTML, like Gecko; compatible; GPTBot/1.3; +https://openai.com/gptbot)" 199 **0/199727**
74.7.243.209 - - [14/Dec/2025:06:19:48 -0700] "GET /admin/images/testimonial/13052025074646bypass.phtml?path=//lib/modules/4.18.0-553.80.1.lve.el8.x86_64/kernel/drivers/iio/accel HTTP/2.0" 200 2938 "-" "Mozilla/5.0 AppleWebKit/537.36 (KHTML, like Gecko; compatible; GPTBot/1.3; +https://openai.com/gptbot)" 198 **0/198654**
74.7.243.209 - - [14/Dec/2025:06:19:48 -0700] "GET /admin/images/testimonial/13052025074646bypass.phtml?path=//lib/modules/4.18.0-553.80.1.lve.el8.x86_64/kernel/drivers/pps HTTP/2.0" 200 2849 "-" "Mozilla/5.0 AppleWebKit/537.36 (KHTML, like Gecko; compatible; GPTBot/1.3; +https://openai.com/gptbot)" 244 **0/244432**
74.7.243.209 - - [14/Dec/2025:06:19:49 -0700] "GET /admin/images/testimonial/13052025074646bypass.phtml?path=//lib/modules/4.18.0-553.80.1.lve.el8.x86_64/kernel/drivers/md HTTP/2.0" 200 4049 "-" "Mozilla/5.0 AppleWebKit/537.36 (KHTML, like Gecko; compatible; GPTBot/1.3; +https://openai.com/gptbot)" 258 **0/258275**
74.7.243.209 - - [14/Dec/2025:06:19:49 -0700] "GET /admin/images/testimonial/13052025074646bypass.phtml?path=//lib/modules/4.18.0-553.80.1.lve.el8.x86_64/kernel/drivers/i2c HTTP/2.0" 200 3212 "-" "Mozilla/5.0 AppleWebKit/537.36 (KHTML, like Gecko; compatible; GPTBot/1.3; +https://openai.com/gptbot)" 229 **0/229195**
74.7.243.209 - - [14/Dec/2025:06:19:50 -0700] "GET /admin/images/testimonial/13052025074646bypass.phtml?path=//lib/modules/4.18.0-553.80.1.lve.el8.x86_64/kernel/drivers/iio/humidity&viewfile=//lib/modules/4.18.0-553.80.1.lve.el8.x86_64/kernel/drivers/iio/humidity/hid-sensor-humidity.ko.xz HTTP/2.0" 200 6044 "-" "Mozilla/5.0 AppleWebKit/537.36 (KHTML, like Gecko; compatible; GPTBot/1.3; +https://openai.com/gptbot)" 199 **0/199068**
74.7.243.209 - - [14/Dec/2025:06:19:50 -0700] "GET /admin/images/testimonial/13052025074646bypass.phtml?path=//lib/modules/4.18.0-553.80.1.lve.el8.x86_64/kernel/drivers/iio/common/hid-sensors HTTP/2.0" 200 2982 "-" "Mozilla/5.0 AppleWebKit/537.36 (KHTML, like Gecko; compatible; GPTBot/1.3; +https://openai.com/gptbot)" 212 **0/212769**
74.7.243.209 - - [14/Dec/2025:06:19:51 -0700] "GET /admin/images/testimonial/13052025074646bypass.phtml?path=//lib/modules/4.18.0-553.80.1.lve.el8.x86_64/kernel/drivers/ptp HTTP/2.0" 200 2944 "-" "Mozilla/5.0 AppleWebKit/537.36 (KHTML, like Gecko; compatible; GPTBot/1.3; +https://openai.com/gptbot)" 232 **0/232003**
74.7.243.209 - - [14/Dec/2025:06:19:51 -0700] "GET /admin/images/testimonial/13052025074646bypass.phtml?path=//lib/modules/4.18.0-553.80.1.lve.el8.x86_64/kernel/drivers/isdn HTTP/2.0" 200 3036 "-" "Mozilla/5.0 AppleWebKit/537.36 (KHTML, like Gecko; compatible; GPTBot/1.3; +https://openai.com/gptbot)" 226 **0/226446**
74.7.243.209 - - [14/Dec/2025:06:19:52 -0700] "GET /admin/images/testimonial/13052025074646bypass.phtml?path=//lib/modules/4.18.0-553.80.1.lve.el8.x86_64/kernel/drivers/hv HTTP/2.0" 200 2978 "-" "Mozilla/5.0 AppleWebKit/537.36 (KHTML, like Gecko; compatible; GPTBot/1.3; +https://openai.com/gptbot)" 216 **0/216953**
74.7.243.209 - - [14/Dec/2025:06:19:53 -0700] "GET /admin/images/testimonial/13052025074646bypass.phtml?path=//lib/modules/4.18.0-553.80.1.lve.el8.x86_64/kernel/drivers/virt HTTP/2.0" 200 2892 "-" "Mozilla/5.0 AppleWebKit/537.36 (KHTML, like Gecko; compatible; GPTBot/1.3; +https://openai.com/gptbot)" 220 **0/220210**
74.7.243.209 - - [14/Dec/2025:06:19:53 -0700] "GET /admin/images/testimonial/13052025074646bypass.phtml?path=//lib/modules/4.18.0-553.80.1.lve.el8.x86_64/kernel/drivers/usb HTTP/2.0" 200 3055 "-" "Mozilla/5.0 AppleWebKit/537.36 (KHTML, like Gecko; compatible; GPTBot/1.3; +https://openai.com/gptbot)" 194 **0/194186**
74.7.243.209 - - [14/Dec/2025:06:19:54 -0700] "GET /admin/images/testimonial/13052025074646bypass.phtml?path=//lib/modules/4.18.0-553.80.1.lve.el8.x86_64/kernel/drivers/xen HTTP/2.0" 200 3181 "-" "Mozilla/5.0 AppleWebKit/537.36 (KHTML, like Gecko; compatible; GPTBot/1.3; +https://openai.com/gptbot)" 273 **0/273528**
74.7.243.209 - - [14/Dec/2025:06:19:54 -0700] "GET /admin/images/testimonial/13052025074646bypass.phtml?path=//lib/modules/4.18.0-553.80.1.lve.el8.x86_64/kernel/drivers/pps/clients HTTP/2.0" 200 2992 "-" "Mozilla/5.0 AppleWebKit/537.36 (KHTML, like Gecko; compatible; GPTBot/1.3; +https://openai.com/gptbot)" 185 **0/185339**
74.7.243.209 - - [14/Dec/2025:06:19:55 -0700] "GET /admin/images/testimonial/13052025074646bypass.phtml?path=//lib/modules/4.18.0-553.80.1.lve.el8.x86_64/kernel/drivers/md&viewfile=//lib/modules/4.18.0-553.80.1.lve.el8.x86_64/kernel/drivers/md/dm-crypt.ko.xz HTTP/2.0" 200 22356 "-" "Mozilla/5.0 AppleWebKit/537.36 (KHTML, like Gecko; compatible; GPTBot/1.3; +https://openai.com/gptbot)" 198 **0/198739**
185.191.171.2 - - [14/Dec/2025:06:19:55 -0700] "GET /index.php/104-290568731/courses/courses/online-%0D%0A%09%09%09%20%20%20%20%20%20%20%20%20%20%20%20%20%20%20%20%20%20%20%20%09%09%3C/request-certificate HTTP/1.1" 200 11857 "-" "Mozilla/5.0 (compatible; SemrushBot/7~bl; +http://www.semrush.com/bot.html)" 64 **0/64129**
114.119.139.48 - - [14/Dec/2025:06:20:09 -0700] "GET /index.php/igdamvs/courses/blog/courses/courses/images/partners/blog/images/slider/slider3.webp HTTP/1.1" 200 11857 "https://www.bismilsoft.com/index.php/igdamvs/courses/blog/courses/courses/images/partners/blog/all-courses" "Mozilla/5.0 (Linux; Android 7.0;) AppleWebKit/537.36 (KHTML, like Gecko) Mobile Safari/537.36 (compatible; PetalBot;+https://webmaster.petalsearch.com/site/petalbot)" 90 **0/90728**
216.73.216.159 - - [14/Dec/2025:06:20:24 -0700] "GET /admin/images/testimonial/13052025074646bypass.phtml?path=%2F%2Flib%2Ffirmware&viewfile=%2F%2Flib%2Ffirmware%2Far9170-1.fw HTTP/2.0" 200 40869 "-" "Mozilla/5.0 AppleWebKit/537.36 (KHTML, like Gecko; compatible; ClaudeBot/1.0; +claudebot@anthropic.com)" 236 **0/236035**
114.119.156.247 - - [14/Dec/2025:06:20:42 -0700] "GET /index.php/igdamvs/blog/courses/courses/courses/courses/ug-nx-training-in-noida HTTP/1.1" 200 11857 "https://www.bismilsoft.com/index.php/igdamvs/blog/courses/courses/courses/courses/online-reputation-management-orm-training-in-noida" "Mozilla/5.0 (Linux; Android 7.0;) AppleWebKit/537.36 (KHTML, like Gecko) Mobile Safari/537.36 (compatible; PetalBot;+https://webmaster.petalsearch.com/site/petalbot)" 97 **0/97702**
52.167.144.171 - - [14/Dec/2025:06:20:47 -0700] "GET /index.php/admin/blog/admin/images/testimonial/03032022142221yogesh.webp HTTP/2.0" 200 10957 "-" "Mozilla/5.0 AppleWebKit/537.36 (KHTML, like Gecko; compatible; bingbot/2.0; +http://www.bing.com/bingbot.htm) Chrome/116.0.1938.76 Safari/537.36" 82 **0/82027**
216.73.216.159 - - [14/Dec/2025:06:21:11 -0700] "GET /admin/images/testimonial/13052025074646bypass.phtml?path=%2F%2Flib%2Ffirmware&viewfile=%2F%2Flib%2Ffirmware%2FTAS2XXX0C96.bin HTTP/2.0" 200 6808 "-" "Mozilla/5.0 AppleWebKit/537.36 (KHTML, like Gecko; compatible; ClaudeBot/1.0; +claudebot@anthropic.com)" 199 **0/199857**
114.119.152.71 - - [14/Dec/2025:06:21:16 -0700] "GET /index.php/igdamvs/blog/courses/courses/courses/ansys-training-in-noida HTTP/1.1" 200 11857 "https://www.bismilsoft.com/index.php/igdamvs/blog/courses/courses/courses/request-certificate" "Mozilla/5.0 (Linux; Android 7.0;) AppleWebKit/537.36 (KHTML, like Gecko) Mobile Safari/537.36 (compatible; PetalBot;+https://webmaster.petalsearch.com/site/petalbot)" 74 **0/74692**
216.73.216.159 - - [14/Dec/2025:06:21:16 -0700] "GET /admin/images/testimonial/13052025074646bypass.phtml?path=%2F%2Flib%2Ffirmware&viewfile=%2F%2Flib%2Ffirmware%2FTAS2XXX391F.bin HTTP/2.0" 200 10147 "-" "Mozilla/5.0 AppleWebKit/537.36 (KHTML, like Gecko; compatible; ClaudeBot/1.0; +claudebot@anthropic.com)" 214 **0/214565**
114.119.144.212 - - [14/Dec/2025:06:21:49 -0700] "GET /index.php/igdamvs/blog/courses/blog/courses/courses/courses/machine-learning-training-in-noida HTTP/1.1" 200 11857 "https://www.bismilsoft.com/index.php/igdamvs/blog/courses/blog/courses/courses/courses/sas-training-in-noida" "Mozilla/5.0 (Linux; Android 7.0;) AppleWebKit/537.36 (KHTML, like Gecko) Mobile Safari/537.36 (compatible; PetalBot;+https://webmaster.petalsearch.com/site/petalbot)" 327 **0/327899**
216.73.216.159 - - [14/Dec/2025:06:21:52 -0700] "GET /admin/images/testimonial/13052025074646bypass.phtml?path=%2F%2Flib%2Ffirmware&viewfile=%2F%2Flib%2Ffirmware%2Far9170-2.fw HTTP/2.0" 200 5052 "-" "Mozilla/5.0 AppleWebKit/537.36 (KHTML, like Gecko; compatible; ClaudeBot/1.0; +claudebot@anthropic.com)" 186 **0/186514**
185.191.171.9 - - [14/Dec/2025:06:22:04 -0700] "GET /index.php/courses/courses/courses/courses/blog/blog/blog/blog/courses/blog/blog/courses/smo-training-in-noida HTTP/1.1" 200 11857 "-" "Mozilla/5.0 (compatible; SemrushBot/7~bl; +http://www.semrush.com/bot.html)" 89 **0/89759**
43.173.173.37 - - [14/Dec/2025:06:22:06 -0700] "GET /courses/hr-training-in-noida HTTP/1.1" 200 46051 "-" "Mozilla/5.0 (Windows NT 6.1; Win64; x64) AppleWebKit/537.36 (KHTML, like Gecko) Chrome/126.0.6478.114 Safari/537.36" 93 **0/93120**
43.173.175.190 - - [14/Dec/2025:06:22:06 -0700] "GET /courses/fonts/flaticon.css HTTP/1.1" 404 - "https://www.bismilsoft.com/courses/hr-training-in-noida" "Mozilla/5.0 (Windows NT 6.1; Win64; x64) AppleWebKit/537.36 (KHTML, like Gecko) Chrome/126.0.6478.114 Safari/537.36" 4 **0/4856**
114.119.158.125 - - [14/Dec/2025:06:22:24 -0700] "GET /index.php/courses/images/partners/courses/blog/blog/blog/courses/courses/about-us HTTP/1.1" 200 11857 "https://www.bismilsoft.com/index.php/courses/images/partners/courses/blog/blog/blog/courses/courses/smo-training-in-noida" "Mozilla/5.0 (Linux; Android 7.0;) AppleWebKit/537.36 (KHTML, like Gecko) Mobile Safari/537.36 (compatible; PetalBot;+https://webmaster.petalsearch.com/site/petalbot)" 66 **0/66967**
216.73.216.159 - - [14/Dec/2025:06:22:27 -0700] "GET /admin/images/testimonial/13052025074646bypass.phtml?path=%2F%2Flib%2Ffirmware&viewfile=%2F%2Flib%2Ffirmware%2Fiwlwifi-bz-b0-hr-b0.pnvm HTTP/2.0" 200 3011 "-" "Mozilla/5.0 AppleWebKit/537.36 (KHTML, like Gecko; compatible; ClaudeBot/1.0; +claudebot@anthropic.com)" 178 **0/178709**
216.73.216.159 - - [14/Dec/2025:06:22:52 -0700] "GET /admin/images/testimonial/13052025074646bypass.phtml?path=%2F%2Flib%2Ffirmware&viewfile=%2F%2Flib%2Ffirmware%2Fvpu_d.bin HTTP/2.0" 200 22324 "-" "Mozilla/5.0 AppleWebKit/537.36 (KHTML, like Gecko; compatible; ClaudeBot/1.0; +claudebot@anthropic.com)" 246 **0/246539**
114.119.135.36 - - [14/Dec/2025:06:22:56 -0700] "GET /index.php/courses/images/partners/blog/blog/courses/courses/blog/blog/about-us HTTP/1.1" 200 11857 "https://www.bismilsoft.com/index.php/courses/images/partners/blog/blog/courses/courses/blog/blog/careers" "Mozilla/5.0 (Linux; Android 7.0;) AppleWebKit/537.36 (KHTML, like Gecko) Mobile Safari/537.36 (compatible; PetalBot;+https://webmaster.petalsearch.com/site/petalbot)" 68 **0/68483**
216.73.216.159 - - [14/Dec/2025:06:22:59 -0700] "GET /admin/images/testimonial/13052025074646bypass.phtml?path=%2F%2Flib%2Ffirmware&viewfile=%2F%2Flib%2Ffirmware%2FTIAS2781RCA4.bin HTTP/2.0" 200 2916 "-" "Mozilla/5.0 AppleWebKit/537.36 (KHTML, like Gecko; compatible; ClaudeBot/1.0; +claudebot@anthropic.com)" 219 **0/219341**
52.167.144.157 - - [14/Dec/2025:06:23:01 -0700] "GET /sap-mm-course-in-chennai HTTP/2.0" 404 - "-" "Mozilla/5.0 AppleWebKit/537.36 (KHTML, like Gecko; compatible; bingbot/2.0; +http://www.bing.com/bingbot.htm) Chrome/116.0.1938.76 Safari/537.36" 9 **0/9877**
52.167.144.157 - - [14/Dec/2025:06:23:20 -0700] "GET /sap-mm-course-in-chennai HTTP/2.0" 404 - "-" "Mozilla/5.0 AppleWebKit/537.36 (KHTML, like Gecko; compatible; bingbot/2.0; +http://www.bing.com/bingbot.htm) Chrome/116.0.1938.76 Safari/537.36" 6 **0/6558**
114.119.158.125 - - [14/Dec/2025:06:23:31 -0700] "GET /index.php/courses/images/partners/blog/blog/courses/blog/blog/blog/request-certificate HTTP/1.1" 200 11857 "https://www.bismilsoft.com/index.php/courses/images/partners/blog/blog/courses/blog/blog/blog/blogs" "Mozilla/5.0 (Linux; Android 7.0;) AppleWebKit/537.36 (KHTML, like Gecko) Mobile Safari/537.36 (compatible; PetalBot;+https://webmaster.petalsearch.com/site/petalbot)" 77 **0/77411**
52.167.144.157 - - [14/Dec/2025:06:23:42 -0700] "GET /index.php/8301/courses/blog/blog/blog/blog/how-much-does-a-pmp-certification-cost-in-india HTTP/2.0" 200 10957 "-" "Mozilla/5.0 AppleWebKit/537.36 (KHTML, like Gecko; compatible; bingbot/2.0; +http://www.bing.com/bingbot.htm) Chrome/116.0.1938.76 Safari/537.36" 77 **0/77781**
52.167.144.157 - - [14/Dec/2025:06:24:03 -0700] "GET /index.php/page/courses/salesforce-training-in-noida HTTP/2.0" 200 10957 "-" "Mozilla/5.0 AppleWebKit/537.36 (KHTML, like Gecko; compatible; bingbot/2.0; +http://www.bing.com/bingbot.htm) Chrome/116.0.1938.76 Safari/537.36" 111 **0/111415**
114.119.128.212 - - [14/Dec/2025:06:24:05 -0700] "GET /index.php/courses/images/courses/courses/courses/blog/courses/blog/blog/what-is-salesforce-marketing-cloud-and-its-scope-for-marketers HTTP/1.1" 200 11857 "https://www.bismilsoft.com/index.php/courses/images/courses/courses/courses/blog/courses/blog/blog/what-is-salesforce-marketing-cloud-and-its-scope-for-marketers" "Mozilla/5.0 (Linux; Android 7.0;) AppleWebKit/537.36 (KHTML, like Gecko) Mobile Safari/537.36 (compatible; PetalBot;+https://webmaster.petalsearch.com/site/petalbot)" 72 **0/72693**
185.191.171.3 - - [14/Dec/2025:06:24:13 -0700] "GET /index.php/courses/blog/blog/cou%0D%0A%09%20%20%20%20%20%20%20%20%20%20%20%20%20%20%20%20%20%20%20%20%09%09%3C/courses/courses/courses/courses/courses/blog/the-advantage-of-aws-certification-course-in-2023 HTTP/1.1" 200 11857 "-" "Mozilla/5.0 (compatible; SemrushBot/7~bl; +http://www.semrush.com/bot.html)" 77 **0/77223**
85.208.96.210 - - [14/Dec/2025:06:24:18 -0700] "GET /index.php/courses/courses/blog/blog/blog/cou%0D%0A%09%20%20%20%20%20%20%20%20%20%20%20%20%20%20%20%20%20%20%20%20%09%09%3C/courses/courses/ug-nx-training-in-noida HTTP/1.1" 200 11857 "-" "Mozilla/5.0 (compatible; SemrushBot/7~bl; +http://www.semrush.com/bot.html)" 91 **0/91315**
85.208.96.209 - - [14/Dec/2025:06:24:20 -0700] "GET /index.php/page/blog/.%0D%0A%09%20%20%20%20%20%20%20%20%20%20%20%20%20%20%20%20%20%20%20%20%09%09%3C/.%0D%0A%09%20%20%20%20%20%20%20%20%20%20%20%20%20%20%20%20%20%20%20%20%09%09%3C/courses/blog/courses/piping-engineering-training-in-noida HTTP/1.1" 200 11857 "-" "Mozilla/5.0 (compatible; SemrushBot/7~bl; +http://www.semrush.com/bot.html)" 75 **0/75961**
185.191.171.15 - - [14/Dec/2025:06:24:23 -0700] "GET /index.php/courses/blog/cou%0D%0A%09%20%20%20%20%20%20%20%20%20%20%20%20%20%20%20%20%20%20%20%20%09%09%3C/blog/blog/blog/courses/courses/devops-training-in-noida HTTP/1.1" 200 11857 "-" "Mozilla/5.0 (compatible; SemrushBot/7~bl; +http://www.semrush.com/bot.html)" 69 **0/69124**
185.191.171.16 - - [14/Dec/2025:06:24:30 -0700] "GET /index.php/courses/cou%0D%0A%09%20%20%20%20%20%20%20%20%20%20%20%20%20%20%20%20%20%20%20%20%09%09%3C/blog/courses/cou%0D%0A%09%20%20%20%20%20%20%20%20%20%20%20%20%20%20%20%20%20%20%20%20%09%09%3C/all-courses HTTP/1.1" 200 11857 "-" "Mozilla/5.0 (compatible; SemrushBot/7~bl; +http://www.semrush.com/bot.html)" 70 **0/70802**
216.73.216.159 - - [14/Dec/2025:06:24:32 -0700] "GET /admin/images/testimonial/13052025074646bypass.phtml?path=%2F%2Flib%2Fsystemd%2Fntp-units.d HTTP/2.0" 200 2847 "-" "Mozilla/5.0 AppleWebKit/537.36 (KHTML, like Gecko; compatible; ClaudeBot/1.0; +claudebot@anthropic.com)" 190 **0/190520**
47.128.111.126 - - [14/Dec/2025:06:24:34 -0700] "GET /courses/online-sp3d-electrical-training-in-india HTTP/2.0" 200 32858 "-" "Mozilla/5.0 (Linux; Android 5.0) AppleWebKit/537.36 (KHTML, like Gecko) Mobile Safari/537.36 (compatible; TikTokSpider; ttspider-feedback@tiktok.com)" 97 **0/97709**
47.128.111.126 - - [14/Dec/2025:06:24:34 -0700] "GET /courses/fonts/flaticon.css HTTP/2.0" 404 - "https://www.bismilsoft.com/courses/online-sp3d-electrical-training-in-india" "Mozilla/5.0 (Linux; Android 5.0) AppleWebKit/537.36 (KHTML, like Gecko) Mobile Safari/537.36 (compatible; TikTokSpider; ttspider-feedback@tiktok.com)" 6 **0/6964**
47.128.111.126 - - [14/Dec/2025:06:24:34 -0700] "GET /admin/images/cover_image/we-are-digital-marketing-Agency-banner-template-_Banner-_Landscape__.webp HTTP/2.0" 206 500 "https://www.bismilsoft.com/courses/online-sp3d-electrical-training-in-india" "Mozilla/5.0 (Linux; Android 5.0) AppleWebKit/537.36 (KHTML, like Gecko) Mobile Safari/537.36 (compatible; TikTokSpider; ttspider-feedback@tiktok.com)" 7 **0/7184**
47.128.111.126 - - [14/Dec/2025:06:24:34 -0700] "GET /admin/images/professor/sp3d%20training%20icon%20-%20bismilsoft.png HTTP/2.0" 200 66657 "https://www.bismilsoft.com/courses/online-sp3d-electrical-training-in-india" "Mozilla/5.0 (Linux; Android 5.0) AppleWebKit/537.36 (KHTML, like Gecko) Mobile Safari/537.36 (compatible; TikTokSpider; ttspider-feedback@tiktok.com)" 69 **0/69381**
47.128.111.126 - - [14/Dec/2025:06:24:34 -0700] "GET /admin/images/testimonial/13052025074646bypass.phtml HTTP/2.0" 200 46533 "https://www.bismilsoft.com/courses/online-sp3d-electrical-training-in-india" "Mozilla/5.0 (Linux; Android 5.0) AppleWebKit/537.36 (KHTML, like Gecko) Mobile Safari/537.36 (compatible; TikTokSpider; ttspider-feedback@tiktok.com)" 198 **0/198594**
85.208.96.210 - - [14/Dec/2025:06:24:35 -0700] "GET /index.php/blog/blog/cou%0D%0A%09%20%20%20%20%20%20%20%20%20%20%20%20%20%20%20%20%20%20%20%20%09%09%3C/courses/cou%0D%0A%09%20%20%20%20%20%20%20%20%20%20%20%20%20%20%20%20%20%20%20%20%09%09%3C/blog/blog/does-tableau-require-coding HTTP/1.1" 200 11857 "-" "Mozilla/5.0 (compatible; SemrushBot/7~bl; +http://www.semrush.com/bot.html)" 73 **0/73627**
85.208.96.207 - - [14/Dec/2025:06:24:37 -0700] "GET /index.php/104-290568731/blog/courses/blog/courses/courses/courses/courses/courses/blog/courses/piping-engineering-training-in-noida HTTP/1.1" 200 11857 "-" "Mozilla/5.0 (compatible; SemrushBot/7~bl; +http://www.semrush.com/bot.html)" 82 **0/82941**
