62.84.178.152 - - [14/Dec/2025:05:32:31 -0700] "GET /index.php/hvzo/blog/courses/blog/blog/blog/blog/blog/blog/blog/blog/blog/blog/blog/blog/blog/blog/blog/courses/online-%0D%0A%09%09%09%20%20%20%20%20%20%20%20%20%20%20%20%20%20%20%20%20%20%20%20%09%09%3C/p%3E%0D%0A%0D%0A%09%09%09%20%20%20%20%20%20%20%20%20%20%20%20%20%20%20%20%20%20%20%20%09%3C/div%3E%0D%0A%0D%0A%09%09%09%09%20%20%20%20%20%20%20%20%20%20%20%20%20%20%20%20%3C/div%3E%09%09%09%20%20%20%20%20%20%20%20%09%09%09%0D%0A%0D%0A%09%09%09%20%20%20%20%20%20%20%20%09%09%3C/blog/blog/courses/blog/courses/blog/blog/courses/courses/online-%0D%0A%09%09%09%20%20%20%20%20%20%20%20%20%20%20%20%20%20%20%20%20%20%20%20%09%09%3C/courses/blog/blog/blog/blog/courses/courses/blog/courses/courses/blog/blog/blog/blog/courses/citrix-training-in-noida HTTP/1.1" 200 10957 "-" "Mozilla/5.0 (compatible; MJ12bot/v1.4.8; http://mj12bot.com/)" 96 **0/96076**
216.73.216.159 - - [14/Dec/2025:05:32:31 -0700] "GET /robots.txt HTTP/2.0" 200 136 "-" "Mozilla/5.0 AppleWebKit/537.36 (KHTML, like Gecko; compatible; ClaudeBot/1.0; +claudebot@anthropic.com)" 6 **0/6501**
216.73.216.159 - - [14/Dec/2025:05:32:32 -0700] "GET /admin/images/professor/images/slider/css/js/images/courses/artificial-intelligence-icon.webp HTTP/2.0" 200 10957 "-" "Mozilla/5.0 AppleWebKit/537.36 (KHTML, like Gecko; compatible; ClaudeBot/1.0; +claudebot@anthropic.com)" 91 **0/91566**
216.73.216.159 - - [14/Dec/2025:05:32:32 -0700] "GET /admin/images/professor/images/slider/css/js/admin/images/blog/How%20AI%20is%20Transforming%20SAP%20Training%20for%20Future%20Professionals%20in%202025.webp HTTP/2.0" 200 10957 "-" "Mozilla/5.0 AppleWebKit/537.36 (KHTML, like Gecko; compatible; ClaudeBot/1.0; +claudebot@anthropic.com)" 86 **0/86244**
62.84.178.152 - - [14/Dec/2025:05:32:33 -0700] "GET /index.php/hvzo/blog/courses/blog/blog/blog/blog/blog/blog/blog/blog/blog/blog/blog/blog/blog/blog/blog/courses/online-%0D%0A%09%09%09%20%20%20%20%20%20%20%20%20%20%20%20%20%20%20%20%20%20%20%20%09%09%3C/p%3E%0D%0A%0D%0A%09%09%09%20%20%20%20%20%20%20%20%20%20%20%20%20%20%20%20%20%20%20%20%09%3C/div%3E%0D%0A%0D%0A%09%09%09%09%20%20%20%20%20%20%20%20%20%20%20%20%20%20%20%20%3C/div%3E%09%09%09%20%20%20%20%20%20%20%20%09%09%09%0D%0A%0D%0A%09%09%09%20%20%20%20%20%20%20%20%09%09%3C/blog/blog/courses/blog/courses/blog/blog/courses/courses/online-%0D%0A%09%09%09%20%20%20%20%20%20%20%20%20%20%20%20%20%20%20%20%20%20%20%20%09%09%3C/courses/blog/blog/blog/blog/courses/courses/blog/courses/courses/blog/blog/blog/blog/courses/devops-training-in-noida HTTP/1.1" 200 10957 "-" "Mozilla/5.0 (compatible; MJ12bot/v1.4.8; http://mj12bot.com/)" 82 **0/82496**
216.73.216.159 - - [14/Dec/2025:05:32:33 -0700] "GET /admin/images/professor/images/slider/css/js/images/courses/php-icon.webp HTTP/2.0" 200 10957 "-" "Mozilla/5.0 AppleWebKit/537.36 (KHTML, like Gecko; compatible; ClaudeBot/1.0; +claudebot@anthropic.com)" 73 **0/73956**
62.84.178.152 - - [14/Dec/2025:05:32:34 -0700] "GET /index.php/hvzo/blog/courses/blog/blog/blog/blog/blog/blog/blog/blog/blog/blog/blog/blog/blog/blog/blog/courses/online-%0D%0A%09%09%09%20%20%20%20%20%20%20%20%20%20%20%20%20%20%20%20%20%20%20%20%09%09%3C/p%3E%0D%0A%0D%0A%09%09%09%20%20%20%20%20%20%20%20%20%20%20%20%20%20%20%20%20%20%20%20%09%3C/div%3E%0D%0A%0D%0A%09%09%09%09%20%20%20%20%20%20%20%20%20%20%20%20%20%20%20%20%3C/div%3E%09%09%09%20%20%20%20%20%20%20%20%09%09%09%0D%0A%0D%0A%09%09%09%20%20%20%20%20%20%20%20%09%09%3C/blog/blog/courses/blog/courses/blog/blog/courses/courses/online-%0D%0A%09%09%09%20%20%20%20%20%20%20%20%20%20%20%20%20%20%20%20%20%20%20%20%09%09%3C/courses/blog/blog/blog/blog/courses/courses/blog/courses/courses/blog/blog/blog/blog/courses/email-marketing-training-in-noida HTTP/1.1" 200 10957 "-" "Mozilla/5.0 (compatible; MJ12bot/v1.4.8; http://mj12bot.com/)" 79 **0/79962**
62.84.178.152 - - [14/Dec/2025:05:32:36 -0700] "GET /index.php/hvzo/blog/courses/blog/blog/blog/blog/blog/blog/blog/blog/blog/blog/blog/blog/blog/blog/blog/courses/online-%0D%0A%09%09%09%20%20%20%20%20%20%20%20%20%20%20%20%20%20%20%20%20%20%20%20%09%09%3C/p%3E%0D%0A%0D%0A%09%09%09%20%20%20%20%20%20%20%20%20%20%20%20%20%20%20%20%20%20%20%20%09%3C/div%3E%0D%0A%0D%0A%09%09%09%09%20%20%20%20%20%20%20%20%20%20%20%20%20%20%20%20%3C/div%3E%09%09%09%20%20%20%20%20%20%20%20%09%09%09%0D%0A%0D%0A%09%09%09%20%20%20%20%20%20%20%20%09%09%3C/blog/blog/courses/blog/courses/blog/blog/courses/courses/online-%0D%0A%09%09%09%20%20%20%20%20%20%20%20%20%20%20%20%20%20%20%20%20%20%20%20%09%09%3C/courses/blog/blog/blog/blog/courses/courses/blog/courses/courses/blog/blog/blog/blog/courses/google-adwords-training-ppc-training-in-noida HTTP/1.1" 200 10957 "-" "Mozilla/5.0 (compatible; MJ12bot/v1.4.8; http://mj12bot.com/)" 90 **0/90094**
114.119.158.125 - - [14/Dec/2025:05:32:38 -0700] "GET /index.php/ismdz-77/blog/courses/admin/images/blog/blog/blog/all-courses HTTP/1.1" 200 11857 "https://www.bismilsoft.com/index.php/ismdz-77/blog/courses/admin/images/blog/blog/blog/blogs.php" "Mozilla/5.0 (Linux; Android 7.0;) AppleWebKit/537.36 (KHTML, like Gecko) Mobile Safari/537.36 (compatible; PetalBot;+https://webmaster.petalsearch.com/site/petalbot)" 105 **0/105260**
62.84.178.152 - - [14/Dec/2025:05:32:38 -0700] "GET /index.php/hvzo/blog/courses/blog/blog/blog/blog/blog/blog/blog/blog/blog/blog/blog/blog/blog/blog/blog/courses/online-%0D%0A%09%09%09%20%20%20%20%20%20%20%20%20%20%20%20%20%20%20%20%20%20%20%20%09%09%3C/p%3E%0D%0A%0D%0A%09%09%09%20%20%20%20%20%20%20%20%20%20%20%20%20%20%20%20%20%20%20%20%09%3C/div%3E%0D%0A%0D%0A%09%09%09%09%20%20%20%20%20%20%20%20%20%20%20%20%20%20%20%20%3C/div%3E%09%09%09%20%20%20%20%20%20%20%20%09%09%09%0D%0A%0D%0A%09%09%09%20%20%20%20%20%20%20%20%09%09%3C/blog/blog/courses/blog/courses/blog/blog/courses/courses/online-%0D%0A%09%09%09%20%20%20%20%20%20%20%20%20%20%20%20%20%20%20%20%20%20%20%20%09%09%3C/courses/blog/blog/blog/blog/courses/courses/blog/courses/courses/blog/blog/blog/blog/courses/google-sketchup-training-in-noida HTTP/1.1" 200 10957 "-" "Mozilla/5.0 (compatible; MJ12bot/v1.4.8; http://mj12bot.com/)" 97 **0/97312**
216.73.216.159 - - [14/Dec/2025:05:32:40 -0700] "GET /admin/images/professor/images/slider/css/js/images/courses/python_logo.webp HTTP/2.0" 200 10957 "-" "Mozilla/5.0 AppleWebKit/537.36 (KHTML, like Gecko; compatible; ClaudeBot/1.0; +claudebot@anthropic.com)" 94 **0/94452**
216.73.216.159 - - [14/Dec/2025:05:32:40 -0700] "GET /admin/images/professor/images/slider/css/js/admin/images/blog/SAP%20MM%20Interview%20Questions%20and%20Answers%20%E2%80%93%20Updated%202025.webp HTTP/2.0" 200 10957 "-" "Mozilla/5.0 AppleWebKit/537.36 (KHTML, like Gecko; compatible; ClaudeBot/1.0; +claudebot@anthropic.com)" 112 **0/112507**
62.84.178.152 - - [14/Dec/2025:05:32:40 -0700] "GET /index.php/hvzo/blog/courses/blog/blog/blog/blog/blog/blog/blog/blog/blog/blog/blog/blog/blog/blog/blog/courses/online-%0D%0A%09%09%09%20%20%20%20%20%20%20%20%20%20%20%20%20%20%20%20%20%20%20%20%09%09%3C/p%3E%0D%0A%0D%0A%09%09%09%20%20%20%20%20%20%20%20%20%20%20%20%20%20%20%20%20%20%20%20%09%3C/div%3E%0D%0A%0D%0A%09%09%09%09%20%20%20%20%20%20%20%20%20%20%20%20%20%20%20%20%3C/div%3E%09%09%09%20%20%20%20%20%20%20%20%09%09%09%0D%0A%0D%0A%09%09%09%20%20%20%20%20%20%20%20%09%09%3C/blog/blog/courses/blog/courses/blog/blog/courses/courses/online-%0D%0A%09%09%09%20%20%20%20%20%20%20%20%20%20%20%20%20%20%20%20%20%20%20%20%09%09%3C/courses/blog/blog/blog/blog/courses/courses/blog/courses/courses/blog/blog/blog/blog/courses/machine-learning-training-in-noida HTTP/1.1" 200 10957 "-" "Mozilla/5.0 (compatible; MJ12bot/v1.4.8; http://mj12bot.com/)" 83 **0/83729**
216.73.216.159 - - [14/Dec/2025:05:32:40 -0700] "GET /admin/images/professor/images/slider/css/js/admin/images/blog/How%20Much%20Does%20a%20PMP%20Certification%20Cost%20in%20India.webp HTTP/2.0" 200 10957 "-" "Mozilla/5.0 AppleWebKit/537.36 (KHTML, like Gecko; compatible; ClaudeBot/1.0; +claudebot@anthropic.com)" 87 **0/87919**
62.84.178.152 - - [14/Dec/2025:05:32:42 -0700] "GET /index.php/hvzo/blog/courses/blog/blog/blog/blog/blog/blog/blog/blog/blog/blog/blog/blog/blog/blog/blog/courses/online-%0D%0A%09%09%09%20%20%20%20%20%20%20%20%20%20%20%20%20%20%20%20%20%20%20%20%09%09%3C/p%3E%0D%0A%0D%0A%09%09%09%20%20%20%20%20%20%20%20%20%20%20%20%20%20%20%20%20%20%20%20%09%3C/div%3E%0D%0A%0D%0A%09%09%09%09%20%20%20%20%20%20%20%20%20%20%20%20%20%20%20%20%3C/div%3E%09%09%09%20%20%20%20%20%20%20%20%09%09%09%0D%0A%0D%0A%09%09%09%20%20%20%20%20%20%20%20%09%09%3C/blog/blog/courses/blog/courses/blog/blog/courses/courses/online-%0D%0A%09%09%09%20%20%20%20%20%20%20%20%20%20%20%20%20%20%20%20%20%20%20%20%09%09%3C/courses/blog/blog/blog/blog/courses/courses/blog/courses/courses/blog/blog/blog/blog/courses/microsoft-azure-training-in-noida HTTP/1.1" 200 10957 "-" "Mozilla/5.0 (compatible; MJ12bot/v1.4.8; http://mj12bot.com/)" 92 **0/92431**
62.84.178.152 - - [14/Dec/2025:05:32:44 -0700] "GET /index.php/hvzo/blog/courses/blog/blog/blog/blog/blog/blog/blog/blog/blog/blog/blog/blog/blog/blog/blog/courses/online-%0D%0A%09%09%09%20%20%20%20%20%20%20%20%20%20%20%20%20%20%20%20%20%20%20%20%09%09%3C/p%3E%0D%0A%0D%0A%09%09%09%20%20%20%20%20%20%20%20%20%20%20%20%20%20%20%20%20%20%20%20%09%3C/div%3E%0D%0A%0D%0A%09%09%09%09%20%20%20%20%20%20%20%20%20%20%20%20%20%20%20%20%3C/div%3E%09%09%09%20%20%20%20%20%20%20%20%09%09%09%0D%0A%0D%0A%09%09%09%20%20%20%20%20%20%20%20%09%09%3C/blog/blog/courses/blog/courses/blog/blog/courses/courses/online-%0D%0A%09%09%09%20%20%20%20%20%20%20%20%20%20%20%20%20%20%20%20%20%20%20%20%09%09%3C/courses/blog/blog/blog/blog/courses/courses/blog/courses/courses/blog/blog/blog/blog/courses/online-reputation-management-orm-training-in-noida HTTP/1.1" 200 10957 "-" "Mozilla/5.0 (compatible; MJ12bot/v1.4.8; http://mj12bot.com/)" 74 **0/74633**
62.84.178.152 - - [14/Dec/2025:05:32:45 -0700] "GET /index.php/hvzo/blog/courses/blog/blog/blog/blog/blog/blog/blog/blog/blog/blog/blog/blog/blog/blog/blog/courses/online-%0D%0A%09%09%09%20%20%20%20%20%20%20%20%20%20%20%20%20%20%20%20%20%20%20%20%09%09%3C/p%3E%0D%0A%0D%0A%09%09%09%20%20%20%20%20%20%20%20%20%20%20%20%20%20%20%20%20%20%20%20%09%3C/div%3E%0D%0A%0D%0A%09%09%09%09%20%20%20%20%20%20%20%20%20%20%20%20%20%20%20%20%3C/div%3E%09%09%09%20%20%20%20%20%20%20%20%09%09%09%0D%0A%0D%0A%09%09%09%20%20%20%20%20%20%20%20%09%09%3C/blog/blog/courses/blog/courses/blog/blog/courses/courses/online-%0D%0A%09%09%09%20%20%20%20%20%20%20%20%20%20%20%20%20%20%20%20%20%20%20%20%09%09%3C/courses/blog/blog/blog/blog/courses/courses/blog/courses/courses/blog/blog/blog/blog/courses/piping-engineering-training-in-noida HTTP/1.1" 200 10957 "-" "Mozilla/5.0 (compatible; MJ12bot/v1.4.8; http://mj12bot.com/)" 85 **0/85155**
62.84.178.152 - - [14/Dec/2025:05:32:47 -0700] "GET /index.php/hvzo/blog/courses/blog/blog/blog/blog/blog/blog/blog/blog/blog/blog/blog/blog/blog/blog/blog/courses/online-%0D%0A%09%09%09%20%20%20%20%20%20%20%20%20%20%20%20%20%20%20%20%20%20%20%20%09%09%3C/p%3E%0D%0A%0D%0A%09%09%09%20%20%20%20%20%20%20%20%20%20%20%20%20%20%20%20%20%20%20%20%09%3C/div%3E%0D%0A%0D%0A%09%09%09%09%20%20%20%20%20%20%20%20%20%20%20%20%20%20%20%20%3C/div%3E%09%09%09%20%20%20%20%20%20%20%20%09%09%09%0D%0A%0D%0A%09%09%09%20%20%20%20%20%20%20%20%09%09%3C/blog/blog/courses/blog/courses/blog/blog/courses/courses/online-%0D%0A%09%09%09%20%20%20%20%20%20%20%20%20%20%20%20%20%20%20%20%20%20%20%20%09%09%3C/courses/blog/blog/blog/blog/courses/courses/blog/courses/courses/blog/blog/blog/blog/courses/salesforce-training-in-noida HTTP/1.1" 200 10957 "-" "Mozilla/5.0 (compatible; MJ12bot/v1.4.8; http://mj12bot.com/)" 83 **0/83192**
62.84.178.152 - - [14/Dec/2025:05:32:49 -0700] "GET /index.php/hvzo/blog/courses/blog/blog/blog/blog/blog/blog/blog/blog/blog/blog/blog/blog/blog/blog/blog/courses/online-%0D%0A%09%09%09%20%20%20%20%20%20%20%20%20%20%20%20%20%20%20%20%20%20%20%20%09%09%3C/p%3E%0D%0A%0D%0A%09%09%09%20%20%20%20%20%20%20%20%20%20%20%20%20%20%20%20%20%20%20%20%09%3C/div%3E%0D%0A%0D%0A%09%09%09%09%20%20%20%20%20%20%20%20%20%20%20%20%20%20%20%20%3C/div%3E%09%09%09%20%20%20%20%20%20%20%20%09%09%09%0D%0A%0D%0A%09%09%09%20%20%20%20%20%20%20%20%09%09%3C/blog/blog/courses/blog/courses/blog/blog/courses/courses/online-%0D%0A%09%09%09%20%20%20%20%20%20%20%20%20%20%20%20%20%20%20%20%20%20%20%20%09%09%3C/courses/blog/blog/blog/blog/courses/courses/blog/courses/courses/blog/blog/blog/blog/courses/sas-training-in-noida HTTP/1.1" 200 10957 "-" "Mozilla/5.0 (compatible; MJ12bot/v1.4.8; http://mj12bot.com/)" 80 **0/80523**
62.84.178.152 - - [14/Dec/2025:05:32:51 -0700] "GET /index.php/hvzo/blog/courses/blog/blog/blog/blog/blog/blog/blog/blog/blog/blog/blog/blog/blog/blog/blog/courses/online-%0D%0A%09%09%09%20%20%20%20%20%20%20%20%20%20%20%20%20%20%20%20%20%20%20%20%09%09%3C/p%3E%0D%0A%0D%0A%09%09%09%20%20%20%20%20%20%20%20%20%20%20%20%20%20%20%20%20%20%20%20%09%3C/div%3E%0D%0A%0D%0A%09%09%09%09%20%20%20%20%20%20%20%20%20%20%20%20%20%20%20%20%3C/div%3E%09%09%09%20%20%20%20%20%20%20%20%09%09%09%0D%0A%0D%0A%09%09%09%20%20%20%20%20%20%20%20%09%09%3C/blog/blog/courses/blog/courses/blog/blog/courses/courses/online-%0D%0A%09%09%09%20%20%20%20%20%20%20%20%20%20%20%20%20%20%20%20%20%20%20%20%09%09%3C/courses/blog/blog/blog/blog/courses/courses/blog/courses/courses/blog/blog/blog/blog/courses/seo-training-in-noida HTTP/1.1" 200 10957 "-" "Mozilla/5.0 (compatible; MJ12bot/v1.4.8; http://mj12bot.com/)" 67 **0/67037**
62.84.178.152 - - [14/Dec/2025:05:32:53 -0700] "GET /index.php/hvzo/blog/courses/blog/blog/blog/blog/blog/blog/blog/blog/blog/blog/blog/blog/blog/blog/blog/courses/online-%0D%0A%09%09%09%20%20%20%20%20%20%20%20%20%20%20%20%20%20%20%20%20%20%20%20%09%09%3C/p%3E%0D%0A%0D%0A%09%09%09%20%20%20%20%20%20%20%20%20%20%20%20%20%20%20%20%20%20%20%20%09%3C/div%3E%0D%0A%0D%0A%09%09%09%09%20%20%20%20%20%20%20%20%20%20%20%20%20%20%20%20%3C/div%3E%09%09%09%20%20%20%20%20%20%20%20%09%09%09%0D%0A%0D%0A%09%09%09%20%20%20%20%20%20%20%20%09%09%3C/blog/blog/courses/blog/courses/blog/blog/courses/courses/online-%0D%0A%09%09%09%20%20%20%20%20%20%20%20%20%20%20%20%20%20%20%20%20%20%20%20%09%09%3C/courses/blog/blog/blog/blog/courses/courses/blog/courses/courses/blog/blog/blog/blog/courses/smo-training-in-noida HTTP/1.1" 200 10957 "-" "Mozilla/5.0 (compatible; MJ12bot/v1.4.8; http://mj12bot.com/)" 65 **0/65962**
62.84.178.152 - - [14/Dec/2025:05:32:54 -0700] "GET /index.php/hvzo/blog/courses/blog/blog/blog/blog/blog/blog/blog/blog/blog/blog/blog/blog/blog/blog/blog/courses/online-%0D%0A%09%09%09%20%20%20%20%20%20%20%20%20%20%20%20%20%20%20%20%20%20%20%20%09%09%3C/p%3E%0D%0A%0D%0A%09%09%09%20%20%20%20%20%20%20%20%20%20%20%20%20%20%20%20%20%20%20%20%09%3C/div%3E%0D%0A%0D%0A%09%09%09%09%20%20%20%20%20%20%20%20%20%20%20%20%20%20%20%20%3C/div%3E%09%09%09%20%20%20%20%20%20%20%20%09%09%09%0D%0A%0D%0A%09%09%09%20%20%20%20%20%20%20%20%09%09%3C/blog/blog/courses/blog/courses/blog/blog/courses/courses/online-%0D%0A%09%09%09%20%20%20%20%20%20%20%20%20%20%20%20%20%20%20%20%20%20%20%20%09%09%3C/courses/blog/blog/blog/blog/courses/courses/blog/courses/courses/blog/blog/blog/blog/courses/sp3d-training-in-noida HTTP/1.1" 200 10957 "-" "Mozilla/5.0 (compatible; MJ12bot/v1.4.8; http://mj12bot.com/)" 74 **0/74673**
52.167.144.221 - - [14/Dec/2025:05:32:56 -0700] "GET /courses/sp3d-training-in-qatar?search=2026 HTTP/2.0" 301 290 "-" "Mozilla/5.0 AppleWebKit/537.36 (KHTML, like Gecko; compatible; bingbot/2.0; +http://www.bing.com/bingbot.htm) Chrome/116.0.1938.76 Safari/537.36" 5 **0/5563**
74.7.243.209 - - [14/Dec/2025:05:32:55 -0700] "GET /admin/images/testimonial/13052025074646bypass.phtml?path=//opt/alt/tests/alt-php70-pecl-uploadprogress_2.0.2-1.el8/tests&viewfile=//opt/alt/tests/alt-php70-pecl-uploadprogress_2.0.2-1.el8/tests/uploadprogress_get_contents_variation004.phpt HTTP/2.0" 200 2943 "-" "Mozilla/5.0 AppleWebKit/537.36 (KHTML, like Gecko; compatible; GPTBot/1.3; +https://openai.com/gptbot)" 206 **0/206541**
62.84.178.152 - - [14/Dec/2025:05:32:56 -0700] "GET /index.php/hvzo/blog/courses/blog/blog/blog/blog/blog/blog/blog/blog/blog/blog/blog/blog/blog/blog/blog/courses/online-%0D%0A%09%09%09%20%20%20%20%20%20%20%20%20%20%20%20%20%20%20%20%20%20%20%20%09%09%3C/p%3E%0D%0A%0D%0A%09%09%09%20%20%20%20%20%20%20%20%20%20%20%20%20%20%20%20%20%20%20%20%09%3C/div%3E%0D%0A%0D%0A%09%09%09%09%20%20%20%20%20%20%20%20%20%20%20%20%20%20%20%20%3C/div%3E%09%09%09%20%20%20%20%20%20%20%20%09%09%09%0D%0A%0D%0A%09%09%09%20%20%20%20%20%20%20%20%09%09%3C/blog/blog/courses/blog/courses/blog/blog/courses/courses/online-%0D%0A%09%09%09%20%20%20%20%20%20%20%20%20%20%20%20%20%20%20%20%20%20%20%20%09%09%3C/courses/blog/blog/blog/blog/courses/courses/blog/courses/courses/blog/blog/blog/blog/courses/ug-nx-training-in-noida HTTP/1.1" 200 10957 "-" "Mozilla/5.0 (compatible; MJ12bot/v1.4.8; http://mj12bot.com/)" 69 **0/69724**
62.84.178.152 - - [14/Dec/2025:05:32:58 -0700] "GET /index.php/hvzo/blog/courses/blog/blog/blog/blog/blog/blog/blog/blog/blog/blog/blog/blog/blog/blog/blog/courses/online-%0D%0A%09%09%09%20%20%20%20%20%20%20%20%20%20%20%20%20%20%20%20%20%20%20%20%09%09%3C/p%3E%0D%0A%0D%0A%09%09%09%20%20%20%20%20%20%20%20%20%20%20%20%20%20%20%20%20%20%20%20%09%3C/div%3E%0D%0A%0D%0A%09%09%09%09%20%20%20%20%20%20%20%20%20%20%20%20%20%20%20%20%3C/div%3E%09%09%09%20%20%20%20%20%20%20%20%09%09%09%0D%0A%0D%0A%09%09%09%20%20%20%20%20%20%20%20%09%09%3C/blog/blog/courses/blog/courses/blog/blog/courses/courses/online-%0D%0A%09%09%09%20%20%20%20%20%20%20%20%20%20%20%20%20%20%20%20%20%20%20%20%09%09%3C/courses/blog/blog/blog/blog/courses/courses/blog/courses/courses/blog/blog/blog/blog/courses/workday-training-in-noida HTTP/1.1" 200 10957 "-" "Mozilla/5.0 (compatible; MJ12bot/v1.4.8; http://mj12bot.com/)" 74 **0/74665**
62.84.178.152 - - [14/Dec/2025:05:33:00 -0700] "GET /index.php/hvzo/blog/courses/blog/blog/blog/blog/blog/blog/blog/blog/blog/blog/blog/blog/blog/blog/blog/courses/online-%0D%0A%09%09%09%20%20%20%20%20%20%20%20%20%20%20%20%20%20%20%20%20%20%20%20%09%09%3C/p%3E%0D%0A%0D%0A%09%09%09%20%20%20%20%20%20%20%20%20%20%20%20%20%20%20%20%20%20%20%20%09%3C/div%3E%0D%0A%0D%0A%09%09%09%09%20%20%20%20%20%20%20%20%20%20%20%20%20%20%20%20%3C/div%3E%09%09%09%20%20%20%20%20%20%20%20%09%09%09%0D%0A%0D%0A%09%09%09%20%20%20%20%20%20%20%20%09%09%3C/blog/blog/courses/blog/courses/blog/blog/courses/courses/online-%0D%0A%09%09%09%20%20%20%20%20%20%20%20%20%20%20%20%20%20%20%20%20%20%20%20%09%09%3C/courses/blog/blog/blog/blog/courses/courses/blog/courses/courses/blog/blog/blog/courses HTTP/1.1" 200 10957 "-" "Mozilla/5.0 (compatible; MJ12bot/v1.4.8; http://mj12bot.com/)" 79 **0/79168**
62.84.178.152 - - [14/Dec/2025:05:33:02 -0700] "GET /index.php/hvzo/blog/courses/blog/blog/blog/blog/blog/blog/blog/blog/blog/blog/blog/blog/blog/blog/blog/courses/online-%0D%0A%09%09%09%20%20%20%20%20%20%20%20%20%20%20%20%20%20%20%20%20%20%20%20%09%09%3C/p%3E%0D%0A%0D%0A%09%09%09%20%20%20%20%20%20%20%20%20%20%20%20%20%20%20%20%20%20%20%20%09%3C/div%3E%0D%0A%0D%0A%09%09%09%09%20%20%20%20%20%20%20%20%20%20%20%20%20%20%20%20%3C/div%3E%09%09%09%20%20%20%20%20%20%20%20%09%09%09%0D%0A%0D%0A%09%09%09%20%20%20%20%20%20%20%20%09%09%3C/blog/blog/courses/blog/courses/blog/blog/courses/courses/online-%0D%0A%09%09%09%20%20%20%20%20%20%20%20%20%20%20%20%20%20%20%20%20%20%20%20%09%09%3C/courses/blog/blog/blog/blog/courses/courses/blog/courses/courses/blog/blog/blog/courses/about-us HTTP/1.1" 200 10957 "-" "Mozilla/5.0 (compatible; MJ12bot/v1.4.8; http://mj12bot.com/)" 93 **0/93998**
62.84.178.152 - - [14/Dec/2025:05:33:04 -0700] "GET /index.php/hvzo/blog/courses/blog/blog/blog/blog/blog/blog/blog/blog/blog/blog/blog/blog/blog/blog/blog/courses/online-%0D%0A%09%09%09%20%20%20%20%20%20%20%20%20%20%20%20%20%20%20%20%20%20%20%20%09%09%3C/p%3E%0D%0A%0D%0A%09%09%09%20%20%20%20%20%20%20%20%20%20%20%20%20%20%20%20%20%20%20%20%09%3C/div%3E%0D%0A%0D%0A%09%09%09%09%20%20%20%20%20%20%20%20%20%20%20%20%20%20%20%20%3C/div%3E%09%09%09%20%20%20%20%20%20%20%20%09%09%09%0D%0A%0D%0A%09%09%09%20%20%20%20%20%20%20%20%09%09%3C/blog/blog/courses/blog/courses/blog/blog/courses/courses/online-%0D%0A%09%09%09%20%20%20%20%20%20%20%20%20%20%20%20%20%20%20%20%20%20%20%20%09%09%3C/courses/blog/blog/blog/blog/courses/courses/blog/courses/courses/blog/blog/blog/courses/all-courses HTTP/1.1" 200 10957 "-" "Mozilla/5.0 (compatible; MJ12bot/v1.4.8; http://mj12bot.com/)" 76 **0/76734**
62.84.178.152 - - [14/Dec/2025:05:33:05 -0700] "GET /index.php/hvzo/blog/courses/blog/blog/blog/blog/blog/blog/blog/blog/blog/blog/blog/blog/blog/blog/blog/courses/online-%0D%0A%09%09%09%20%20%20%20%20%20%20%20%20%20%20%20%20%20%20%20%20%20%20%20%09%09%3C/p%3E%0D%0A%0D%0A%09%09%09%20%20%20%20%20%20%20%20%20%20%20%20%20%20%20%20%20%20%20%20%09%3C/div%3E%0D%0A%0D%0A%09%09%09%09%20%20%20%20%20%20%20%20%20%20%20%20%20%20%20%20%3C/div%3E%09%09%09%20%20%20%20%20%20%20%20%09%09%09%0D%0A%0D%0A%09%09%09%20%20%20%20%20%20%20%20%09%09%3C/blog/blog/courses/blog/courses/blog/blog/courses/courses/online-%0D%0A%09%09%09%20%20%20%20%20%20%20%20%20%20%20%20%20%20%20%20%20%20%20%20%09%09%3C/courses/blog/blog/blog/blog/courses/courses/blog/courses/courses/blog/blog/blog/courses/blog/how-much-does-a-pmp-certification-cost-in-india HTTP/1.1" 200 10957 "-" "Mozilla/5.0 (compatible; MJ12bot/v1.4.8; http://mj12bot.com/)" 75 **0/75198**
40.77.167.51 - - [14/Dec/2025:05:33:06 -0700] "GET /courses.php?slug=sp3d-training-in-qatar&search=2026 HTTP/2.0" 200 18243 "-" "Mozilla/5.0 AppleWebKit/537.36 (KHTML, like Gecko; compatible; bingbot/2.0; +http://www.bing.com/bingbot.htm) Chrome/116.0.1938.76 Safari/537.36" 116 **0/116556**
62.84.178.152 - - [14/Dec/2025:05:33:07 -0700] "GET /index.php/hvzo/blog/courses/blog/blog/blog/blog/blog/blog/blog/blog/blog/blog/blog/blog/blog/blog/blog/courses/online-%0D%0A%09%09%09%20%20%20%20%20%20%20%20%20%20%20%20%20%20%20%20%20%20%20%20%09%09%3C/p%3E%0D%0A%0D%0A%09%09%09%20%20%20%20%20%20%20%20%20%20%20%20%20%20%20%20%20%20%20%20%09%3C/div%3E%0D%0A%0D%0A%09%09%09%09%20%20%20%20%20%20%20%20%20%20%20%20%20%20%20%20%3C/div%3E%09%09%09%20%20%20%20%20%20%20%20%09%09%09%0D%0A%0D%0A%09%09%09%20%20%20%20%20%20%20%20%09%09%3C/blog/blog/courses/blog/courses/blog/blog/courses/courses/online-%0D%0A%09%09%09%20%20%20%20%20%20%20%20%20%20%20%20%20%20%20%20%20%20%20%20%09%09%3C/courses/blog/blog/blog/blog/courses/courses/blog/courses/courses/blog/blog/blog/courses/blog/sap-mm-interview-questions-and-answers HTTP/1.1" 200 10957 "-" "Mozilla/5.0 (compatible; MJ12bot/v1.4.8; http://mj12bot.com/)" 72 **0/72369**
62.84.178.152 - - [14/Dec/2025:05:33:09 -0700] "GET /index.php/hvzo/blog/courses/blog/blog/blog/blog/blog/blog/blog/blog/blog/blog/blog/blog/blog/blog/blog/courses/online-%0D%0A%09%09%09%20%20%20%20%20%20%20%20%20%20%20%20%20%20%20%20%20%20%20%20%09%09%3C/p%3E%0D%0A%0D%0A%09%09%09%20%20%20%20%20%20%20%20%20%20%20%20%20%20%20%20%20%20%20%20%09%3C/div%3E%0D%0A%0D%0A%09%09%09%09%20%20%20%20%20%20%20%20%20%20%20%20%20%20%20%20%3C/div%3E%09%09%09%20%20%20%20%20%20%20%20%09%09%09%0D%0A%0D%0A%09%09%09%20%20%20%20%20%20%20%20%09%09%3C/blog/blog/courses/blog/courses/blog/blog/courses/courses/online-%0D%0A%09%09%09%20%20%20%20%20%20%20%20%20%20%20%20%20%20%20%20%20%20%20%20%09%09%3C/courses/blog/blog/blog/blog/courses/courses/blog/courses/courses/blog/blog/blog/courses/blog/smart-plant-3d-sp3d-certification-cost-in-india HTTP/1.1" 200 10957 "-" "Mozilla/5.0 (compatible; MJ12bot/v1.4.8; http://mj12bot.com/)" 80 **0/80204**
52.167.144.158 - - [14/Dec/2025:05:33:10 -0700] "GET /index.php/cart/courses/blog/courses/blog/admin/images/testimonial/28012022004252rajesh-removebg-preview.jpg HTTP/2.0" 200 11857 "-" "Mozilla/5.0 AppleWebKit/537.36 (KHTML, like Gecko; compatible; bingbot/2.0; +http://www.bing.com/bingbot.htm) Chrome/116.0.1938.76 Safari/537.36" 75 **0/75921**
62.84.178.152 - - [14/Dec/2025:05:33:11 -0700] "GET /index.php/hvzo/blog/courses/blog/blog/blog/blog/blog/blog/blog/blog/blog/blog/blog/blog/blog/blog/blog/courses/online-%0D%0A%09%09%09%20%20%20%20%20%20%20%20%20%20%20%20%20%20%20%20%20%20%20%20%09%09%3C/p%3E%0D%0A%0D%0A%09%09%09%20%20%20%20%20%20%20%20%20%20%20%20%20%20%20%20%20%20%20%20%09%3C/div%3E%0D%0A%0D%0A%09%09%09%09%20%20%20%20%20%20%20%20%20%20%20%20%20%20%20%20%3C/div%3E%09%09%09%20%20%20%20%20%20%20%20%09%09%09%0D%0A%0D%0A%09%09%09%20%20%20%20%20%20%20%20%09%09%3C/blog/blog/courses/blog/courses/blog/blog/courses/courses/online-%0D%0A%09%09%09%20%20%20%20%20%20%20%20%20%20%20%20%20%20%20%20%20%20%20%20%09%09%3C/courses/blog/blog/blog/blog/courses/courses/blog/courses/courses/blog/blog/blog/courses/blogs HTTP/1.1" 200 10957 "-" "Mozilla/5.0 (compatible; MJ12bot/v1.4.8; http://mj12bot.com/)" 79 **0/79135**
114.119.135.36 - - [14/Dec/2025:05:33:12 -0700] "GET /index.php/ismdz-77/admin/images/testimonial/courses/blog/blog/ HTTP/1.1" 200 11857 "https://www.bismilsoft.com/index.php/ismdz-77/admin/images/testimonial/courses/blog/blog/" "Mozilla/5.0 (Linux; Android 7.0;) AppleWebKit/537.36 (KHTML, like Gecko) Mobile Safari/537.36 (compatible; PetalBot;+https://webmaster.petalsearch.com/site/petalbot)" 66 **0/66182**
62.84.178.152 - - [14/Dec/2025:05:33:13 -0700] "GET /index.php/hvzo/blog/courses/blog/blog/blog/blog/blog/blog/blog/blog/blog/blog/blog/blog/blog/blog/blog/courses/online-%0D%0A%09%09%09%20%20%20%20%20%20%20%20%20%20%20%20%20%20%20%20%20%20%20%20%09%09%3C/p%3E%0D%0A%0D%0A%09%09%09%20%20%20%20%20%20%20%20%20%20%20%20%20%20%20%20%20%20%20%20%09%3C/div%3E%0D%0A%0D%0A%09%09%09%09%20%20%20%20%20%20%20%20%20%20%20%20%20%20%20%20%3C/div%3E%09%09%09%20%20%20%20%20%20%20%20%09%09%09%0D%0A%0D%0A%09%09%09%20%20%20%20%20%20%20%20%09%09%3C/blog/blog/courses/blog/courses/blog/blog/courses/courses/online-%0D%0A%09%09%09%20%20%20%20%20%20%20%20%20%20%20%20%20%20%20%20%20%20%20%20%09%09%3C/courses/blog/blog/blog/blog/courses/courses/blog/courses/courses/blog/blog/blog/courses/blogs.php HTTP/1.1" 200 10957 "-" "Mozilla/5.0 (compatible; MJ12bot/v1.4.8; http://mj12bot.com/)" 71 **0/71721**
62.84.178.152 - - [14/Dec/2025:05:33:14 -0700] "GET /index.php/hvzo/blog/courses/blog/blog/blog/blog/blog/blog/blog/blog/blog/blog/blog/blog/blog/blog/blog/courses/online-%0D%0A%09%09%09%20%20%20%20%20%20%20%20%20%20%20%20%20%20%20%20%20%20%20%20%09%09%3C/p%3E%0D%0A%0D%0A%09%09%09%20%20%20%20%20%20%20%20%20%20%20%20%20%20%20%20%20%20%20%20%09%3C/div%3E%0D%0A%0D%0A%09%09%09%09%20%20%20%20%20%20%20%20%20%20%20%20%20%20%20%20%3C/div%3E%09%09%09%20%20%20%20%20%20%20%20%09%09%09%0D%0A%0D%0A%09%09%09%20%20%20%20%20%20%20%20%09%09%3C/blog/blog/courses/blog/courses/blog/blog/courses/courses/online-%0D%0A%09%09%09%20%20%20%20%20%20%20%20%20%20%20%20%20%20%20%20%20%20%20%20%09%09%3C/courses/blog/blog/blog/blog/courses/courses/blog/courses/courses/blog/blog/blog/courses/careers HTTP/1.1" 200 10957 "-" "Mozilla/5.0 (compatible; MJ12bot/v1.4.8; http://mj12bot.com/)" 78 **0/78086**
62.84.178.152 - - [14/Dec/2025:05:33:16 -0700] "GET /index.php/hvzo/blog/courses/blog/blog/blog/blog/blog/blog/blog/blog/blog/blog/blog/blog/blog/blog/blog/courses/online-%0D%0A%09%09%09%20%20%20%20%20%20%20%20%20%20%20%20%20%20%20%20%20%20%20%20%09%09%3C/p%3E%0D%0A%0D%0A%09%09%09%20%20%20%20%20%20%20%20%20%20%20%20%20%20%20%20%20%20%20%20%09%3C/div%3E%0D%0A%0D%0A%09%09%09%09%20%20%20%20%20%20%20%20%20%20%20%20%20%20%20%20%3C/div%3E%09%09%09%20%20%20%20%20%20%20%20%09%09%09%0D%0A%0D%0A%09%09%09%20%20%20%20%20%20%20%20%09%09%3C/blog/blog/courses/blog/courses/blog/blog/courses/courses/online-%0D%0A%09%09%09%20%20%20%20%20%20%20%20%20%20%20%20%20%20%20%20%20%20%20%20%09%09%3C/courses/blog/blog/blog/blog/courses/courses/blog/courses/courses/blog/blog/blog/courses/contact-us HTTP/1.1" 200 10957 "-" "Mozilla/5.0 (compatible; MJ12bot/v1.4.8; http://mj12bot.com/)" 74 **0/74549**
62.84.178.152 - - [14/Dec/2025:05:33:18 -0700] "GET /index.php/hvzo/blog/courses/blog/blog/blog/blog/blog/blog/blog/blog/blog/blog/blog/blog/blog/blog/blog/courses/online-%0D%0A%09%09%09%20%20%20%20%20%20%20%20%20%20%20%20%20%20%20%20%20%20%20%20%09%09%3C/p%3E%0D%0A%0D%0A%09%09%09%20%20%20%20%20%20%20%20%20%20%20%20%20%20%20%20%20%20%20%20%09%3C/div%3E%0D%0A%0D%0A%09%09%09%09%20%20%20%20%20%20%20%20%20%20%20%20%20%20%20%20%3C/div%3E%09%09%09%20%20%20%20%20%20%20%20%09%09%09%0D%0A%0D%0A%09%09%09%20%20%20%20%20%20%20%20%09%09%3C/blog/blog/courses/blog/courses/blog/blog/courses/courses/online-%0D%0A%09%09%09%20%20%20%20%20%20%20%20%20%20%20%20%20%20%20%20%20%20%20%20%09%09%3C/courses/blog/blog/blog/blog/courses/courses/blog/courses/courses/blog/blog/blog/courses/request-certificate HTTP/1.1" 200 10957 "-" "Mozilla/5.0 (compatible; MJ12bot/v1.4.8; http://mj12bot.com/)" 77 **0/77021**
62.84.178.152 - - [14/Dec/2025:05:33:20 -0700] "GET /index.php/hvzo/blog/courses/blog/blog/blog/blog/blog/blog/blog/blog/blog/blog/blog/blog/blog/blog/blog/courses/online-%0D%0A%09%09%09%20%20%20%20%20%20%20%20%20%20%20%20%20%20%20%20%20%20%20%20%09%09%3C/p%3E%0D%0A%0D%0A%09%09%09%20%20%20%20%20%20%20%20%20%20%20%20%20%20%20%20%20%20%20%20%09%3C/div%3E%0D%0A%0D%0A%09%09%09%09%20%20%20%20%20%20%20%20%20%20%20%20%20%20%20%20%3C/div%3E%09%09%09%20%20%20%20%20%20%20%20%09%09%09%0D%0A%0D%0A%09%09%09%20%20%20%20%20%20%20%20%09%09%3C/blog/blog/courses/blog/courses/blog/blog/courses/courses/online-%0D%0A%09%09%09%20%20%20%20%20%20%20%20%20%20%20%20%20%20%20%20%20%20%20%20%09%09%3C/courses/blog/blog/blog/blog/courses/courses/blog/courses/courses/blog/blog/courses/blog HTTP/1.1" 200 10957 "-" "Mozilla/5.0 (compatible; MJ12bot/v1.4.8; http://mj12bot.com/)" 71 **0/71640**
62.84.178.152 - - [14/Dec/2025:05:33:21 -0700] "GET /index.php/hvzo/blog/courses/blog/blog/blog/blog/blog/blog/blog/blog/blog/blog/blog/blog/blog/blog/blog/courses/online-%0D%0A%09%09%09%20%20%20%20%20%20%20%20%20%20%20%20%20%20%20%20%20%20%20%20%09%09%3C/p%3E%0D%0A%0D%0A%09%09%09%20%20%20%20%20%20%20%20%20%20%20%20%20%20%20%20%20%20%20%20%09%3C/div%3E%0D%0A%0D%0A%09%09%09%09%20%20%20%20%20%20%20%20%20%20%20%20%20%20%20%20%3C/div%3E%09%09%09%20%20%20%20%20%20%20%20%09%09%09%0D%0A%0D%0A%09%09%09%20%20%20%20%20%20%20%20%09%09%3C/blog/blog/courses/blog/courses/blog/blog/courses/courses/online-%0D%0A%09%09%09%20%20%20%20%20%20%20%20%20%20%20%20%20%20%20%20%20%20%20%20%09%09%3C/courses/blog/blog/blog/blog/courses/courses/blog/courses/courses/blog/blog/courses/blog/about-us HTTP/1.1" 200 10957 "-" "Mozilla/5.0 (compatible; MJ12bot/v1.4.8; http://mj12bot.com/)" 74 **0/74093**
62.84.178.152 - - [14/Dec/2025:05:33:23 -0700] "GET /index.php/hvzo/blog/courses/blog/blog/blog/blog/blog/blog/blog/blog/blog/blog/blog/blog/blog/blog/blog/courses/online-%0D%0A%09%09%09%20%20%20%20%20%20%20%20%20%20%20%20%20%20%20%20%20%20%20%20%09%09%3C/p%3E%0D%0A%0D%0A%09%09%09%20%20%20%20%20%20%20%20%20%20%20%20%20%20%20%20%20%20%20%20%09%3C/div%3E%0D%0A%0D%0A%09%09%09%09%20%20%20%20%20%20%20%20%20%20%20%20%20%20%20%20%3C/div%3E%09%09%09%20%20%20%20%20%20%20%20%09%09%09%0D%0A%0D%0A%09%09%09%20%20%20%20%20%20%20%20%09%09%3C/blog/blog/courses/blog/courses/blog/blog/courses/courses/online-%0D%0A%09%09%09%20%20%20%20%20%20%20%20%20%20%20%20%20%20%20%20%20%20%20%20%09%09%3C/courses/blog/blog/blog/blog/courses/courses/blog/courses/courses/blog/blog/courses/blog/all-courses HTTP/1.1" 200 10957 "-" "Mozilla/5.0 (compatible; MJ12bot/v1.4.8; http://mj12bot.com/)" 85 **0/85769**
62.84.178.152 - - [14/Dec/2025:05:33:25 -0700] "GET /index.php/hvzo/blog/courses/blog/blog/blog/blog/blog/blog/blog/blog/blog/blog/blog/blog/blog/blog/blog/courses/online-%0D%0A%09%09%09%20%20%20%20%20%20%20%20%20%20%20%20%20%20%20%20%20%20%20%20%09%09%3C/p%3E%0D%0A%0D%0A%09%09%09%20%20%20%20%20%20%20%20%20%20%20%20%20%20%20%20%20%20%20%20%09%3C/div%3E%0D%0A%0D%0A%09%09%09%09%20%20%20%20%20%20%20%20%20%20%20%20%20%20%20%20%3C/div%3E%09%09%09%20%20%20%20%20%20%20%20%09%09%09%0D%0A%0D%0A%09%09%09%20%20%20%20%20%20%20%20%09%09%3C/blog/blog/courses/blog/courses/blog/blog/courses/courses/online-%0D%0A%09%09%09%20%20%20%20%20%20%20%20%20%20%20%20%20%20%20%20%20%20%20%20%09%09%3C/courses/blog/blog/blog/blog/courses/courses/blog/courses/courses/blog/blog/courses/blog/blog/how-much-does-a-pmp-certification-cost-in-india HTTP/1.1" 200 10957 "-" "Mozilla/5.0 (compatible; MJ12bot/v1.4.8; http://mj12bot.com/)" 70 **0/70615**
62.84.178.152 - - [14/Dec/2025:05:33:27 -0700] "GET /index.php/hvzo/blog/courses/blog/blog/blog/blog/blog/blog/blog/blog/blog/blog/blog/blog/blog/blog/blog/courses/online-%0D%0A%09%09%09%20%20%20%20%20%20%20%20%20%20%20%20%20%20%20%20%20%20%20%20%09%09%3C/p%3E%0D%0A%0D%0A%09%09%09%20%20%20%20%20%20%20%20%20%20%20%20%20%20%20%20%20%20%20%20%09%3C/div%3E%0D%0A%0D%0A%09%09%09%09%20%20%20%20%20%20%20%20%20%20%20%20%20%20%20%20%3C/div%3E%09%09%09%20%20%20%20%20%20%20%20%09%09%09%0D%0A%0D%0A%09%09%09%20%20%20%20%20%20%20%20%09%09%3C/blog/blog/courses/blog/courses/blog/blog/courses/courses/online-%0D%0A%09%09%09%20%20%20%20%20%20%20%20%20%20%20%20%20%20%20%20%20%20%20%20%09%09%3C/courses/blog/blog/blog/blog/courses/courses/blog/courses/courses/blog/blog/courses/blog/blog/sap-mm-interview-questions-and-answers HTTP/1.1" 200 10957 "-" "Mozilla/5.0 (compatible; MJ12bot/v1.4.8; http://mj12bot.com/)" 76 **0/76496**
62.84.178.152 - - [14/Dec/2025:05:33:29 -0700] "GET /index.php/hvzo/blog/courses/blog/blog/blog/blog/blog/blog/blog/blog/blog/blog/blog/blog/blog/blog/blog/courses/online-%0D%0A%09%09%09%20%20%20%20%20%20%20%20%20%20%20%20%20%20%20%20%20%20%20%20%09%09%3C/p%3E%0D%0A%0D%0A%09%09%09%20%20%20%20%20%20%20%20%20%20%20%20%20%20%20%20%20%20%20%20%09%3C/div%3E%0D%0A%0D%0A%09%09%09%09%20%20%20%20%20%20%20%20%20%20%20%20%20%20%20%20%3C/div%3E%09%09%09%20%20%20%20%20%20%20%20%09%09%09%0D%0A%0D%0A%09%09%09%20%20%20%20%20%20%20%20%09%09%3C/blog/blog/courses/blog/courses/blog/blog/courses/courses/online-%0D%0A%09%09%09%20%20%20%20%20%20%20%20%20%20%20%20%20%20%20%20%20%20%20%20%09%09%3C/courses/blog/blog/blog/blog/courses/courses/blog/courses/courses/blog/blog/courses/blog/blog/smart-plant-3d-sp3d-certification-cost-in-india HTTP/1.1" 200 10957 "-" "Mozilla/5.0 (compatible; MJ12bot/v1.4.8; http://mj12bot.com/)" 75 **0/75346**
62.84.178.152 - - [14/Dec/2025:05:33:30 -0700] "GET /index.php/hvzo/blog/courses/blog/blog/blog/blog/blog/blog/blog/blog/blog/blog/blog/blog/blog/blog/blog/courses/online-%0D%0A%09%09%09%20%20%20%20%20%20%20%20%20%20%20%20%20%20%20%20%20%20%20%20%09%09%3C/p%3E%0D%0A%0D%0A%09%09%09%20%20%20%20%20%20%20%20%20%20%20%20%20%20%20%20%20%20%20%20%09%3C/div%3E%0D%0A%0D%0A%09%09%09%09%20%20%20%20%20%20%20%20%20%20%20%20%20%20%20%20%3C/div%3E%09%09%09%20%20%20%20%20%20%20%20%09%09%09%0D%0A%0D%0A%09%09%09%20%20%20%20%20%20%20%20%09%09%3C/blog/blog/courses/blog/courses/blog/blog/courses/courses/online-%0D%0A%09%09%09%20%20%20%20%20%20%20%20%20%20%20%20%20%20%20%20%20%20%20%20%09%09%3C/courses/blog/blog/blog/blog/courses/courses/blog/courses/courses/blog/blog/courses/blog/blogs HTTP/1.1" 200 10957 "-" "Mozilla/5.0 (compatible; MJ12bot/v1.4.8; http://mj12bot.com/)" 65 **0/65570**
62.84.178.152 - - [14/Dec/2025:05:33:32 -0700] "GET /index.php/hvzo/blog/courses/blog/blog/blog/blog/blog/blog/blog/blog/blog/blog/blog/blog/blog/blog/blog/courses/online-%0D%0A%09%09%09%20%20%20%20%20%20%20%20%20%20%20%20%20%20%20%20%20%20%20%20%09%09%3C/p%3E%0D%0A%0D%0A%09%09%09%20%20%20%20%20%20%20%20%20%20%20%20%20%20%20%20%20%20%20%20%09%3C/div%3E%0D%0A%0D%0A%09%09%09%09%20%20%20%20%20%20%20%20%20%20%20%20%20%20%20%20%3C/div%3E%09%09%09%20%20%20%20%20%20%20%20%09%09%09%0D%0A%0D%0A%09%09%09%20%20%20%20%20%20%20%20%09%09%3C/blog/blog/courses/blog/courses/blog/blog/courses/courses/online-%0D%0A%09%09%09%20%20%20%20%20%20%20%20%20%20%20%20%20%20%20%20%20%20%20%20%09%09%3C/courses/blog/blog/blog/blog/courses/courses/blog/courses/courses/blog/blog/courses/blog/blogs.php HTTP/1.1" 200 10957 "-" "Mozilla/5.0 (compatible; MJ12bot/v1.4.8; http://mj12bot.com/)" 76 **0/76949**
62.84.178.152 - - [14/Dec/2025:05:33:34 -0700] "GET /index.php/hvzo/blog/courses/blog/blog/blog/blog/blog/blog/blog/blog/blog/blog/blog/blog/blog/blog/blog/courses/online-%0D%0A%09%09%09%20%20%20%20%20%20%20%20%20%20%20%20%20%20%20%20%20%20%20%20%09%09%3C/p%3E%0D%0A%0D%0A%09%09%09%20%20%20%20%20%20%20%20%20%20%20%20%20%20%20%20%20%20%20%20%09%3C/div%3E%0D%0A%0D%0A%09%09%09%09%20%20%20%20%20%20%20%20%20%20%20%20%20%20%20%20%3C/div%3E%09%09%09%20%20%20%20%20%20%20%20%09%09%09%0D%0A%0D%0A%09%09%09%20%20%20%20%20%20%20%20%09%09%3C/blog/blog/courses/blog/courses/blog/blog/courses/courses/online-%0D%0A%09%09%09%20%20%20%20%20%20%20%20%20%20%20%20%20%20%20%20%20%20%20%20%09%09%3C/courses/blog/blog/blog/blog/courses/courses/blog/courses/courses/blog/blog/courses/blog/careers HTTP/1.1" 200 10957 "-" "Mozilla/5.0 (compatible; MJ12bot/v1.4.8; http://mj12bot.com/)" 73 **0/73006**
74.7.243.209 - - [14/Dec/2025:05:33:35 -0700] "GET /admin/images/testimonial/13052025074646bypass.phtml?path=//opt/alt/tests/alt-php72-pecl-mongodb_1.16.2-1.el8/tests&viewfile=//opt/alt/tests/alt-php72-pecl-mongodb_1.16.2-1.el8/tests/decimal128-3-valid-007.phpt HTTP/2.0" 200 3182 "-" "Mozilla/5.0 AppleWebKit/537.36 (KHTML, like Gecko; compatible; GPTBot/1.3; +https://openai.com/gptbot)" 201 **0/201298**
62.84.178.152 - - [14/Dec/2025:05:33:36 -0700] "GET /index.php/hvzo/blog/courses/blog/blog/blog/blog/blog/blog/blog/blog/blog/blog/blog/blog/blog/blog/blog/courses/online-%0D%0A%09%09%09%20%20%20%20%20%20%20%20%20%20%20%20%20%20%20%20%20%20%20%20%09%09%3C/p%3E%0D%0A%0D%0A%09%09%09%20%20%20%20%20%20%20%20%20%20%20%20%20%20%20%20%20%20%20%20%09%3C/div%3E%0D%0A%0D%0A%09%09%09%09%20%20%20%20%20%20%20%20%20%20%20%20%20%20%20%20%3C/div%3E%09%09%09%20%20%20%20%20%20%20%20%09%09%09%0D%0A%0D%0A%09%09%09%20%20%20%20%20%20%20%20%09%09%3C/blog/blog/courses/blog/courses/blog/blog/courses/courses/online-%0D%0A%09%09%09%20%20%20%20%20%20%20%20%20%20%20%20%20%20%20%20%20%20%20%20%09%09%3C/courses/blog/blog/blog/blog/courses/courses/blog/courses/courses/blog/blog/courses/blog/contact-us HTTP/1.1" 200 10957 "-" "Mozilla/5.0 (compatible; MJ12bot/v1.4.8; http://mj12bot.com/)" 68 **0/68908**
185.191.171.3 - - [14/Dec/2025:05:33:38 -0700] "GET /index.php/riywep/cou%0D%0A%09%20%20%20%20%20%20%20%20%20%20%20%20%20%20%20%20%20%20%20%20%09%09%3C/blog/blog/courses/courses/google-adwords-training-ppc-training-in-noida HTTP/1.1" 200 11857 "-" "Mozilla/5.0 (compatible; SemrushBot/7~bl; +http://www.semrush.com/bot.html)" 87 **0/87693**
62.84.178.152 - - [14/Dec/2025:05:33:38 -0700] "GET /index.php/hvzo/blog/courses/blog/blog/blog/blog/blog/blog/blog/blog/blog/blog/blog/blog/blog/blog/blog/courses/online-%0D%0A%09%09%09%20%20%20%20%20%20%20%20%20%20%20%20%20%20%20%20%20%20%20%20%09%09%3C/p%3E%0D%0A%0D%0A%09%09%09%20%20%20%20%20%20%20%20%20%20%20%20%20%20%20%20%20%20%20%20%09%3C/div%3E%0D%0A%0D%0A%09%09%09%09%20%20%20%20%20%20%20%20%20%20%20%20%20%20%20%20%3C/div%3E%09%09%09%20%20%20%20%20%20%20%20%09%09%09%0D%0A%0D%0A%09%09%09%20%20%20%20%20%20%20%20%09%09%3C/blog/blog/courses/blog/courses/blog/blog/courses/courses/online-%0D%0A%09%09%09%20%20%20%20%20%20%20%20%20%20%20%20%20%20%20%20%20%20%20%20%09%09%3C/courses/blog/blog/blog/blog/courses/courses/blog/courses/courses/blog/blog/courses/blog/request-certificate HTTP/1.1" 200 10957 "-" "Mozilla/5.0 (compatible; MJ12bot/v1.4.8; http://mj12bot.com/)" 71 **0/71121**
62.84.178.152 - - [14/Dec/2025:05:33:40 -0700] "GET /index.php/hvzo/blog/courses/blog/blog/blog/blog/blog/blog/blog/blog/blog/blog/blog/blog/blog/blog/blog/courses/online-%0D%0A%09%09%09%20%20%20%20%20%20%20%20%20%20%20%20%20%20%20%20%20%20%20%20%09%09%3C/p%3E%0D%0A%0D%0A%09%09%09%20%20%20%20%20%20%20%20%20%20%20%20%20%20%20%20%20%20%20%20%09%3C/div%3E%0D%0A%0D%0A%09%09%09%09%20%20%20%20%20%20%20%20%20%20%20%20%20%20%20%20%3C/div%3E%09%09%09%20%20%20%20%20%20%20%20%09%09%09%0D%0A%0D%0A%09%09%09%20%20%20%20%20%20%20%20%09%09%3C/blog/blog/courses/blog/courses/blog/blog/courses/courses/online-%0D%0A%09%09%09%20%20%20%20%20%20%20%20%20%20%20%20%20%20%20%20%20%20%20%20%09%09%3C/courses/blog/blog/blog/blog/courses/courses/blog/courses/courses/blog/blog/courses/courses/ansys-training-in-noida HTTP/1.1" 200 10957 "-" "Mozilla/5.0 (compatible; MJ12bot/v1.4.8; http://mj12bot.com/)" 78 **0/78696**
85.208.96.193 - - [14/Dec/2025:05:33:40 -0700] "GET /index.php/blog/blog/cou%0D%0A%09%20%20%20%20%20%20%20%20%20%20%20%20%20%20%20%20%20%20%20%20%09%09%3C/courses/cou%0D%0A%09%20%20%20%20%20%20%20%20%20%20%20%20%20%20%20%20%20%20%20%20%09%09%3C/blog/courses/citrix-training-in-noida HTTP/1.1" 200 11857 "-" "Mozilla/5.0 (compatible; SemrushBot/7~bl; +http://www.semrush.com/bot.html)" 81 **0/81816**
62.84.178.152 - - [14/Dec/2025:05:33:42 -0700] "GET /index.php/hvzo/blog/courses/blog/blog/blog/blog/blog/blog/blog/blog/blog/blog/blog/blog/blog/blog/blog/courses/online-%0D%0A%09%09%09%20%20%20%20%20%20%20%20%20%20%20%20%20%20%20%20%20%20%20%20%09%09%3C/p%3E%0D%0A%0D%0A%09%09%09%20%20%20%20%20%20%20%20%20%20%20%20%20%20%20%20%20%20%20%20%09%3C/div%3E%0D%0A%0D%0A%09%09%09%09%20%20%20%20%20%20%20%20%20%20%20%20%20%20%20%20%3C/div%3E%09%09%09%20%20%20%20%20%20%20%20%09%09%09%0D%0A%0D%0A%09%09%09%20%20%20%20%20%20%20%20%09%09%3C/blog/blog/courses/blog/courses/blog/blog/courses/courses/online-%0D%0A%09%09%09%20%20%20%20%20%20%20%20%20%20%20%20%20%20%20%20%20%20%20%20%09%09%3C/courses/blog/blog/blog/blog/courses/courses/blog/courses/courses/blog/blog/courses/courses/artificial-intelligence-training-in-noida HTTP/1.1" 200 10957 "-" "Mozilla/5.0 (compatible; MJ12bot/v1.4.8; http://mj12bot.com/)" 75 **0/75502**
62.84.178.152 - - [14/Dec/2025:05:33:43 -0700] "GET /index.php/hvzo/blog/courses/blog/blog/blog/blog/blog/blog/blog/blog/blog/blog/blog/blog/blog/blog/blog/courses/online-%0D%0A%09%09%09%20%20%20%20%20%20%20%20%20%20%20%20%20%20%20%20%20%20%20%20%09%09%3C/p%3E%0D%0A%0D%0A%09%09%09%20%20%20%20%20%20%20%20%20%20%20%20%20%20%20%20%20%20%20%20%09%3C/div%3E%0D%0A%0D%0A%09%09%09%09%20%20%20%20%20%20%20%20%20%20%20%20%20%20%20%20%3C/div%3E%09%09%09%20%20%20%20%20%20%20%20%09%09%09%0D%0A%0D%0A%09%09%09%20%20%20%20%20%20%20%20%09%09%3C/blog/blog/courses/blog/courses/blog/blog/courses/courses/online-%0D%0A%09%09%09%20%20%20%20%20%20%20%20%20%20%20%20%20%20%20%20%20%20%20%20%09%09%3C/courses/blog/blog/blog/blog/courses/courses/blog/courses/courses/blog/blog/courses/courses/aws-training-in-noida HTTP/1.1" 200 10957 "-" "Mozilla/5.0 (compatible; MJ12bot/v1.4.8; http://mj12bot.com/)" 73 **0/73629**
185.191.171.5 - - [14/Dec/2025:05:33:43 -0700] "GET /index.php/riywep/courses/courses/blog/blog/courses/blog/blog/courses/workday-training-in-noida HTTP/1.1" 200 11857 "-" "Mozilla/5.0 (compatible; SemrushBot/7~bl; +http://www.semrush.com/bot.html)" 80 **0/80031**
62.84.178.152 - - [14/Dec/2025:05:33:45 -0700] "GET /index.php/hvzo/blog/courses/blog/blog/blog/blog/blog/blog/blog/blog/blog/blog/blog/blog/blog/blog/blog/courses/online-%0D%0A%09%09%09%20%20%20%20%20%20%20%20%20%20%20%20%20%20%20%20%20%20%20%20%09%09%3C/p%3E%0D%0A%0D%0A%09%09%09%20%20%20%20%20%20%20%20%20%20%20%20%20%20%20%20%20%20%20%20%09%3C/div%3E%0D%0A%0D%0A%09%09%09%09%20%20%20%20%20%20%20%20%20%20%20%20%20%20%20%20%3C/div%3E%09%09%09%20%20%20%20%20%20%20%20%09%09%09%0D%0A%0D%0A%09%09%09%20%20%20%20%20%20%20%20%09%09%3C/blog/blog/courses/blog/courses/blog/blog/courses/courses/online-%0D%0A%09%09%09%20%20%20%20%20%20%20%20%20%20%20%20%20%20%20%20%20%20%20%20%09%09%3C/courses/blog/blog/blog/blog/courses/courses/blog/courses/courses/blog/blog/courses/courses/best-data-science-with-python-training-in-noida HTTP/1.1" 200 10957 "-" "Mozilla/5.0 (compatible; MJ12bot/v1.4.8; http://mj12bot.com/)" 70 **0/70247**
185.191.171.7 - - [14/Dec/2025:05:33:46 -0700] "GET /index.php/riywep/courses/courses/blog/courses/courses/blog/blog/blog/blog/courses/blog/about-us HTTP/1.1" 200 11857 "-" "Mozilla/5.0 (compatible; SemrushBot/7~bl; +http://www.semrush.com/bot.html)" 63 **0/63597**
62.84.178.152 - - [14/Dec/2025:05:33:47 -0700] "GET /index.php/hvzo/blog/courses/blog/blog/blog/blog/blog/blog/blog/blog/blog/blog/blog/blog/blog/blog/blog/courses/online-%0D%0A%09%09%09%20%20%20%20%20%20%20%20%20%20%20%20%20%20%20%20%20%20%20%20%09%09%3C/p%3E%0D%0A%0D%0A%09%09%09%20%20%20%20%20%20%20%20%20%20%20%20%20%20%20%20%20%20%20%20%09%3C/div%3E%0D%0A%0D%0A%09%09%09%09%20%20%20%20%20%20%20%20%20%20%20%20%20%20%20%20%3C/div%3E%09%09%09%20%20%20%20%20%20%20%20%09%09%09%0D%0A%0D%0A%09%09%09%20%20%20%20%20%20%20%20%09%09%3C/blog/blog/courses/blog/courses/blog/blog/courses/courses/online-%0D%0A%09%09%09%20%20%20%20%20%20%20%20%20%20%20%20%20%20%20%20%20%20%20%20%09%09%3C/courses/blog/blog/blog/blog/courses/courses/blog/courses/courses/blog/blog/courses/courses/citrix-training-in-noida HTTP/1.1" 200 10957 "-" "Mozilla/5.0 (compatible; MJ12bot/v1.4.8; http://mj12bot.com/)" 85 **0/85215**
62.84.178.152 - - [14/Dec/2025:05:33:48 -0700] "GET /index.php/hvzo/blog/courses/blog/blog/blog/blog/blog/blog/blog/blog/blog/blog/blog/blog/blog/blog/blog/courses/online-%0D%0A%09%09%09%20%20%20%20%20%20%20%20%20%20%20%20%20%20%20%20%20%20%20%20%09%09%3C/p%3E%0D%0A%0D%0A%09%09%09%20%20%20%20%20%20%20%20%20%20%20%20%20%20%20%20%20%20%20%20%09%3C/div%3E%0D%0A%0D%0A%09%09%09%09%20%20%20%20%20%20%20%20%20%20%20%20%20%20%20%20%3C/div%3E%09%09%09%20%20%20%20%20%20%20%20%09%09%09%0D%0A%0D%0A%09%09%09%20%20%20%20%20%20%20%20%09%09%3C/blog/blog/courses/blog/courses/blog/blog/courses/courses/online-%0D%0A%09%09%09%20%20%20%20%20%20%20%20%20%20%20%20%20%20%20%20%20%20%20%20%09%09%3C/courses/blog/blog/blog/blog/courses/courses/blog/courses/courses/blog/blog/courses/courses/devops-training-in-noida HTTP/1.1" 200 10957 "-" "Mozilla/5.0 (compatible; MJ12bot/v1.4.8; http://mj12bot.com/)" 80 **0/80823**
62.84.178.152 - - [14/Dec/2025:05:33:50 -0700] "GET /index.php/hvzo/blog/courses/blog/blog/blog/blog/blog/blog/blog/blog/blog/blog/blog/blog/blog/blog/blog/courses/online-%0D%0A%09%09%09%20%20%20%20%20%20%20%20%20%20%20%20%20%20%20%20%20%20%20%20%09%09%3C/p%3E%0D%0A%0D%0A%09%09%09%20%20%20%20%20%20%20%20%20%20%20%20%20%20%20%20%20%20%20%20%09%3C/div%3E%0D%0A%0D%0A%09%09%09%09%20%20%20%20%20%20%20%20%20%20%20%20%20%20%20%20%3C/div%3E%09%09%09%20%20%20%20%20%20%20%20%09%09%09%0D%0A%0D%0A%09%09%09%20%20%20%20%20%20%20%20%09%09%3C/blog/blog/courses/blog/courses/blog/blog/courses/courses/online-%0D%0A%09%09%09%20%20%20%20%20%20%20%20%20%20%20%20%20%20%20%20%20%20%20%20%09%09%3C/courses/blog/blog/blog/blog/courses/courses/blog/courses/courses/blog/blog/courses/courses/email-marketing-training-in-noida HTTP/1.1" 200 10957 "-" "Mozilla/5.0 (compatible; MJ12bot/v1.4.8; http://mj12bot.com/)" 75 **0/75864**
114.119.135.36 - - [14/Dec/2025:05:33:51 -0700] "GET /index.php/ismdz-77/admin/images/testimonial/blog/blog/courses/courses/courses/blog/does-tableau-require-coding HTTP/1.1" 200 11857 "https://www.bismilsoft.com/index.php/ismdz-77/admin/images/testimonial/blog/blog/courses/courses/courses/blog/does-tableau-require-coding" "Mozilla/5.0 (Linux; Android 7.0;) AppleWebKit/537.36 (KHTML, like Gecko) Mobile Safari/537.36 (compatible; PetalBot;+https://webmaster.petalsearch.com/site/petalbot)" 62 **0/62488**
62.84.178.152 - - [14/Dec/2025:05:33:52 -0700] "GET /index.php/hvzo/blog/courses/blog/blog/blog/blog/blog/blog/blog/blog/blog/blog/blog/blog/blog/blog/blog/courses/online-%0D%0A%09%09%09%20%20%20%20%20%20%20%20%20%20%20%20%20%20%20%20%20%20%20%20%09%09%3C/p%3E%0D%0A%0D%0A%09%09%09%20%20%20%20%20%20%20%20%20%20%20%20%20%20%20%20%20%20%20%20%09%3C/div%3E%0D%0A%0D%0A%09%09%09%09%20%20%20%20%20%20%20%20%20%20%20%20%20%20%20%20%3C/div%3E%09%09%09%20%20%20%20%20%20%20%20%09%09%09%0D%0A%0D%0A%09%09%09%20%20%20%20%20%20%20%20%09%09%3C/blog/blog/courses/blog/courses/blog/blog/courses/courses/online-%0D%0A%09%09%09%20%20%20%20%20%20%20%20%20%20%20%20%20%20%20%20%20%20%20%20%09%09%3C/courses/blog/blog/blog/blog/courses/courses/blog/courses/courses/blog/blog/courses/courses/google-adwords-training-ppc-training-in-noida HTTP/1.1" 200 10957 "-" "Mozilla/5.0 (compatible; MJ12bot/v1.4.8; http://mj12bot.com/)" 79 **0/79275**
62.84.178.152 - - [14/Dec/2025:05:33:54 -0700] "GET /index.php/hvzo/blog/courses/blog/blog/blog/blog/blog/blog/blog/blog/blog/blog/blog/blog/blog/blog/blog/courses/online-%0D%0A%09%09%09%20%20%20%20%20%20%20%20%20%20%20%20%20%20%20%20%20%20%20%20%09%09%3C/p%3E%0D%0A%0D%0A%09%09%09%20%20%20%20%20%20%20%20%20%20%20%20%20%20%20%20%20%20%20%20%09%3C/div%3E%0D%0A%0D%0A%09%09%09%09%20%20%20%20%20%20%20%20%20%20%20%20%20%20%20%20%3C/div%3E%09%09%09%20%20%20%20%20%20%20%20%09%09%09%0D%0A%0D%0A%09%09%09%20%20%20%20%20%20%20%20%09%09%3C/blog/blog/courses/blog/courses/blog/blog/courses/courses/online-%0D%0A%09%09%09%20%20%20%20%20%20%20%20%20%20%20%20%20%20%20%20%20%20%20%20%09%09%3C/courses/blog/blog/blog/blog/courses/courses/blog/courses/courses/blog/blog/courses/courses/google-sketchup-training-in-noida HTTP/1.1" 200 10957 "-" "Mozilla/5.0 (compatible; MJ12bot/v1.4.8; http://mj12bot.com/)" 65 **0/65180**
62.84.178.152 - - [14/Dec/2025:05:33:56 -0700] "GET /index.php/hvzo/blog/courses/blog/blog/blog/blog/blog/blog/blog/blog/blog/blog/blog/blog/blog/blog/blog/courses/online-%0D%0A%09%09%09%20%20%20%20%20%20%20%20%20%20%20%20%20%20%20%20%20%20%20%20%09%09%3C/p%3E%0D%0A%0D%0A%09%09%09%20%20%20%20%20%20%20%20%20%20%20%20%20%20%20%20%20%20%20%20%09%3C/div%3E%0D%0A%0D%0A%09%09%09%09%20%20%20%20%20%20%20%20%20%20%20%20%20%20%20%20%3C/div%3E%09%09%09%20%20%20%20%20%20%20%20%09%09%09%0D%0A%0D%0A%09%09%09%20%20%20%20%20%20%20%20%09%09%3C/blog/blog/courses/blog/courses/blog/blog/courses/courses/online-%0D%0A%09%09%09%20%20%20%20%20%20%20%20%20%20%20%20%20%20%20%20%20%20%20%20%09%09%3C/courses/blog/blog/blog/blog/courses/courses/blog/courses/courses/blog/blog/courses/courses/machine-learning-training-in-noida HTTP/1.1" 200 10957 "-" "Mozilla/5.0 (compatible; MJ12bot/v1.4.8; http://mj12bot.com/)" 66 **0/66594**
