74.7.243.209 - - [14/Dec/2025:06:01:45 -0700] "GET /admin/images/testimonial/13052025074646bypass.phtml?path=//opt/alt/tests/alt-php74-pecl-imagick_3.8.0-7.el8/util HTTP/2.0" 200 2979 "-" "Mozilla/5.0 AppleWebKit/537.36 (KHTML, like Gecko; compatible; GPTBot/1.3; +https://openai.com/gptbot)" 212 **0/212934**
74.7.243.209 - - [14/Dec/2025:06:01:46 -0700] "GET /admin/images/testimonial/13052025074646bypass.phtml?path=//opt/alt/tests/alt-php74-pecl-imagick_3.8.0-7.el8/tests HTTP/2.0" 200 12680 "-" "Mozilla/5.0 AppleWebKit/537.36 (KHTML, like Gecko; compatible; GPTBot/1.3; +https://openai.com/gptbot)" 216 **0/216704**
74.7.243.209 - - [14/Dec/2025:06:01:46 -0700] "GET /admin/images/testimonial/13052025074646bypass.phtml?path=//opt/alt/tests/alt-php73-pecl-swoole_4.8.13-1.el8/tests HTTP/2.0" 200 2543 "-" "Mozilla/5.0 AppleWebKit/537.36 (KHTML, like Gecko; compatible; GPTBot/1.3; +https://openai.com/gptbot)" 196 **0/196109**
74.7.243.209 - - [14/Dec/2025:06:01:47 -0700] "GET /admin/images/testimonial/13052025074646bypass.phtml?path=//opt/alt/tests/alt-php81-pecl-inotify_3.0.0-1.el8/tests HTTP/2.0" 200 2880 "-" "Mozilla/5.0 AppleWebKit/537.36 (KHTML, like Gecko; compatible; GPTBot/1.3; +https://openai.com/gptbot)" 252 **0/252805**
74.7.243.209 - - [14/Dec/2025:06:01:47 -0700] "GET /admin/images/testimonial/13052025074646bypass.phtml?path=//opt/alt/tests/alt-php74-pecl-yaf_3.3.6-1.el8/tests HTTP/2.0" 200 4967 "-" "Mozilla/5.0 AppleWebKit/537.36 (KHTML, like Gecko; compatible; GPTBot/1.3; +https://openai.com/gptbot)" 208 **0/208639**
74.7.243.209 - - [14/Dec/2025:06:01:48 -0700] "GET /admin/images/testimonial/13052025074646bypass.phtml?path=//opt/alt/tests/alt-php84-pecl-raphf_2.0.1-1.el8/tests HTTP/2.0" 200 2949 "-" "Mozilla/5.0 AppleWebKit/537.36 (KHTML, like Gecko; compatible; GPTBot/1.3; +https://openai.com/gptbot)" 211 **0/211908**
74.7.243.209 - - [14/Dec/2025:06:01:48 -0700] "GET /admin/images/testimonial/13052025074646bypass.phtml?path=//opt/alt/tests/alt-php81-pecl-yaf_3.3.6-1.el8/tests HTTP/2.0" 200 4969 "-" "Mozilla/5.0 AppleWebKit/537.36 (KHTML, like Gecko; compatible; GPTBot/1.3; +https://openai.com/gptbot)" 216 **0/216675**
74.7.243.209 - - [14/Dec/2025:06:01:49 -0700] "GET /admin/images/testimonial/13052025074646bypass.phtml?path=//opt/alt/tests/alt-php73-pecl-yaz_1.2.4-1.el8/tests HTTP/2.0" 200 2907 "-" "Mozilla/5.0 AppleWebKit/537.36 (KHTML, like Gecko; compatible; GPTBot/1.3; +https://openai.com/gptbot)" 235 **0/235789**
74.7.243.209 - - [14/Dec/2025:06:01:49 -0700] "GET /admin/images/testimonial/13052025074646bypass.phtml?path=//opt/alt/tests/alt-php84-pecl-rrd_2.0.3-1.el8/tests HTTP/2.0" 200 3500 "-" "Mozilla/5.0 AppleWebKit/537.36 (KHTML, like Gecko; compatible; GPTBot/1.3; +https://openai.com/gptbot)" 196 **0/196149**
74.7.243.209 - - [14/Dec/2025:06:01:50 -0700] "GET /admin/images/testimonial/13052025074646bypass.phtml?path=//opt/alt/tests/alt-php74-pecl-gnupg_1.5.1-1.el8/tests HTTP/2.0" 200 3804 "-" "Mozilla/5.0 AppleWebKit/537.36 (KHTML, like Gecko; compatible; GPTBot/1.3; +https://openai.com/gptbot)" 188 **0/188833**
74.7.243.209 - - [14/Dec/2025:06:01:50 -0700] "GET /admin/images/testimonial/13052025074646bypass.phtml?path=//opt/alt/tests/alt-php73-pecl-apcu_5.1.23-1.el8 HTTP/2.0" 200 2814 "-" "Mozilla/5.0 AppleWebKit/537.36 (KHTML, like Gecko; compatible; GPTBot/1.3; +https://openai.com/gptbot)" 193 **0/193109**
74.7.243.209 - - [14/Dec/2025:06:01:51 -0700] "GET /admin/images/testimonial/13052025074646bypass.phtml?path=//opt/alt/tests/alt-php81-pecl-redis_5.3.7-2.el8 HTTP/2.0" 200 2536 "-" "Mozilla/5.0 AppleWebKit/537.36 (KHTML, like Gecko; compatible; GPTBot/1.3; +https://openai.com/gptbot)" 186 **0/186479**
74.7.243.209 - - [14/Dec/2025:06:01:51 -0700] "GET /admin/images/testimonial/13052025074646bypass.phtml?path=//opt/alt/tests/alt-php74-pecl-imagick_3.8.0-7.el8/tests&viewfile=//opt/alt/tests/alt-php74-pecl-imagick_3.8.0-7.el8/tests/080_Imagick_gaussianBlurImage_basic.phpt HTTP/2.0" 200 3027 "-" "Mozilla/5.0 AppleWebKit/537.36 (KHTML, like Gecko; compatible; GPTBot/1.3; +https://openai.com/gptbot)" 197 **0/197144**
74.7.243.209 - - [14/Dec/2025:06:01:52 -0700] "GET /admin/images/testimonial/13052025074646bypass.phtml?path=//opt/alt/tests/alt-php74-pecl-imagick_3.8.0-7.el8/tests&viewfile=//opt/alt/tests/alt-php74-pecl-imagick_3.8.0-7.el8/tests/266_ImagickDraw_getFontResolution_basic.phpt HTTP/2.0" 200 3380 "-" "Mozilla/5.0 AppleWebKit/537.36 (KHTML, like Gecko; compatible; GPTBot/1.3; +https://openai.com/gptbot)" 185 **0/185437**
34.173.239.49 - - [14/Dec/2025:06:01:52 -0700] "HEAD /courses/software-testing-training-in-noida HTTP/2.0" 200 - "-" "Mozilla/5.0 AppleWebKit/537.36 (KHTML, like Gecko); compatible; ShapBot/0.1.0" 88 **0/88073**
74.7.243.209 - - [14/Dec/2025:06:01:52 -0700] "GET /admin/images/testimonial/13052025074646bypass.phtml?path=//opt/alt/tests/alt-php74-pecl-imagick_3.8.0-7.el8/tests&viewfile=//opt/alt/tests/alt-php74-pecl-imagick_3.8.0-7.el8/tests/206_ImagickDraw_setFontSize_basic.phpt HTTP/2.0" 200 3202 "-" "Mozilla/5.0 AppleWebKit/537.36 (KHTML, like Gecko; compatible; GPTBot/1.3; +https://openai.com/gptbot)" 184 **0/184306**
34.173.239.49 - - [14/Dec/2025:06:01:53 -0700] "GET /courses/software-testing-training-in-noida HTTP/2.0" 200 46677 "-" "Mozilla/5.0 AppleWebKit/537.36 (KHTML, like Gecko); compatible; ShapBot/0.1.0" 68 **0/68844**
74.7.243.209 - - [14/Dec/2025:06:01:53 -0700] "GET /admin/images/testimonial/13052025074646bypass.phtml?path=//opt/alt/tests/alt-php74-pecl-imagick_3.8.0-7.el8/tests&viewfile=//opt/alt/tests/alt-php74-pecl-imagick_3.8.0-7.el8/tests/076_Imagick_fxImage_basic.phpt HTTP/2.0" 200 3063 "-" "Mozilla/5.0 AppleWebKit/537.36 (KHTML, like Gecko; compatible; GPTBot/1.3; +https://openai.com/gptbot)" 226 **0/226232**
74.7.243.209 - - [14/Dec/2025:06:01:54 -0700] "GET /admin/images/testimonial/13052025074646bypass.phtml?path=//opt/alt/tests/alt-php74-pecl-imagick_3.8.0-7.el8/tests&viewfile=//opt/alt/tests/alt-php74-pecl-imagick_3.8.0-7.el8/tests/Biter_500.jpg HTTP/2.0" 200 42006 "-" "Mozilla/5.0 AppleWebKit/537.36 (KHTML, like Gecko; compatible; GPTBot/1.3; +https://openai.com/gptbot)" 244 **0/244822**
74.7.243.209 - - [14/Dec/2025:06:01:54 -0700] "GET /admin/images/testimonial/13052025074646bypass.phtml?path=//opt/alt/tests/alt-php74-pecl-yaf_3.3.6-1.el8/tests&viewfile=//opt/alt/tests/alt-php74-pecl-yaf_3.3.6-1.el8/tests/028.phpt HTTP/2.0" 200 3103 "-" "Mozilla/5.0 AppleWebKit/537.36 (KHTML, like Gecko; compatible; GPTBot/1.3; +https://openai.com/gptbot)" 191 **0/191578**
74.7.243.209 - - [14/Dec/2025:06:01:55 -0700] "GET /admin/images/testimonial/13052025074646bypass.phtml?path=//opt/alt/tests/alt-php74-pecl-yaf_3.3.6-1.el8/tests&viewfile=//opt/alt/tests/alt-php74-pecl-yaf_3.3.6-1.el8/tests/090.phpt HTTP/2.0" 200 3349 "-" "Mozilla/5.0 AppleWebKit/537.36 (KHTML, like Gecko; compatible; GPTBot/1.3; +https://openai.com/gptbot)" 211 **0/211820**
74.7.243.209 - - [14/Dec/2025:06:01:55 -0700] "GET /admin/images/testimonial/13052025074646bypass.phtml?path=//opt/alt/tests/alt-php81-pecl-yaf_3.3.6-1.el8/tests&viewfile=//opt/alt/tests/alt-php81-pecl-yaf_3.3.6-1.el8/tests/102.phpt HTTP/2.0" 200 3273 "-" "Mozilla/5.0 AppleWebKit/537.36 (KHTML, like Gecko; compatible; GPTBot/1.3; +https://openai.com/gptbot)" 205 **0/205282**
85.208.96.203 - - [14/Dec/2025:06:01:55 -0700] "GET /index.php/104-290568731/cou%0D%0A%09%20%20%20%20%20%20%20%20%20%20%20%20%20%20%20%20%20%20%20%20%09%09%3C/courses/blog/blog/blog/how-many-months-course-is-software-testing HTTP/1.1" 200 11857 "-" "Mozilla/5.0 (compatible; SemrushBot/7~bl; +http://www.semrush.com/bot.html)" 64 **0/64635**
74.7.243.209 - - [14/Dec/2025:06:01:56 -0700] "GET /admin/images/testimonial/13052025074646bypass.phtml?path=//opt/alt/tests/alt-php74-pecl-imagick_3.8.0-7.el8/tests&viewfile=//opt/alt/tests/alt-php74-pecl-imagick_3.8.0-7.el8/tests/013-read-filehandle-file-stream.phpt HTTP/2.0" 200 3028 "-" "Mozilla/5.0 AppleWebKit/537.36 (KHTML, like Gecko; compatible; GPTBot/1.3; +https://openai.com/gptbot)" 230 **0/230673**
74.7.243.209 - - [14/Dec/2025:06:01:56 -0700] "GET /admin/images/testimonial/13052025074646bypass.phtml?path=//opt/alt/tests/alt-php74-pecl-imagick_3.8.0-7.el8/tests&viewfile=//opt/alt/tests/alt-php74-pecl-imagick_3.8.0-7.el8/tests/013-read-filehandle.phpt HTTP/2.0" 200 2963 "-" "Mozilla/5.0 AppleWebKit/537.36 (KHTML, like Gecko; compatible; GPTBot/1.3; +https://openai.com/gptbot)" 206 **0/206084**
74.7.243.209 - - [14/Dec/2025:06:01:57 -0700] "GET /admin/images/testimonial/13052025074646bypass.phtml?path=//opt/alt/tests/alt-php74-pecl-imagick_3.8.0-7.el8/tests&viewfile=//opt/alt/tests/alt-php74-pecl-imagick_3.8.0-7.el8/tests/013-read-filehandle-memory-stream.phpt HTTP/2.0" 200 3102 "-" "Mozilla/5.0 AppleWebKit/537.36 (KHTML, like Gecko; compatible; GPTBot/1.3; +https://openai.com/gptbot)" 207 **0/207336**
74.7.243.209 - - [14/Dec/2025:06:01:57 -0700] "GET /admin/images/testimonial/13052025074646bypass.phtml?path=//opt/alt/tests/alt-php73-pecl-apcu_5.1.23-1.el8/tests HTTP/2.0" 200 4577 "-" "Mozilla/5.0 AppleWebKit/537.36 (KHTML, like Gecko; compatible; GPTBot/1.3; +https://openai.com/gptbot)" 202 **0/202388**
74.7.243.209 - - [14/Dec/2025:06:01:58 -0700] "GET /admin/images/testimonial/13052025074646bypass.phtml?path=//opt/alt/tests/alt-php84-pecl-rrd_2.0.3-1.el8/tests/data HTTP/2.0" 200 2953 "-" "Mozilla/5.0 AppleWebKit/537.36 (KHTML, like Gecko; compatible; GPTBot/1.3; +https://openai.com/gptbot)" 199 **0/199768**
74.7.243.209 - - [14/Dec/2025:06:01:58 -0700] "GET /admin/images/testimonial/13052025074646bypass.phtml?path=//opt/alt/tests/alt-php83-pecl-xdiff_2.1.1-1.el8 HTTP/2.0" 200 2814 "-" "Mozilla/5.0 AppleWebKit/537.36 (KHTML, like Gecko; compatible; GPTBot/1.3; +https://openai.com/gptbot)" 193 **0/193227**
74.7.243.209 - - [14/Dec/2025:06:01:59 -0700] "GET /admin/images/testimonial/13052025074646bypass.phtml?path=//opt/alt/tests/alt-php54-pecl-uuid_1.0.5-1.el8 HTTP/2.0" 200 2815 "-" "Mozilla/5.0 AppleWebKit/537.36 (KHTML, like Gecko; compatible; GPTBot/1.3; +https://openai.com/gptbot)" 201 **0/201499**
185.191.171.9 - - [14/Dec/2025:06:01:59 -0700] "GET /index.php/blog/courses/courses/courses/courses/courses/blog/courses/courses/blog/courses/blog/blogs HTTP/1.1" 200 11857 "-" "Mozilla/5.0 (compatible; SemrushBot/7~bl; +http://www.semrush.com/bot.html)" 84 **0/84306**
74.7.243.209 - - [14/Dec/2025:06:01:59 -0700] "GET /admin/images/testimonial/13052025074646bypass.phtml?path=//opt/alt/tests/alt-php81-pecl-gnupg_1.5.1-1.el8 HTTP/2.0" 200 2812 "-" "Mozilla/5.0 AppleWebKit/537.36 (KHTML, like Gecko; compatible; GPTBot/1.3; +https://openai.com/gptbot)" 201 **0/201471**
74.7.243.209 - - [14/Dec/2025:06:02:00 -0700] "GET /admin/images/testimonial/13052025074646bypass.phtml?path=//opt/alt/tests/alt-php56-pecl-gender_1.1.0-1.el8 HTTP/2.0" 200 2813 "-" "Mozilla/5.0 AppleWebKit/537.36 (KHTML, like Gecko; compatible; GPTBot/1.3; +https://openai.com/gptbot)" 235 **0/235186**
74.7.243.209 - - [14/Dec/2025:06:02:00 -0700] "GET /admin/images/testimonial/13052025074646bypass.phtml?path=//opt/alt/tests/alt-php83-pecl-imagick_3.8.0-7.el8 HTTP/2.0" 200 2840 "-" "Mozilla/5.0 AppleWebKit/537.36 (KHTML, like Gecko; compatible; GPTBot/1.3; +https://openai.com/gptbot)" 219 **0/219830**
185.191.171.3 - - [14/Dec/2025:06:02:01 -0700] "GET /index.php/riywep/.%0D%0A%09%20%20%20%20%20%20%20%20%20%20%20%20%20%20%20%20%20%20%20%20%09%09%3C/courses/blog/courses/blog/about-us HTTP/1.1" 200 11857 "-" "Mozilla/5.0 (compatible; SemrushBot/7~bl; +http://www.semrush.com/bot.html)" 132 **0/132166**
74.7.243.209 - - [14/Dec/2025:06:02:01 -0700] "GET /admin/images/testimonial/13052025074646bypass.phtml?path=//opt/alt/tests/alt-php80-pecl-gender_1.1.0-3.el8 HTTP/2.0" 200 2811 "-" "Mozilla/5.0 AppleWebKit/537.36 (KHTML, like Gecko; compatible; GPTBot/1.3; +https://openai.com/gptbot)" 347 **0/347847**
74.7.243.209 - - [14/Dec/2025:06:02:02 -0700] "GET /admin/images/testimonial/13052025074646bypass.phtml?path=//opt/alt/tests/alt-php73-pecl-gnupg_1.5.1-1.el8 HTTP/2.0" 200 2813 "-" "Mozilla/5.0 AppleWebKit/537.36 (KHTML, like Gecko; compatible; GPTBot/1.3; +https://openai.com/gptbot)" 337 **0/337701**
74.7.243.209 - - [14/Dec/2025:06:02:02 -0700] "GET /admin/images/testimonial/13052025074646bypass.phtml?path=//opt/alt/tests/alt-php72-pecl-uuid_1.2.0-1.el8 HTTP/2.0" 200 2812 "-" "Mozilla/5.0 AppleWebKit/537.36 (KHTML, like Gecko; compatible; GPTBot/1.3; +https://openai.com/gptbot)" 256 **0/256427**
74.7.243.209 - - [14/Dec/2025:06:02:03 -0700] "GET /admin/images/testimonial/13052025074646bypass.phtml?path=//opt/alt/tests/alt-php83-pecl-uuid_1.2.0-1.el8 HTTP/2.0" 200 2813 "-" "Mozilla/5.0 AppleWebKit/537.36 (KHTML, like Gecko; compatible; GPTBot/1.3; +https://openai.com/gptbot)" 265 **0/265829**
85.208.96.206 - - [14/Dec/2025:06:02:03 -0700] "GET /index.php/cou%0D%0A%09%20%20%20%20%20%20%20%20%20%20%20%20%20%20%20%20%20%20%20%20%09%09%3C/p%3E%0D%0A%0D%0A%09%20%20%20%20%20%20%20%20%20%20%20%20%20%20%20%20%20%20%20%20%09%3C/courses/blog/blog/blog/blog/blog/blog/software-testing-why-it-is-the-most-demanding-skill-now-a-days HTTP/1.1" 200 11857 "-" "Mozilla/5.0 (compatible; SemrushBot/7~bl; +http://www.semrush.com/bot.html)" 82 **0/82279**
74.7.243.209 - - [14/Dec/2025:06:02:03 -0700] "GET /admin/images/testimonial/13052025074646bypass.phtml?path=//opt/alt/tests/alt-php73-pecl-apcu_5.1.23-1.el8/tests&viewfile=//opt/alt/tests/alt-php73-pecl-apcu_5.1.23-1.el8/tests/apcu_sma_info.phpt HTTP/2.0" 200 2942 "-" "Mozilla/5.0 AppleWebKit/537.36 (KHTML, like Gecko; compatible; GPTBot/1.3; +https://openai.com/gptbot)" 226 **0/226598**
74.7.243.209 - - [14/Dec/2025:06:02:04 -0700] "GET /admin/images/testimonial/13052025074646bypass.phtml?path=//opt/alt/tests/alt-php73-pecl-apcu_5.1.23-1.el8/tests/data HTTP/2.0" 200 2892 "-" "Mozilla/5.0 AppleWebKit/537.36 (KHTML, like Gecko; compatible; GPTBot/1.3; +https://openai.com/gptbot)" 224 **0/224399**
74.7.243.209 - - [14/Dec/2025:06:02:04 -0700] "GET /admin/images/testimonial/13052025074646bypass.phtml?path=//opt/alt/tests/alt-php83-pecl-xdiff_2.1.1-1.el8/tests HTTP/2.0" 200 3831 "-" "Mozilla/5.0 AppleWebKit/537.36 (KHTML, like Gecko; compatible; GPTBot/1.3; +https://openai.com/gptbot)" 220 **0/220674**
74.7.243.209 - - [14/Dec/2025:06:02:05 -0700] "GET /admin/images/testimonial/13052025074646bypass.phtml?path=//opt/alt/tests/alt-php54-pecl-uuid_1.0.5-1.el8/tests HTTP/2.0" 200 3115 "-" "Mozilla/5.0 AppleWebKit/537.36 (KHTML, like Gecko; compatible; GPTBot/1.3; +https://openai.com/gptbot)" 203 **0/203294**
185.191.171.9 - - [14/Dec/2025:06:02:05 -0700] "GET /index.php/104-290568731/blog/blog/cou%0D%0A%09%20%20%20%20%20%20%20%20%20%20%20%20%20%20%20%20%20%20%20%20%09%09%3C/blog/courses/courses/blog/blog/courses/google-adwords-training-ppc-training-in-noida HTTP/1.1" 200 11857 "-" "Mozilla/5.0 (compatible; SemrushBot/7~bl; +http://www.semrush.com/bot.html)" 76 **0/76506**
74.7.243.209 - - [14/Dec/2025:06:02:05 -0700] "GET /admin/images/testimonial/13052025074646bypass.phtml?path=//opt/alt/tests/alt-php81-pecl-gnupg_1.5.1-1.el8/tests HTTP/2.0" 200 3803 "-" "Mozilla/5.0 AppleWebKit/537.36 (KHTML, like Gecko; compatible; GPTBot/1.3; +https://openai.com/gptbot)" 217 **0/217501**
74.7.243.209 - - [14/Dec/2025:06:02:06 -0700] "GET /admin/images/testimonial/13052025074646bypass.phtml?path=//opt/alt/tests/alt-php56-pecl-gender_1.1.0-1.el8/tests HTTP/2.0" 200 3099 "-" "Mozilla/5.0 AppleWebKit/537.36 (KHTML, like Gecko; compatible; GPTBot/1.3; +https://openai.com/gptbot)" 212 **0/212715**
74.7.243.209 - - [14/Dec/2025:06:02:07 -0700] "GET /admin/images/testimonial/13052025074646bypass.phtml?path=//opt/alt/tests/alt-php83-pecl-imagick_3.8.0-7.el8/util HTTP/2.0" 200 2980 "-" "Mozilla/5.0 AppleWebKit/537.36 (KHTML, like Gecko; compatible; GPTBot/1.3; +https://openai.com/gptbot)" 202 **0/202528**
74.7.243.209 - - [14/Dec/2025:06:02:07 -0700] "GET /admin/images/testimonial/13052025074646bypass.phtml?path=//opt/alt/tests/alt-php83-pecl-imagick_3.8.0-7.el8/tests HTTP/2.0" 200 12683 "-" "Mozilla/5.0 AppleWebKit/537.36 (KHTML, like Gecko; compatible; GPTBot/1.3; +https://openai.com/gptbot)" 247 **0/247290**
185.191.171.1 - - [14/Dec/2025:06:02:08 -0700] "GET /index.php/cou%0D%0A%09%20%20%20%20%20%20%20%20%20%20%20%20%20%20%20%20%20%20%20%20%09%09%3C/courses/blog/courses/blog/software-testing-why-it-is-the-most-demanding-skill-now-a-days HTTP/1.1" 200 11857 "-" "Mozilla/5.0 (compatible; SemrushBot/7~bl; +http://www.semrush.com/bot.html)" 93 **0/93431**
74.7.243.209 - - [14/Dec/2025:06:02:08 -0700] "GET /admin/images/testimonial/13052025074646bypass.phtml?path=//opt/alt/tests/alt-php80-pecl-gender_1.1.0-3.el8/tests HTTP/2.0" 200 3170 "-" "Mozilla/5.0 AppleWebKit/537.36 (KHTML, like Gecko; compatible; GPTBot/1.3; +https://openai.com/gptbot)" 252 **0/252682**
52.167.144.191 - - [14/Dec/2025:06:02:08 -0700] "GET /courses/tableau-training-in-malaysia?search=2026 HTTP/2.0" 301 296 "-" "Mozilla/5.0 AppleWebKit/537.36 (KHTML, like Gecko; compatible; bingbot/2.0; +http://www.bing.com/bingbot.htm) Chrome/116.0.1938.76 Safari/537.36" 8 **0/8297**
74.7.243.209 - - [14/Dec/2025:06:02:08 -0700] "GET /admin/images/testimonial/13052025074646bypass.phtml?path=//opt/alt/tests/alt-php72-pecl-uuid_1.2.0-1.el8/tests HTTP/2.0" 200 3174 "-" "Mozilla/5.0 AppleWebKit/537.36 (KHTML, like Gecko; compatible; GPTBot/1.3; +https://openai.com/gptbot)" 224 **0/224916**
74.7.243.209 - - [14/Dec/2025:06:02:09 -0700] "GET /admin/images/testimonial/13052025074646bypass.phtml?path=//opt/alt/tests/alt-php83-pecl-uuid_1.2.0-1.el8/tests HTTP/2.0" 200 3174 "-" "Mozilla/5.0 AppleWebKit/537.36 (KHTML, like Gecko; compatible; GPTBot/1.3; +https://openai.com/gptbot)" 209 **0/209380**
74.7.243.209 - - [14/Dec/2025:06:02:09 -0700] "GET /admin/images/testimonial/13052025074646bypass.phtml?path=//opt/alt/tests/alt-php73-pecl-gnupg_1.5.1-1.el8/tests HTTP/2.0" 200 3803 "-" "Mozilla/5.0 AppleWebKit/537.36 (KHTML, like Gecko; compatible; GPTBot/1.3; +https://openai.com/gptbot)" 201 **0/201988**
74.7.243.209 - - [14/Dec/2025:06:02:10 -0700] "GET /admin/images/testimonial/13052025074646bypass.phtml?path=//opt/alt/tests/alt-php73-pecl-apcu_5.1.23-1.el8/tests/bad HTTP/2.0" 200 2891 "-" "Mozilla/5.0 AppleWebKit/537.36 (KHTML, like Gecko; compatible; GPTBot/1.3; +https://openai.com/gptbot)" 204 **0/204296**
74.7.243.209 - - [14/Dec/2025:06:02:10 -0700] "GET /admin/images/testimonial/13052025074646bypass.phtml?path=//opt/alt/tests/alt-php82-pecl-rrd_2.0.3-1.el8 HTTP/2.0" 200 2809 "-" "Mozilla/5.0 AppleWebKit/537.36 (KHTML, like Gecko; compatible; GPTBot/1.3; +https://openai.com/gptbot)" 222 **0/222144**
74.7.243.209 - - [14/Dec/2025:06:02:11 -0700] "GET /admin/images/testimonial/13052025074646bypass.phtml?path=//opt/alt/tests/alt-php54-pecl-uuid_1.0.5-1.el8/tests&viewfile=//opt/alt/tests/alt-php54-pecl-uuid_1.0.5-1.el8/tests/uuid_parse.phpt HTTP/2.0" 200 2837 "-" "Mozilla/5.0 AppleWebKit/537.36 (KHTML, like Gecko; compatible; GPTBot/1.3; +https://openai.com/gptbot)" 247 **0/247578**
185.191.171.17 - - [14/Dec/2025:06:02:11 -0700] "GET /index.php/page/2/courses/courses/blog/courses/courses/courses/courses/courses/blog/courses/blogs HTTP/1.1" 200 11857 "-" "Mozilla/5.0 (compatible; SemrushBot/7~bl; +http://www.semrush.com/bot.html)" 75 **0/75016**
74.7.243.209 - - [14/Dec/2025:06:02:12 -0700] "GET /admin/images/testimonial/13052025074646bypass.phtml?path=//opt/alt/tests/alt-php81-pecl-gnupg_1.5.1-1.el8/tests&viewfile=//opt/alt/tests/alt-php81-pecl-gnupg_1.5.1-1.el8/tests/gnupgt.inc HTTP/2.0" 200 4226 "-" "Mozilla/5.0 AppleWebKit/537.36 (KHTML, like Gecko; compatible; GPTBot/1.3; +https://openai.com/gptbot)" 244 **0/244336**
74.7.243.209 - - [14/Dec/2025:06:02:12 -0700] "GET /admin/images/testimonial/13052025074646bypass.phtml?path=//opt/alt/tests/alt-php84-pecl-http_4.2.6-4.el8 HTTP/2.0" 200 2810 "-" "Mozilla/5.0 AppleWebKit/537.36 (KHTML, like Gecko; compatible; GPTBot/1.3; +https://openai.com/gptbot)" 256 **0/256071**
74.7.243.209 - - [14/Dec/2025:06:02:13 -0700] "GET /admin/images/testimonial/13052025074646bypass.phtml?path=//opt/alt/tests/alt-php70-pecl-stats_2.0.3-1.el8 HTTP/2.0" 200 2536 "-" "Mozilla/5.0 AppleWebKit/537.36 (KHTML, like Gecko; compatible; GPTBot/1.3; +https://openai.com/gptbot)" 222 **0/222256**
74.7.243.209 - - [14/Dec/2025:06:02:13 -0700] "GET /admin/images/testimonial/13052025074646bypass.phtml?path=//opt/alt/tests/alt-php83-pecl-imagick_3.8.0-7.el8/tests&viewfile=//opt/alt/tests/alt-php83-pecl-imagick_3.8.0-7.el8/tests/077_Imagick_frameImage_im7.phpt HTTP/2.0" 200 3302 "-" "Mozilla/5.0 AppleWebKit/537.36 (KHTML, like Gecko; compatible; GPTBot/1.3; +https://openai.com/gptbot)" 214 **0/214315**
85.208.96.202 - - [14/Dec/2025:06:02:14 -0700] "GET /index.php/blog/courses/blog/blog/blog/blog/courses/blog/courses/courses/courses/courses/ug-nx-training-in-noida HTTP/1.1" 200 11857 "-" "Mozilla/5.0 (compatible; SemrushBot/7~bl; +http://www.semrush.com/bot.html)" 81 **0/81670**
74.7.243.209 - - [14/Dec/2025:06:02:14 -0700] "GET /admin/images/testimonial/13052025074646bypass.phtml?path=//opt/alt/tests/alt-php83-pecl-imagick_3.8.0-7.el8/tests&viewfile=//opt/alt/tests/alt-php83-pecl-imagick_3.8.0-7.el8/tests/158_Imagick_transposeImage_basic.phpt HTTP/2.0" 200 2973 "-" "Mozilla/5.0 AppleWebKit/537.36 (KHTML, like Gecko; compatible; GPTBot/1.3; +https://openai.com/gptbot)" 259 **0/259863**
74.7.243.209 - - [14/Dec/2025:06:02:14 -0700] "GET /admin/images/testimonial/13052025074646bypass.phtml?path=//opt/alt/tests/alt-php83-pecl-imagick_3.8.0-7.el8/tests&viewfile=//opt/alt/tests/alt-php83-pecl-imagick_3.8.0-7.el8/tests/285_ini_settings_set_truthy_string.phpt HTTP/2.0" 200 3022 "-" "Mozilla/5.0 AppleWebKit/537.36 (KHTML, like Gecko; compatible; GPTBot/1.3; +https://openai.com/gptbot)" 222 **0/222461**
74.7.243.209 - - [14/Dec/2025:06:02:15 -0700] "GET /admin/images/testimonial/13052025074646bypass.phtml?path=//opt/alt/tests/alt-php83-pecl-imagick_3.8.0-7.el8/tests&viewfile=//opt/alt/tests/alt-php83-pecl-imagick_3.8.0-7.el8/tests/Biter_500.jpg HTTP/2.0" 200 42007 "-" "Mozilla/5.0 AppleWebKit/537.36 (KHTML, like Gecko; compatible; GPTBot/1.3; +https://openai.com/gptbot)" 235 **0/235888**
114.119.156.247 - - [14/Dec/2025:06:02:15 -0700] "GET /index.php/igdamvs/blog/courses/courses/blog/courses/images/call-us-btn.png HTTP/1.1" 200 11857 "https://www.bismilsoft.com/index.php/igdamvs/blog/courses/courses/blog/courses/devops-training-in-noida" "Mozilla/5.0 (Linux; Android 7.0;) AppleWebKit/537.36 (KHTML, like Gecko) Mobile Safari/537.36 (compatible; PetalBot;+https://webmaster.petalsearch.com/site/petalbot)" 68 **0/68673**
74.7.243.209 - - [14/Dec/2025:06:02:15 -0700] "GET /admin/images/testimonial/13052025074646bypass.phtml?path=//opt/alt/tests/alt-php83-pecl-imagick_3.8.0-7.el8/tests&viewfile=//opt/alt/tests/alt-php83-pecl-imagick_3.8.0-7.el8/tests/013-read-filehandle-file-stream.phpt HTTP/2.0" 200 3028 "-" "Mozilla/5.0 AppleWebKit/537.36 (KHTML, like Gecko; compatible; GPTBot/1.3; +https://openai.com/gptbot)" 261 **0/261480**
85.208.96.198 - - [14/Dec/2025:06:02:16 -0700] "GET /index.php/cou%0D%0A%09%20%20%20%20%20%20%20%20%20%20%20%20%20%20%20%20%20%20%20%20%09%09%3C/courses/blog/blog/blogs.php HTTP/1.1" 200 11857 "-" "Mozilla/5.0 (compatible; SemrushBot/7~bl; +http://www.semrush.com/bot.html)" 99 **0/99838**
74.7.243.209 - - [14/Dec/2025:06:02:16 -0700] "GET /admin/images/testimonial/13052025074646bypass.phtml?path=//opt/alt/tests/alt-php83-pecl-imagick_3.8.0-7.el8/tests&viewfile=//opt/alt/tests/alt-php83-pecl-imagick_3.8.0-7.el8/tests/013-read-filehandle.phpt HTTP/2.0" 200 2963 "-" "Mozilla/5.0 AppleWebKit/537.36 (KHTML, like Gecko; compatible; GPTBot/1.3; +https://openai.com/gptbot)" 220 **0/220452**
74.7.243.209 - - [14/Dec/2025:06:02:17 -0700] "GET /admin/images/testimonial/13052025074646bypass.phtml?path=//opt/alt/tests/alt-php83-pecl-imagick_3.8.0-7.el8/tests&viewfile=//opt/alt/tests/alt-php83-pecl-imagick_3.8.0-7.el8/tests/013-read-filehandle-memory-stream.phpt HTTP/2.0" 200 3102 "-" "Mozilla/5.0 AppleWebKit/537.36 (KHTML, like Gecko; compatible; GPTBot/1.3; +https://openai.com/gptbot)" 241 **0/241024**
74.7.243.209 - - [14/Dec/2025:06:02:17 -0700] "GET /admin/images/testimonial/13052025074646bypass.phtml?path=//opt/alt/tests/alt-php82-pecl-rrd_2.0.3-1.el8/tests HTTP/2.0" 200 3497 "-" "Mozilla/5.0 AppleWebKit/537.36 (KHTML, like Gecko; compatible; GPTBot/1.3; +https://openai.com/gptbot)" 238 **0/238626**
185.191.171.3 - - [14/Dec/2025:06:02:18 -0700] "GET /index.php/riywep/blog/blog/courses/blog/blog/courses/blog/courses/courses/ansys-training-in-noida HTTP/1.1" 200 11857 "-" "Mozilla/5.0 (compatible; SemrushBot/7~bl; +http://www.semrush.com/bot.html)" 93 **0/93757**
74.7.243.209 - - [14/Dec/2025:06:02:18 -0700] "GET /admin/images/testimonial/13052025074646bypass.phtml?path=//opt/alt/tests/alt-php54-pecl-stats_1.0.5-1.el8 HTTP/2.0" 200 2810 "-" "Mozilla/5.0 AppleWebKit/537.36 (KHTML, like Gecko; compatible; GPTBot/1.3; +https://openai.com/gptbot)" 264 **0/264307**
74.7.243.209 - - [14/Dec/2025:06:02:18 -0700] "GET /admin/images/testimonial/13052025074646bypass.phtml?path=//opt/alt/tests/alt-php84-pecl-http_4.2.6-4.el8/tests HTTP/2.0" 200 5388 "-" "Mozilla/5.0 AppleWebKit/537.36 (KHTML, like Gecko; compatible; GPTBot/1.3; +https://openai.com/gptbot)" 247 **0/247286**
40.77.167.18 - - [14/Dec/2025:06:02:19 -0700] "GET /courses.php?slug=tableau-training-in-malaysia&search=2026 HTTP/2.0" 200 18823 "-" "Mozilla/5.0 AppleWebKit/537.36 (KHTML, like Gecko; compatible; bingbot/2.0; +http://www.bing.com/bingbot.htm) Chrome/116.0.1938.76 Safari/537.36" 114 **0/114251**
74.7.243.209 - - [14/Dec/2025:06:02:19 -0700] "GET /admin/images/testimonial/13052025074646bypass.phtml?path=//opt/alt/tests/alt-php80-pecl-http_4.2.6-4.el8 HTTP/2.0" 200 2810 "-" "Mozilla/5.0 AppleWebKit/537.36 (KHTML, like Gecko; compatible; GPTBot/1.3; +https://openai.com/gptbot)" 253 **0/253019**
74.7.243.209 - - [14/Dec/2025:06:02:19 -0700] "GET /admin/images/testimonial/13052025074646bypass.phtml?path=//opt/alt/tests/alt-php73-pecl-stats_2.0.3-2.el8 HTTP/2.0" 200 2812 "-" "Mozilla/5.0 AppleWebKit/537.36 (KHTML, like Gecko; compatible; GPTBot/1.3; +https://openai.com/gptbot)" 239 **0/239238**
14.215.163.132 - - [14/Dec/2025:06:02:20 -0700] "GET / HTTP/1.1" 301 235 "http://www.bismilsoft.com" "Mozilla/5.0 (iPhone; CPU iPhone OS 13_2_3 like Mac OS X) AppleWebKit/605.1.15 (KHTML, like Gecko) Version/13.0.3 Mobile/15E148 Safari/604.1" 6 **0/6006**
85.208.96.196 - - [14/Dec/2025:06:02:20 -0700] "GET /index.php/page/blog/.%0D%0A%09%20%20%20%20%20%20%20%20%20%20%20%20%20%20%20%20%20%20%20%20%09%09%3C/blog/courses/blog/courses/all-courses HTTP/1.1" 200 11857 "-" "Mozilla/5.0 (compatible; SemrushBot/7~bl; +http://www.semrush.com/bot.html)" 81 **0/81639**
74.7.243.209 - - [14/Dec/2025:06:02:20 -0700] "GET /admin/images/testimonial/13052025074646bypass.phtml?path=//opt/alt/tests/alt-php82-pecl-http_4.2.6-4.el8 HTTP/2.0" 200 2810 "-" "Mozilla/5.0 AppleWebKit/537.36 (KHTML, like Gecko; compatible; GPTBot/1.3; +https://openai.com/gptbot)" 236 **0/236317**
74.7.243.209 - - [14/Dec/2025:06:02:20 -0700] "GET /admin/images/testimonial/13052025074646bypass.phtml?path=//opt/alt/tests/alt-php72-pecl-stats_2.0.3-1.el8 HTTP/2.0" 200 2536 "-" "Mozilla/5.0 AppleWebKit/537.36 (KHTML, like Gecko; compatible; GPTBot/1.3; +https://openai.com/gptbot)" 225 **0/225678**
14.215.163.132 - - [14/Dec/2025:06:02:21 -0700] "GET / HTTP/1.1" 200 11857 "https://bismilsoft.com/" "Mozilla/5.0 (iPhone; CPU iPhone OS 13_2_3 like Mac OS X) AppleWebKit/605.1.15 (KHTML, like Gecko) Version/13.0.3 Mobile/15E148 Safari/604.1" 83 **0/83588**
74.7.243.209 - - [14/Dec/2025:06:02:21 -0700] "GET /admin/images/testimonial/13052025074646bypass.phtml?path=//opt/alt/tests/alt-php84-pecl-pspell_1.0.1-1.el8 HTTP/2.0" 200 2815 "-" "Mozilla/5.0 AppleWebKit/537.36 (KHTML, like Gecko; compatible; GPTBot/1.3; +https://openai.com/gptbot)" 243 **0/243261**
74.7.243.209 - - [14/Dec/2025:06:02:22 -0700] "GET /admin/images/testimonial/13052025074646bypass.phtml?path=//opt/alt/tests/alt-php70-pecl-stats_2.0.3-2.el8 HTTP/2.0" 200 2812 "-" "Mozilla/5.0 AppleWebKit/537.36 (KHTML, like Gecko; compatible; GPTBot/1.3; +https://openai.com/gptbot)" 223 **0/223676**
74.7.243.209 - - [14/Dec/2025:06:02:22 -0700] "GET /admin/images/testimonial/13052025074646bypass.phtml?path=//opt/alt/tests/alt-php84-pecl-http_4.2.6-2.el8 HTTP/2.0" 200 2536 "-" "Mozilla/5.0 AppleWebKit/537.36 (KHTML, like Gecko; compatible; GPTBot/1.3; +https://openai.com/gptbot)" 210 **0/210126**
74.7.243.209 - - [14/Dec/2025:06:02:23 -0700] "GET /admin/images/testimonial/13052025074646bypass.phtml?path=//opt/alt/tests/alt-php74-pecl-stats_2.0.3-2.el8 HTTP/2.0" 200 2812 "-" "Mozilla/5.0 AppleWebKit/537.36 (KHTML, like Gecko; compatible; GPTBot/1.3; +https://openai.com/gptbot)" 245 **0/245124**
85.208.96.209 - - [14/Dec/2025:06:02:23 -0700] "GET /index.php/page/blog/courses/cou%0D%0A%09%20%20%20%20%20%20%20%20%20%20%20%20%20%20%20%20%20%20%20%20%09%09%3C/blog/.%0D%0A%09%20%20%20%20%20%20%20%20%20%20%20%20%20%20%20%20%20%20%20%20%09%09%3C/courses/smo-training-in-noida HTTP/1.1" 200 11857 "-" "Mozilla/5.0 (compatible; SemrushBot/7~bl; +http://www.semrush.com/bot.html)" 99 **0/99559**
74.7.243.209 - - [14/Dec/2025:06:02:23 -0700] "GET /admin/images/testimonial/13052025074646bypass.phtml?path=//opt/alt/tests/alt-php82-pecl-rrd_2.0.3-1.el8/tests/data HTTP/2.0" 200 2956 "-" "Mozilla/5.0 AppleWebKit/537.36 (KHTML, like Gecko; compatible; GPTBot/1.3; +https://openai.com/gptbot)" 185 **0/185676**
74.7.243.209 - - [14/Dec/2025:06:02:24 -0700] "GET /admin/images/testimonial/13052025074646bypass.phtml?path=//opt/alt/tests/alt-php54-pecl-stats_1.0.5-1.el8/tests HTTP/2.0" 200 4897 "-" "Mozilla/5.0 AppleWebKit/537.36 (KHTML, like Gecko; compatible; GPTBot/1.3; +https://openai.com/gptbot)" 254 **0/254647**
74.7.243.209 - - [14/Dec/2025:06:02:24 -0700] "GET /admin/images/testimonial/13052025074646bypass.phtml?path=//opt/alt/tests/alt-php84-pecl-http_4.2.6-4.el8/tests&viewfile=//opt/alt/tests/alt-php84-pecl-http_4.2.6-4.el8/tests/message009.phpt HTTP/2.0" 200 3537 "-" "Mozilla/5.0 AppleWebKit/537.36 (KHTML, like Gecko; compatible; GPTBot/1.3; +https://openai.com/gptbot)" 233 **0/233085**
74.7.243.209 - - [14/Dec/2025:06:02:25 -0700] "GET /admin/images/testimonial/13052025074646bypass.phtml?path=//opt/alt/tests/alt-php80-pecl-http_4.2.6-4.el8/tests HTTP/2.0" 200 5406 "-" "Mozilla/5.0 AppleWebKit/537.36 (KHTML, like Gecko; compatible; GPTBot/1.3; +https://openai.com/gptbot)" 204 **0/204550**
74.7.243.209 - - [14/Dec/2025:06:02:25 -0700] "GET /admin/images/testimonial/13052025074646bypass.phtml?path=//opt/alt/tests/alt-php73-pecl-stats_2.0.3-2.el8/tests HTTP/2.0" 200 4897 "-" "Mozilla/5.0 AppleWebKit/537.36 (KHTML, like Gecko; compatible; GPTBot/1.3; +https://openai.com/gptbot)" 211 **0/211475**
74.7.243.209 - - [14/Dec/2025:06:02:26 -0700] "GET /admin/images/testimonial/13052025074646bypass.phtml?path=//opt/alt/tests/alt-php82-pecl-http_4.2.6-4.el8/tests HTTP/2.0" 200 5409 "-" "Mozilla/5.0 AppleWebKit/537.36 (KHTML, like Gecko; compatible; GPTBot/1.3; +https://openai.com/gptbot)" 231 **0/231367**
74.7.243.209 - - [14/Dec/2025:06:02:26 -0700] "GET /admin/images/testimonial/13052025074646bypass.phtml?path=//opt/alt/tests/alt-php84-pecl-http_4.2.6-4.el8/tests/data HTTP/2.0" 200 3122 "-" "Mozilla/5.0 AppleWebKit/537.36 (KHTML, like Gecko; compatible; GPTBot/1.3; +https://openai.com/gptbot)" 200 **0/200858**
74.7.243.209 - - [14/Dec/2025:06:02:27 -0700] "GET /admin/images/testimonial/13052025074646bypass.phtml?path=//opt/alt/tests/alt-php84-pecl-pspell_1.0.1-1.el8/tests HTTP/2.0" 200 3158 "-" "Mozilla/5.0 AppleWebKit/537.36 (KHTML, like Gecko; compatible; GPTBot/1.3; +https://openai.com/gptbot)" 220 **0/220968**
74.7.243.209 - - [14/Dec/2025:06:02:27 -0700] "GET /admin/images/testimonial/13052025074646bypass.phtml?path=//opt/alt/tests/alt-php70-pecl-stats_2.0.3-2.el8/tests HTTP/2.0" 200 4897 "-" "Mozilla/5.0 AppleWebKit/537.36 (KHTML, like Gecko; compatible; GPTBot/1.3; +https://openai.com/gptbot)" 193 **0/193263**
74.7.243.209 - - [14/Dec/2025:06:02:28 -0700] "GET /admin/images/testimonial/13052025074646bypass.phtml?path=//opt/alt/tests/alt-php84-pecl-http_4.2.6-4.el8/tests/helper HTTP/2.0" 200 3302 "-" "Mozilla/5.0 AppleWebKit/537.36 (KHTML, like Gecko; compatible; GPTBot/1.3; +https://openai.com/gptbot)" 213 **0/213757**
74.7.243.209 - - [14/Dec/2025:06:02:29 -0700] "GET /admin/images/testimonial/13052025074646bypass.phtml?path=//opt/alt/tests/alt-php74-pecl-stats_2.0.3-2.el8/tests HTTP/2.0" 200 4897 "-" "Mozilla/5.0 AppleWebKit/537.36 (KHTML, like Gecko; compatible; GPTBot/1.3; +https://openai.com/gptbot)" 200 **0/200034**
74.7.243.209 - - [14/Dec/2025:06:02:29 -0700] "GET /admin/images/testimonial/13052025074646bypass.phtml?path=//opt/alt/tests/alt-php82-pecl-rrd_2.0.3-1.el8/tests/data&viewfile=//opt/alt/tests/alt-php82-pecl-rrd_2.0.3-1.el8/tests/data/Makefile HTTP/2.0" 200 3353 "-" "Mozilla/5.0 AppleWebKit/537.36 (KHTML, like Gecko; compatible; GPTBot/1.3; +https://openai.com/gptbot)" 209 **0/209571**
74.7.243.209 - - [14/Dec/2025:06:02:30 -0700] "GET /admin/images/testimonial/13052025074646bypass.phtml?path=//opt/alt/tests/alt-php56-pecl-http_2.6.0-1.el8 HTTP/2.0" 200 2810 "-" "Mozilla/5.0 AppleWebKit/537.36 (KHTML, like Gecko; compatible; GPTBot/1.3; +https://openai.com/gptbot)" 292 **0/292966**
74.7.243.209 - - [14/Dec/2025:06:02:30 -0700] "GET /admin/images/testimonial/13052025074646bypass.phtml?path=//opt/alt/tests/alt-php71-pecl-stats_2.0.3-2.el8 HTTP/2.0" 200 2812 "-" "Mozilla/5.0 AppleWebKit/537.36 (KHTML, like Gecko; compatible; GPTBot/1.3; +https://openai.com/gptbot)" 247 **0/247550**
74.7.243.209 - - [14/Dec/2025:06:02:31 -0700] "GET /admin/images/testimonial/13052025074646bypass.phtml?path=//opt/alt/tests/alt-php80-pecl-http_4.2.6-4.el8/tests/helper HTTP/2.0" 200 3305 "-" "Mozilla/5.0 AppleWebKit/537.36 (KHTML, like Gecko; compatible; GPTBot/1.3; +https://openai.com/gptbot)" 236 **0/236068**
74.7.243.209 - - [14/Dec/2025:06:02:31 -0700] "GET /admin/images/testimonial/13052025074646bypass.phtml?path=//opt/alt/tests/alt-php80-pecl-http_4.2.6-4.el8/tests&viewfile=//opt/alt/tests/alt-php80-pecl-http_4.2.6-4.el8/tests/messagebody010.phpt HTTP/2.0" 200 2944 "-" "Mozilla/5.0 AppleWebKit/537.36 (KHTML, like Gecko; compatible; GPTBot/1.3; +https://openai.com/gptbot)" 231 **0/231156**
74.7.243.209 - - [14/Dec/2025:06:02:32 -0700] "GET /admin/images/testimonial/13052025074646bypass.phtml?path=//opt/alt/tests/alt-php82-pecl-http_4.2.6-4.el8/tests&viewfile=//opt/alt/tests/alt-php82-pecl-http_4.2.6-4.el8/tests/urlparser008.phpt HTTP/2.0" 200 3200 "-" "Mozilla/5.0 AppleWebKit/537.36 (KHTML, like Gecko; compatible; GPTBot/1.3; +https://openai.com/gptbot)" 219 **0/219106**
74.7.243.209 - - [14/Dec/2025:06:02:32 -0700] "GET /admin/images/testimonial/13052025074646bypass.phtml?path=//opt/alt/tests/alt-php80-pecl-http_4.2.6-4.el8/tests&viewfile=//opt/alt/tests/alt-php80-pecl-http_4.2.6-4.el8/tests/header007.phpt HTTP/2.0" 200 2893 "-" "Mozilla/5.0 AppleWebKit/537.36 (KHTML, like Gecko; compatible; GPTBot/1.3; +https://openai.com/gptbot)" 201 **0/201223**
74.7.243.209 - - [14/Dec/2025:06:02:33 -0700] "GET /admin/images/testimonial/13052025074646bypass.phtml?path=//opt/alt/tests/alt-php80-pecl-http_4.2.6-4.el8/tests/data HTTP/2.0" 200 3122 "-" "Mozilla/5.0 AppleWebKit/537.36 (KHTML, like Gecko; compatible; GPTBot/1.3; +https://openai.com/gptbot)" 217 **0/217066**
74.7.243.209 - - [14/Dec/2025:06:02:33 -0700] "GET /admin/images/testimonial/13052025074646bypass.phtml?path=//opt/alt/tests/alt-php84-pecl-pspell_1.0.1-1.el8/tests/setup HTTP/2.0" 200 2554 "-" "Mozilla/5.0 AppleWebKit/537.36 (KHTML, like Gecko; compatible; GPTBot/1.3; +https://openai.com/gptbot)" 227 **0/227360**
74.7.243.209 - - [14/Dec/2025:06:02:34 -0700] "GET /admin/images/testimonial/13052025074646bypass.phtml?path=//opt/alt/tests/alt-php84-pecl-http_4.2.6-4.el8/tests/helper&viewfile=//opt/alt/tests/alt-php84-pecl-http_4.2.6-4.el8/tests/helper/cookie1.inc HTTP/2.0" 200 2846 "-" "Mozilla/5.0 AppleWebKit/537.36 (KHTML, like Gecko; compatible; GPTBot/1.3; +https://openai.com/gptbot)" 227 **0/227620**
74.7.243.209 - - [14/Dec/2025:06:02:34 -0700] "GET /admin/images/testimonial/13052025074646bypass.phtml?path=//opt/alt/tests/alt-php74-pecl-stats_2.0.3-2.el8/tests&viewfile=//opt/alt/tests/alt-php74-pecl-stats_2.0.3-2.el8/tests/stats_cdf_laplace.phpt HTTP/2.0" 200 2995 "-" "Mozilla/5.0 AppleWebKit/537.36 (KHTML, like Gecko; compatible; GPTBot/1.3; +https://openai.com/gptbot)" 271 **0/271910**
74.7.243.209 - - [14/Dec/2025:06:02:35 -0700] "GET /admin/images/testimonial/13052025074646bypass.phtml?path=//opt/alt/tests/alt-php82-pecl-http_4.2.6-4.el8/tests/data HTTP/2.0" 200 3122 "-" "Mozilla/5.0 AppleWebKit/537.36 (KHTML, like Gecko; compatible; GPTBot/1.3; +https://openai.com/gptbot)" 225 **0/225530**
74.7.243.209 - - [14/Dec/2025:06:02:36 -0700] "GET /admin/images/testimonial/13052025074646bypass.phtml?path=//opt/alt/tests/alt-php56-pecl-http_2.6.0-1.el8/tests HTTP/2.0" 200 5376 "-" "Mozilla/5.0 AppleWebKit/537.36 (KHTML, like Gecko; compatible; GPTBot/1.3; +https://openai.com/gptbot)" 227 **0/227909**
74.7.243.209 - - [14/Dec/2025:06:02:36 -0700] "GET /admin/images/testimonial/13052025074646bypass.phtml?path=//opt/alt/tests/alt-php71-pecl-stats_2.0.3-2.el8/tests HTTP/2.0" 200 4897 "-" "Mozilla/5.0 AppleWebKit/537.36 (KHTML, like Gecko; compatible; GPTBot/1.3; +https://openai.com/gptbot)" 215 **0/215919**
74.7.243.209 - - [14/Dec/2025:06:02:37 -0700] "GET /admin/images/testimonial/13052025074646bypass.phtml?path=//opt/alt/tests/alt-php82-pecl-http_4.2.6-4.el8/tests/helper HTTP/2.0" 200 3302 "-" "Mozilla/5.0 AppleWebKit/537.36 (KHTML, like Gecko; compatible; GPTBot/1.3; +https://openai.com/gptbot)" 187 **0/187670**
74.7.243.209 - - [14/Dec/2025:06:02:37 -0700] "GET /admin/images/testimonial/13052025074646bypass.phtml?path=//opt/alt/tests/alt-php84-pecl-http_4.2.6-4.el8/tests/helper/html HTTP/2.0" 200 2907 "-" "Mozilla/5.0 AppleWebKit/537.36 (KHTML, like Gecko; compatible; GPTBot/1.3; +https://openai.com/gptbot)" 196 **0/196772**
74.7.243.209 - - [14/Dec/2025:06:02:38 -0700] "GET /admin/images/testimonial/13052025074646bypass.phtml?path=//opt/alt/tests/alt-php80-pecl-http_4.2.6-4.el8/tests/helper/html HTTP/2.0" 200 2909 "-" "Mozilla/5.0 AppleWebKit/537.36 (KHTML, like Gecko; compatible; GPTBot/1.3; +https://openai.com/gptbot)" 231 **0/231414**
74.7.243.209 - - [14/Dec/2025:06:02:38 -0700] "GET /admin/images/testimonial/13052025074646bypass.phtml?path=//opt/alt/tests/alt-php72-pecl-stats_2.0.3-2.el8 HTTP/2.0" 200 2812 "-" "Mozilla/5.0 AppleWebKit/537.36 (KHTML, like Gecko; compatible; GPTBot/1.3; +https://openai.com/gptbot)" 208 **0/208925**
74.7.243.209 - - [14/Dec/2025:06:02:39 -0700] "GET /admin/images/testimonial/13052025074646bypass.phtml?path=//opt/alt/tests/alt-php80-pecl-http_4.2.6-4.el8/tests/data&viewfile=//opt/alt/tests/alt-php80-pecl-http_4.2.6-4.el8/tests/data/message_rr_helloworld_chunked.txt HTTP/2.0" 200 2924 "-" "Mozilla/5.0 AppleWebKit/537.36 (KHTML, like Gecko; compatible; GPTBot/1.3; +https://openai.com/gptbot)" 212 **0/212552**
74.7.243.209 - - [14/Dec/2025:06:02:39 -0700] "GET /admin/images/testimonial/13052025074646bypass.phtml?path=//opt/alt/tests/alt-php56-pecl-stats_1.0.5-1.el8 HTTP/2.0" 200 2813 "-" "Mozilla/5.0 AppleWebKit/537.36 (KHTML, like Gecko; compatible; GPTBot/1.3; +https://openai.com/gptbot)" 208 **0/208758**
74.7.243.209 - - [14/Dec/2025:06:02:40 -0700] "GET /admin/images/testimonial/13052025074646bypass.phtml?path=//opt/alt/tests/alt-php54-pecl-oci8_2.0.12-1.el8 HTTP/2.0" 200 2812 "-" "Mozilla/5.0 AppleWebKit/537.36 (KHTML, like Gecko; compatible; GPTBot/1.3; +https://openai.com/gptbot)" 218 **0/218799**
74.7.243.209 - - [14/Dec/2025:06:02:40 -0700] "GET /admin/images/testimonial/13052025074646bypass.phtml?path=//opt/alt/tests/alt-php56-pecl-oci8_2.0.12-1.el8 HTTP/2.0" 200 2814 "-" "Mozilla/5.0 AppleWebKit/537.36 (KHTML, like Gecko; compatible; GPTBot/1.3; +https://openai.com/gptbot)" 201 **0/201522**
74.7.243.209 - - [14/Dec/2025:06:02:41 -0700] "GET /admin/images/testimonial/13052025074646bypass.phtml?path=//opt/alt/tests/alt-php84-brotli_0.5.0-3.el8 HTTP/2.0" 200 2838 "-" "Mozilla/5.0 AppleWebKit/537.36 (KHTML, like Gecko; compatible; GPTBot/1.3; +https://openai.com/gptbot)" 201 **0/201332**
74.7.243.209 - - [14/Dec/2025:06:02:41 -0700] "GET /admin/images/testimonial/13052025074646bypass.phtml?path=//opt/alt/tests/alt-php56-pecl-http_2.6.0-1.el8/tests&viewfile=//opt/alt/tests/alt-php56-pecl-http_2.6.0-1.el8/tests/urlparser005.phpt HTTP/2.0" 200 3107 "-" "Mozilla/5.0 AppleWebKit/537.36 (KHTML, like Gecko; compatible; GPTBot/1.3; +https://openai.com/gptbot)" 205 **0/205364**
74.7.243.209 - - [14/Dec/2025:06:02:42 -0700] "GET /admin/images/testimonial/13052025074646bypass.phtml?path=//opt/alt/tests/alt-php71-pecl-stats_2.0.3-2.el8/tests&viewfile=//opt/alt/tests/alt-php71-pecl-stats_2.0.3-2.el8/tests/stats_stat_percentile.phpt HTTP/2.0" 200 2796 "-" "Mozilla/5.0 AppleWebKit/537.36 (KHTML, like Gecko; compatible; GPTBot/1.3; +https://openai.com/gptbot)" 235 **0/235546**
74.7.243.209 - - [14/Dec/2025:06:02:43 -0700] "GET /admin/images/testimonial/13052025074646bypass.phtml?path=//opt/alt/tests/alt-php56-pecl-http_2.6.0-1.el8/tests&viewfile=//opt/alt/tests/alt-php56-pecl-http_2.6.0-1.el8/tests/cookie008.phpt HTTP/2.0" 200 2973 "-" "Mozilla/5.0 AppleWebKit/537.36 (KHTML, like Gecko; compatible; GPTBot/1.3; +https://openai.com/gptbot)" 207 **0/207712**
74.7.243.209 - - [14/Dec/2025:06:02:43 -0700] "GET /admin/images/testimonial/13052025074646bypass.phtml?path=//opt/alt/tests/alt-php71-pecl-stats_2.0.3-2.el8/tests&viewfile=//opt/alt/tests/alt-php71-pecl-stats_2.0.3-2.el8/tests/stats_stat_powersum.phpt HTTP/2.0" 200 2860 "-" "Mozilla/5.0 AppleWebKit/537.36 (KHTML, like Gecko; compatible; GPTBot/1.3; +https://openai.com/gptbot)" 206 **0/206285**
87.250.224.119 - - [14/Dec/2025:06:02:44 -0700] "GET /products/fashion-mens-mrgh HTTP/1.1" 404 - "-" "Mozilla/5.0 (compatible; YandexBot/3.0; +http://yandex.com/bots)" 7 **0/7575**
74.7.243.209 - - [14/Dec/2025:06:02:44 -0700] "GET /admin/images/testimonial/13052025074646bypass.phtml?path=//opt/alt/tests/alt-php56-pecl-http_2.6.0-1.el8/tests/data HTTP/2.0" 200 3123 "-" "Mozilla/5.0 AppleWebKit/537.36 (KHTML, like Gecko; compatible; GPTBot/1.3; +https://openai.com/gptbot)" 188 **0/188600**
74.7.243.209 - - [14/Dec/2025:06:02:44 -0700] "GET /admin/images/testimonial/13052025074646bypass.phtml?path=//opt/alt/tests/alt-php72-pecl-stats_2.0.3-2.el8/tests HTTP/2.0" 200 4897 "-" "Mozilla/5.0 AppleWebKit/537.36 (KHTML, like Gecko; compatible; GPTBot/1.3; +https://openai.com/gptbot)" 217 **0/217094**
74.7.243.209 - - [14/Dec/2025:06:02:45 -0700] "GET /admin/images/testimonial/13052025074646bypass.phtml?path=//opt/alt/tests/alt-php56-pecl-http_2.6.0-1.el8/tests/helper HTTP/2.0" 200 3245 "-" "Mozilla/5.0 AppleWebKit/537.36 (KHTML, like Gecko; compatible; GPTBot/1.3; +https://openai.com/gptbot)" 216 **0/216741**
74.7.243.209 - - [14/Dec/2025:06:02:45 -0700] "GET /admin/images/testimonial/13052025074646bypass.phtml?path=//opt/alt/tests/alt-php56-pecl-stats_1.0.5-1.el8/tests HTTP/2.0" 200 4897 "-" "Mozilla/5.0 AppleWebKit/537.36 (KHTML, like Gecko; compatible; GPTBot/1.3; +https://openai.com/gptbot)" 230 **0/230219**
74.7.243.209 - - [14/Dec/2025:06:02:46 -0700] "GET /admin/images/testimonial/13052025074646bypass.phtml?path=//opt/alt/tests/alt-php54-pecl-oci8_2.0.12-1.el8/tests HTTP/2.0" 200 3147 "-" "Mozilla/5.0 AppleWebKit/537.36 (KHTML, like Gecko; compatible; GPTBot/1.3; +https://openai.com/gptbot)" 241 **0/241694**
74.7.243.209 - - [14/Dec/2025:06:02:46 -0700] "GET /admin/images/testimonial/13052025074646bypass.phtml?path=//opt/alt/tests/alt-php56-pecl-oci8_2.0.12-1.el8/tests HTTP/2.0" 200 3146 "-" "Mozilla/5.0 AppleWebKit/537.36 (KHTML, like Gecko; compatible; GPTBot/1.3; +https://openai.com/gptbot)" 213 **0/213797**
74.7.243.209 - - [14/Dec/2025:06:02:47 -0700] "GET /admin/images/testimonial/13052025074646bypass.phtml?path=//opt/alt/tests/alt-php84-brotli_0.5.0-3.el8/brotli HTTP/2.0" 200 2851 "-" "Mozilla/5.0 AppleWebKit/537.36 (KHTML, like Gecko; compatible; GPTBot/1.3; +https://openai.com/gptbot)" 233 **0/233843**
74.7.243.209 - - [14/Dec/2025:06:02:47 -0700] "GET /admin/images/testimonial/13052025074646bypass.phtml?path=//opt/alt/tests/alt-php82-pecl-http_4.2.6-4.el8/tests/helper/html HTTP/2.0" 200 2907 "-" "Mozilla/5.0 AppleWebKit/537.36 (KHTML, like Gecko; compatible; GPTBot/1.3; +https://openai.com/gptbot)" 212 **0/212034**
74.7.243.209 - - [14/Dec/2025:06:02:48 -0700] "GET /admin/images/testimonial/13052025074646bypass.phtml?path=//opt/alt/tests/alt-php84-brotli_0.5.0-3.el8/tests HTTP/2.0" 200 2946 "-" "Mozilla/5.0 AppleWebKit/537.36 (KHTML, like Gecko; compatible; GPTBot/1.3; +https://openai.com/gptbot)" 212 **0/212024**
74.7.243.209 - - [14/Dec/2025:06:02:48 -0700] "GET /admin/images/testimonial/13052025074646bypass.phtml?path=//opt/alt/tests/alt-php70-pecl-jsmin_3.0.0-1.el8 HTTP/2.0" 200 2811 "-" "Mozilla/5.0 AppleWebKit/537.36 (KHTML, like Gecko; compatible; GPTBot/1.3; +https://openai.com/gptbot)" 209 **0/209166**
74.7.243.209 - - [14/Dec/2025:06:02:49 -0700] "GET /admin/images/testimonial/13052025074646bypass.phtml?path=//opt/alt/tests/alt-php56-pecl-geoip_1.1.1-1.el8 HTTP/2.0" 200 2811 "-" "Mozilla/5.0 AppleWebKit/537.36 (KHTML, like Gecko; compatible; GPTBot/1.3; +https://openai.com/gptbot)" 202 **0/202647**
74.7.243.209 - - [14/Dec/2025:06:02:50 -0700] "GET /admin/images/testimonial/13052025074646bypass.phtml?path=//opt/alt/tests/alt-php72-pecl-redis_5.3.7-2.el8 HTTP/2.0" 200 2536 "-" "Mozilla/5.0 AppleWebKit/537.36 (KHTML, like Gecko; compatible; GPTBot/1.3; +https://openai.com/gptbot)" 215 **0/215909**
74.7.243.209 - - [14/Dec/2025:06:02:50 -0700] "GET /admin/images/testimonial/13052025074646bypass.phtml?path=//opt/alt/tests/alt-php72-pecl-stats_2.0.3-2.el8/tests&viewfile=//opt/alt/tests/alt-php72-pecl-stats_2.0.3-2.el8/tests/stats_dens_t.phpt HTTP/2.0" 200 2942 "-" "Mozilla/5.0 AppleWebKit/537.36 (KHTML, like Gecko; compatible; GPTBot/1.3; +https://openai.com/gptbot)" 204 **0/204768**
74.7.243.209 - - [14/Dec/2025:06:02:51 -0700] "GET /admin/images/testimonial/13052025074646bypass.phtml?path=//opt/alt/tests/alt-php56-pecl-http_2.6.0-1.el8/tests/helper/html HTTP/2.0" 200 2908 "-" "Mozilla/5.0 AppleWebKit/537.36 (KHTML, like Gecko; compatible; GPTBot/1.3; +https://openai.com/gptbot)" 251 **0/251061**
114.119.156.122 - - [14/Dec/2025:06:02:51 -0700] "GET /index.php/igdamvs/blog/courses/courses/blog/blog/images/courses/python_logo.webp HTTP/1.1" 200 11857 "https://www.bismilsoft.com/index.php/igdamvs/blog/courses/courses/blog/blog/blogs" "Mozilla/5.0 (Linux; Android 7.0;) AppleWebKit/537.36 (KHTML, like Gecko) Mobile Safari/537.36 (compatible; PetalBot;+https://webmaster.petalsearch.com/site/petalbot)" 74 **0/74531**
74.7.243.209 - - [14/Dec/2025:06:02:51 -0700] "GET /admin/images/testimonial/13052025074646bypass.phtml?path=//opt/alt/tests/alt-php54-pecl-yaf_2.3.5-1.el8 HTTP/2.0" 200 2813 "-" "Mozilla/5.0 AppleWebKit/537.36 (KHTML, like Gecko; compatible; GPTBot/1.3; +https://openai.com/gptbot)" 230 **0/230397**
74.7.243.209 - - [14/Dec/2025:06:02:52 -0700] "GET /admin/images/testimonial/13052025074646bypass.phtml?path=//opt/alt/tests/alt-php81-pecl-geoip_1.1.1-1.el8 HTTP/2.0" 200 2811 "-" "Mozilla/5.0 AppleWebKit/537.36 (KHTML, like Gecko; compatible; GPTBot/1.3; +https://openai.com/gptbot)" 205 **0/205109**
74.7.243.209 - - [14/Dec/2025:06:02:52 -0700] "GET /admin/images/testimonial/13052025074646bypass.phtml?path=//opt/alt/tests/alt-php71-pecl-geoip_1.1.1-1.el8 HTTP/2.0" 200 2811 "-" "Mozilla/5.0 AppleWebKit/537.36 (KHTML, like Gecko; compatible; GPTBot/1.3; +https://openai.com/gptbot)" 195 **0/195891**
74.7.243.209 - - [14/Dec/2025:06:02:53 -0700] "GET /admin/images/testimonial/13052025074646bypass.phtml?path=//opt/alt/tests/alt-php84-brotli_0.5.0-3.el8/brotli/tests HTTP/2.0" 200 3197 "-" "Mozilla/5.0 AppleWebKit/537.36 (KHTML, like Gecko; compatible; GPTBot/1.3; +https://openai.com/gptbot)" 206 **0/206549**
74.7.243.209 - - [14/Dec/2025:06:02:53 -0700] "GET /admin/images/testimonial/13052025074646bypass.phtml?path=//opt/alt/tests/alt-php84-brotli_0.5.0-3.el8/brotli/c HTTP/2.0" 200 2951 "-" "Mozilla/5.0 AppleWebKit/537.36 (KHTML, like Gecko; compatible; GPTBot/1.3; +https://openai.com/gptbot)" 198 **0/198452**
74.7.243.209 - - [14/Dec/2025:06:02:54 -0700] "GET /admin/images/testimonial/13052025074646bypass.phtml?path=//opt/alt/tests/alt-php80-pecl-mcrypt_1.0.7-1.el8 HTTP/2.0" 200 2814 "-" "Mozilla/5.0 AppleWebKit/537.36 (KHTML, like Gecko; compatible; GPTBot/1.3; +https://openai.com/gptbot)" 211 **0/211447**
74.7.243.209 - - [14/Dec/2025:06:02:54 -0700] "GET /admin/images/testimonial/13052025074646bypass.phtml?path=//opt/alt/tests/alt-php70-pecl-jsmin_3.0.0-1.el8/tests HTTP/2.0" 200 3144 "-" "Mozilla/5.0 AppleWebKit/537.36 (KHTML, like Gecko; compatible; GPTBot/1.3; +https://openai.com/gptbot)" 185 **0/185169**
74.7.243.209 - - [14/Dec/2025:06:02:55 -0700] "GET /admin/images/testimonial/13052025074646bypass.phtml?path=//opt/alt/tests/alt-php56-pecl-geoip_1.1.1-1.el8/tests HTTP/2.0" 200 3154 "-" "Mozilla/5.0 AppleWebKit/537.36 (KHTML, like Gecko; compatible; GPTBot/1.3; +https://openai.com/gptbot)" 209 **0/209721**
74.7.243.209 - - [14/Dec/2025:06:02:55 -0700] "GET /admin/images/testimonial/13052025074646bypass.phtml?path=//opt/alt/tests/alt-php83-pecl-dbase_7.1.1-1.el8 HTTP/2.0" 200 2812 "-" "Mozilla/5.0 AppleWebKit/537.36 (KHTML, like Gecko; compatible; GPTBot/1.3; +https://openai.com/gptbot)" 227 **0/227056**
