62.84.178.152 - - [14/Dec/2025:05:31:30 -0700] "GET /index.php/hvzo/blog/courses/blog/blog/blog/blog/blog/blog/blog/blog/blog/blog/blog/blog/blog/blog/blog/courses/online-%0D%0A%09%09%09%20%20%20%20%20%20%20%20%20%20%20%20%20%20%20%20%20%20%20%20%09%09%3C/p%3E%0D%0A%0D%0A%09%09%09%20%20%20%20%20%20%20%20%20%20%20%20%20%20%20%20%20%20%20%20%09%3C/div%3E%0D%0A%0D%0A%09%09%09%09%20%20%20%20%20%20%20%20%20%20%20%20%20%20%20%20%3C/div%3E%09%09%09%20%20%20%20%20%20%20%20%09%09%09%0D%0A%0D%0A%09%09%09%20%20%20%20%20%20%20%20%09%09%3C/blog/blog/courses/blog/courses/blog/blog/courses/courses/online-%0D%0A%09%09%09%20%20%20%20%20%20%20%20%20%20%20%20%20%20%20%20%20%20%20%20%09%09%3C/courses/blog/blog/blog/blog/courses/courses/blog/courses/blog/courses/courses/blog/courses/sas-training-in-noida HTTP/1.1" 200 10957 "-" "Mozilla/5.0 (compatible; MJ12bot/v1.4.8; http://mj12bot.com/)" 78 **0/78478**
85.208.96.208 - - [14/Dec/2025:05:31:30 -0700] "GET /index.php/courses/blog/blog/courses/blog/blog/courses/blog/blogs.php HTTP/1.1" 200 11857 "-" "Mozilla/5.0 (compatible; SemrushBot/7~bl; +http://www.semrush.com/bot.html)" 71 **0/71727**
62.84.178.152 - - [14/Dec/2025:05:31:32 -0700] "GET /index.php/hvzo/blog/courses/blog/blog/blog/blog/blog/blog/blog/blog/blog/blog/blog/blog/blog/blog/blog/courses/online-%0D%0A%09%09%09%20%20%20%20%20%20%20%20%20%20%20%20%20%20%20%20%20%20%20%20%09%09%3C/p%3E%0D%0A%0D%0A%09%09%09%20%20%20%20%20%20%20%20%20%20%20%20%20%20%20%20%20%20%20%20%09%3C/div%3E%0D%0A%0D%0A%09%09%09%09%20%20%20%20%20%20%20%20%20%20%20%20%20%20%20%20%3C/div%3E%09%09%09%20%20%20%20%20%20%20%20%09%09%09%0D%0A%0D%0A%09%09%09%20%20%20%20%20%20%20%20%09%09%3C/blog/blog/courses/blog/courses/blog/blog/courses/courses/online-%0D%0A%09%09%09%20%20%20%20%20%20%20%20%20%20%20%20%20%20%20%20%20%20%20%20%09%09%3C/courses/blog/blog/blog/blog/courses/courses/blog/courses/blog/courses/courses/blog/courses/seo-training-in-noida HTTP/1.1" 200 10957 "-" "Mozilla/5.0 (compatible; MJ12bot/v1.4.8; http://mj12bot.com/)" 73 **0/73075**
85.208.96.195 - - [14/Dec/2025:05:31:32 -0700] "GET /index.php/riywep/courses/blog/.%0D%0A%09%20%20%20%20%20%20%20%20%20%20%20%20%20%20%20%20%20%20%20%20%09%09%3C/courses/.%0D%0A%09%20%20%20%20%20%20%20%20%20%20%20%20%20%20%20%20%20%20%20%20%09%09%3C/courses/blogs.php HTTP/1.1" 200 11857 "-" "Mozilla/5.0 (compatible; SemrushBot/7~bl; +http://www.semrush.com/bot.html)" 78 **0/78787**
62.84.178.152 - - [14/Dec/2025:05:31:34 -0700] "GET /index.php/hvzo/blog/courses/blog/blog/blog/blog/blog/blog/blog/blog/blog/blog/blog/blog/blog/blog/blog/courses/online-%0D%0A%09%09%09%20%20%20%20%20%20%20%20%20%20%20%20%20%20%20%20%20%20%20%20%09%09%3C/p%3E%0D%0A%0D%0A%09%09%09%20%20%20%20%20%20%20%20%20%20%20%20%20%20%20%20%20%20%20%20%09%3C/div%3E%0D%0A%0D%0A%09%09%09%09%20%20%20%20%20%20%20%20%20%20%20%20%20%20%20%20%3C/div%3E%09%09%09%20%20%20%20%20%20%20%20%09%09%09%0D%0A%0D%0A%09%09%09%20%20%20%20%20%20%20%20%09%09%3C/blog/blog/courses/blog/courses/blog/blog/courses/courses/online-%0D%0A%09%09%09%20%20%20%20%20%20%20%20%20%20%20%20%20%20%20%20%20%20%20%20%09%09%3C/courses/blog/blog/blog/blog/courses/courses/blog/courses/blog/courses/courses/blog/courses/smo-training-in-noida HTTP/1.1" 200 10957 "-" "Mozilla/5.0 (compatible; MJ12bot/v1.4.8; http://mj12bot.com/)" 88 **0/88621**
114.119.135.36 - - [14/Dec/2025:05:31:34 -0700] "GET /index.php/ismdz-77/courses/courses/admin/images/testimonial/courses/blog/blog/careers HTTP/1.1" 200 11857 "https://www.bismilsoft.com/index.php/ismdz-77/courses/courses/admin/images/testimonial/courses/blog/blog/is-servicenow-a-good-career-option" "Mozilla/5.0 (Linux; Android 7.0;) AppleWebKit/537.36 (KHTML, like Gecko) Mobile Safari/537.36 (compatible; PetalBot;+https://webmaster.petalsearch.com/site/petalbot)" 67 **0/67142**
62.84.178.152 - - [14/Dec/2025:05:31:35 -0700] "GET /index.php/hvzo/blog/courses/blog/blog/blog/blog/blog/blog/blog/blog/blog/blog/blog/blog/blog/blog/blog/courses/online-%0D%0A%09%09%09%20%20%20%20%20%20%20%20%20%20%20%20%20%20%20%20%20%20%20%20%09%09%3C/p%3E%0D%0A%0D%0A%09%09%09%20%20%20%20%20%20%20%20%20%20%20%20%20%20%20%20%20%20%20%20%09%3C/div%3E%0D%0A%0D%0A%09%09%09%09%20%20%20%20%20%20%20%20%20%20%20%20%20%20%20%20%3C/div%3E%09%09%09%20%20%20%20%20%20%20%20%09%09%09%0D%0A%0D%0A%09%09%09%20%20%20%20%20%20%20%20%09%09%3C/blog/blog/courses/blog/courses/blog/blog/courses/courses/online-%0D%0A%09%09%09%20%20%20%20%20%20%20%20%20%20%20%20%20%20%20%20%20%20%20%20%09%09%3C/courses/blog/blog/blog/blog/courses/courses/blog/courses/blog/courses/courses/blog/courses/sp3d-training-in-noida HTTP/1.1" 200 10957 "-" "Mozilla/5.0 (compatible; MJ12bot/v1.4.8; http://mj12bot.com/)" 95 **0/95967**
62.84.178.152 - - [14/Dec/2025:05:31:37 -0700] "GET /index.php/hvzo/blog/courses/blog/blog/blog/blog/blog/blog/blog/blog/blog/blog/blog/blog/blog/blog/blog/courses/online-%0D%0A%09%09%09%20%20%20%20%20%20%20%20%20%20%20%20%20%20%20%20%20%20%20%20%09%09%3C/p%3E%0D%0A%0D%0A%09%09%09%20%20%20%20%20%20%20%20%20%20%20%20%20%20%20%20%20%20%20%20%09%3C/div%3E%0D%0A%0D%0A%09%09%09%09%20%20%20%20%20%20%20%20%20%20%20%20%20%20%20%20%3C/div%3E%09%09%09%20%20%20%20%20%20%20%20%09%09%09%0D%0A%0D%0A%09%09%09%20%20%20%20%20%20%20%20%09%09%3C/blog/blog/courses/blog/courses/blog/blog/courses/courses/online-%0D%0A%09%09%09%20%20%20%20%20%20%20%20%20%20%20%20%20%20%20%20%20%20%20%20%09%09%3C/courses/blog/blog/blog/blog/courses/courses/blog/courses/blog/courses/courses/blog/courses/ug-nx-training-in-noida HTTP/1.1" 200 10957 "-" "Mozilla/5.0 (compatible; MJ12bot/v1.4.8; http://mj12bot.com/)" 77 **0/77495**
62.84.178.152 - - [14/Dec/2025:05:31:39 -0700] "GET /index.php/hvzo/blog/courses/blog/blog/blog/blog/blog/blog/blog/blog/blog/blog/blog/blog/blog/blog/blog/courses/online-%0D%0A%09%09%09%20%20%20%20%20%20%20%20%20%20%20%20%20%20%20%20%20%20%20%20%09%09%3C/p%3E%0D%0A%0D%0A%09%09%09%20%20%20%20%20%20%20%20%20%20%20%20%20%20%20%20%20%20%20%20%09%3C/div%3E%0D%0A%0D%0A%09%09%09%09%20%20%20%20%20%20%20%20%20%20%20%20%20%20%20%20%3C/div%3E%09%09%09%20%20%20%20%20%20%20%20%09%09%09%0D%0A%0D%0A%09%09%09%20%20%20%20%20%20%20%20%09%09%3C/blog/blog/courses/blog/courses/blog/blog/courses/courses/online-%0D%0A%09%09%09%20%20%20%20%20%20%20%20%20%20%20%20%20%20%20%20%20%20%20%20%09%09%3C/courses/blog/blog/blog/blog/courses/courses/blog/courses/blog/courses/courses/blog/courses/workday-training-in-noida HTTP/1.1" 200 10957 "-" "Mozilla/5.0 (compatible; MJ12bot/v1.4.8; http://mj12bot.com/)" 81 **0/81628**
223.181.13.225 - - [14/Dec/2025:05:31:41 -0700] "GET /blog/servicenow-online-certification-cost-in-india HTTP/2.0" 200 14457 "https://www.google.com/" "Mozilla/5.0 (Linux; Android 10; K) AppleWebKit/537.36 (KHTML, like Gecko) Chrome/143.0.0.0 Mobile Safari/537.36" 72 **0/72731**
223.181.13.225 - - [14/Dec/2025:05:31:41 -0700] "GET /css/bootstrap.min.css HTTP/2.0" 200 18527 "https://www.bismilsoft.com/blog/servicenow-online-certification-cost-in-india" "Mozilla/5.0 (Linux; Android 10; K) AppleWebKit/537.36 (KHTML, like Gecko) Chrome/143.0.0.0 Mobile Safari/537.36" 17 **0/17246**
223.181.13.225 - - [14/Dec/2025:05:31:41 -0700] "GET /css/slick.css HTTP/2.0" 200 473 "https://www.bismilsoft.com/blog/servicenow-online-certification-cost-in-india" "Mozilla/5.0 (Linux; Android 10; K) AppleWebKit/537.36 (KHTML, like Gecko) Chrome/143.0.0.0 Mobile Safari/537.36" 7 **0/7271**
223.181.13.225 - - [14/Dec/2025:05:31:41 -0700] "GET /css/magnific-popup.css HTTP/2.0" 200 1660 "https://www.bismilsoft.com/blog/servicenow-online-certification-cost-in-india" "Mozilla/5.0 (Linux; Android 10; K) AppleWebKit/537.36 (KHTML, like Gecko) Chrome/143.0.0.0 Mobile Safari/537.36" 7 **0/7431**
223.181.13.225 - - [14/Dec/2025:05:31:41 -0700] "GET /css/font-awesome.min.css HTTP/2.0" 200 6672 "https://www.bismilsoft.com/blog/servicenow-online-certification-cost-in-india" "Mozilla/5.0 (Linux; Android 10; K) AppleWebKit/537.36 (KHTML, like Gecko) Chrome/143.0.0.0 Mobile Safari/537.36" 9 **0/9012**
223.181.13.225 - - [14/Dec/2025:05:31:41 -0700] "GET /css/animate.css HTTP/2.0" 200 3988 "https://www.bismilsoft.com/blog/servicenow-online-certification-cost-in-india" "Mozilla/5.0 (Linux; Android 10; K) AppleWebKit/537.36 (KHTML, like Gecko) Chrome/143.0.0.0 Mobile Safari/537.36" 9 **0/9100**
223.181.13.225 - - [14/Dec/2025:05:31:41 -0700] "GET /css/owl.carousel.css HTTP/2.0" 200 1010 "https://www.bismilsoft.com/blog/servicenow-online-certification-cost-in-india" "Mozilla/5.0 (Linux; Android 10; K) AppleWebKit/537.36 (KHTML, like Gecko) Chrome/143.0.0.0 Mobile Safari/537.36" 10 **0/10203**
223.181.13.225 - - [14/Dec/2025:05:31:41 -0700] "GET /css/off-canvas.css HTTP/2.0" 200 1302 "https://www.bismilsoft.com/blog/servicenow-online-certification-cost-in-india" "Mozilla/5.0 (Linux; Android 10; K) AppleWebKit/537.36 (KHTML, like Gecko) Chrome/143.0.0.0 Mobile Safari/537.36" 8 **0/8040**
223.181.13.225 - - [14/Dec/2025:05:31:41 -0700] "GET /blog/fonts/flaticon.css HTTP/2.0" 404 - "https://www.bismilsoft.com/blog/servicenow-online-certification-cost-in-india" "Mozilla/5.0 (Linux; Android 10; K) AppleWebKit/537.36 (KHTML, like Gecko) Chrome/143.0.0.0 Mobile Safari/537.36" 7 **0/7906**
223.181.13.225 - - [14/Dec/2025:05:31:41 -0700] "GET /fonts/fonts2/flaticon.css HTTP/2.0" 200 363 "https://www.bismilsoft.com/blog/servicenow-online-certification-cost-in-india" "Mozilla/5.0 (Linux; Android 10; K) AppleWebKit/537.36 (KHTML, like Gecko) Chrome/143.0.0.0 Mobile Safari/537.36" 7 **0/7740**
223.181.13.225 - - [14/Dec/2025:05:31:41 -0700] "GET /css/rsmenu-main.css HTTP/2.0" 200 3351 "https://www.bismilsoft.com/blog/servicenow-online-certification-cost-in-india" "Mozilla/5.0 (Linux; Android 10; K) AppleWebKit/537.36 (KHTML, like Gecko) Chrome/143.0.0.0 Mobile Safari/537.36" 7 **0/7936**
223.181.13.225 - - [14/Dec/2025:05:31:41 -0700] "GET /css/style.css HTTP/2.0" 200 189 "https://www.bismilsoft.com/blog/servicenow-online-certification-cost-in-india" "Mozilla/5.0 (Linux; Android 10; K) AppleWebKit/537.36 (KHTML, like Gecko) Chrome/143.0.0.0 Mobile Safari/537.36" 7 **0/7221**
223.181.13.225 - - [14/Dec/2025:05:31:41 -0700] "GET /images/bismilsoft_logo.png HTTP/2.0" 200 55137 "https://www.bismilsoft.com/blog/servicenow-online-certification-cost-in-india" "Mozilla/5.0 (Linux; Android 10; K) AppleWebKit/537.36 (KHTML, like Gecko) Chrome/143.0.0.0 Mobile Safari/537.36" 7 **0/7666**
223.181.13.225 - - [14/Dec/2025:05:31:41 -0700] "GET /css/responsive.css HTTP/2.0" 200 5405 "https://www.bismilsoft.com/blog/servicenow-online-certification-cost-in-india" "Mozilla/5.0 (Linux; Android 10; K) AppleWebKit/537.36 (KHTML, like Gecko) Chrome/143.0.0.0 Mobile Safari/537.36" 10 **0/10468**
223.181.13.225 - - [14/Dec/2025:05:31:41 -0700] "GET /css/rsmenu-transitions.css HTTP/2.0" 200 283 "https://www.bismilsoft.com/blog/servicenow-online-certification-cost-in-india" "Mozilla/5.0 (Linux; Android 10; K) AppleWebKit/537.36 (KHTML, like Gecko) Chrome/143.0.0.0 Mobile Safari/537.36" 11 **0/11807**
223.181.13.225 - - [14/Dec/2025:05:31:41 -0700] "GET /style.css HTTP/2.0" 200 26278 "https://www.bismilsoft.com/blog/servicenow-online-certification-cost-in-india" "Mozilla/5.0 (Linux; Android 10; K) AppleWebKit/537.36 (KHTML, like Gecko) Chrome/143.0.0.0 Mobile Safari/537.36" 17 **0/17001**
223.181.13.225 - - [14/Dec/2025:05:31:41 -0700] "GET /admin/images/blog/ServiceNow%20Online%20Certification%20Cost%20in%20India%20Update%202024%20%E2%80%93%20BismilSoft.webp HTTP/2.0" 200 41101 "https://www.bismilsoft.com/blog/servicenow-online-certification-cost-in-india" "Mozilla/5.0 (Linux; Android 10; K) AppleWebKit/537.36 (KHTML, like Gecko) Chrome/143.0.0.0 Mobile Safari/537.36" 8 **0/8884**
62.84.178.152 - - [14/Dec/2025:05:31:41 -0700] "GET /index.php/hvzo/blog/courses/blog/blog/blog/blog/blog/blog/blog/blog/blog/blog/blog/blog/blog/blog/blog/courses/online-%0D%0A%09%09%09%20%20%20%20%20%20%20%20%20%20%20%20%20%20%20%20%20%20%20%20%09%09%3C/p%3E%0D%0A%0D%0A%09%09%09%20%20%20%20%20%20%20%20%20%20%20%20%20%20%20%20%20%20%20%20%09%3C/div%3E%0D%0A%0D%0A%09%09%09%09%20%20%20%20%20%20%20%20%20%20%20%20%20%20%20%20%3C/div%3E%09%09%09%20%20%20%20%20%20%20%20%09%09%09%0D%0A%0D%0A%09%09%09%20%20%20%20%20%20%20%20%09%09%3C/blog/blog/courses/blog/courses/blog/blog/courses/courses/online-%0D%0A%09%09%09%20%20%20%20%20%20%20%20%20%20%20%20%20%20%20%20%20%20%20%20%09%09%3C/courses/blog/blog/blog/blog/courses/courses/blog/courses/blog/courses/courses/courses HTTP/1.1" 200 10957 "-" "Mozilla/5.0 (compatible; MJ12bot/v1.4.8; http://mj12bot.com/)" 76 **0/76160**
223.181.13.225 - - [14/Dec/2025:05:31:41 -0700] "GET /admin/images/blog/SAP%20MM%20Interview%20Questions%20and%20Answers%20%E2%80%93%20Updated%202025.webp HTTP/2.0" 200 25829 "https://www.bismilsoft.com/blog/servicenow-online-certification-cost-in-india" "Mozilla/5.0 (Linux; Android 10; K) AppleWebKit/537.36 (KHTML, like Gecko) Chrome/143.0.0.0 Mobile Safari/537.36" 8 **0/8631**
223.181.13.225 - - [14/Dec/2025:05:31:41 -0700] "GET /admin/images/blog/How%20AI%20is%20Transforming%20SAP%20Training%20for%20Future%20Professionals%20in%202025.webp HTTP/2.0" 200 94129 "https://www.bismilsoft.com/blog/servicenow-online-certification-cost-in-india" "Mozilla/5.0 (Linux; Android 10; K) AppleWebKit/537.36 (KHTML, like Gecko) Chrome/143.0.0.0 Mobile Safari/537.36" 78 **0/78523**
223.181.13.225 - - [14/Dec/2025:05:31:41 -0700] "GET /admin/images/blog/How%20Much%20Does%20a%20PMP%20Certification%20Cost%20in%20India.webp HTTP/2.0" 200 37514 "https://www.bismilsoft.com/blog/servicenow-online-certification-cost-in-india" "Mozilla/5.0 (Linux; Android 10; K) AppleWebKit/537.36 (KHTML, like Gecko) Chrome/143.0.0.0 Mobile Safari/537.36" 8 **0/8983**
223.181.13.225 - - [14/Dec/2025:05:31:41 -0700] "GET /js/modernizr-2.8.3.min.js HTTP/2.0" 200 6018 "https://www.bismilsoft.com/blog/servicenow-online-certification-cost-in-india" "Mozilla/5.0 (Linux; Android 10; K) AppleWebKit/537.36 (KHTML, like Gecko) Chrome/143.0.0.0 Mobile Safari/537.36" 8 **0/8136**
223.181.13.225 - - [14/Dec/2025:05:31:41 -0700] "GET /js/imagesloaded.pkgd.min.js HTTP/2.0" 200 1702 "https://www.bismilsoft.com/blog/servicenow-online-certification-cost-in-india" "Mozilla/5.0 (Linux; Android 10; K) AppleWebKit/537.36 (KHTML, like Gecko) Chrome/143.0.0.0 Mobile Safari/537.36" 7 **0/7247**
223.181.13.225 - - [14/Dec/2025:05:31:41 -0700] "GET /js/slick.min.js HTTP/2.0" 200 10116 "https://www.bismilsoft.com/blog/servicenow-online-certification-cost-in-india" "Mozilla/5.0 (Linux; Android 10; K) AppleWebKit/537.36 (KHTML, like Gecko) Chrome/143.0.0.0 Mobile Safari/537.36" 8 **0/8371**
223.181.13.225 - - [14/Dec/2025:05:31:41 -0700] "GET /js/owl.carousel.min.js HTTP/2.0" 200 10382 "https://www.bismilsoft.com/blog/servicenow-online-certification-cost-in-india" "Mozilla/5.0 (Linux; Android 10; K) AppleWebKit/537.36 (KHTML, like Gecko) Chrome/143.0.0.0 Mobile Safari/537.36" 9 **0/9271**
223.181.13.225 - - [14/Dec/2025:05:31:41 -0700] "GET /js/isotope.pkgd.min.js HTTP/2.0" 200 9619 "https://www.bismilsoft.com/blog/servicenow-online-certification-cost-in-india" "Mozilla/5.0 (Linux; Android 10; K) AppleWebKit/537.36 (KHTML, like Gecko) Chrome/143.0.0.0 Mobile Safari/537.36" 9 **0/9518**
223.181.13.225 - - [14/Dec/2025:05:31:41 -0700] "GET /fonts/fontawesome-webfont3e6e.html?v=4.7.0 HTTP/2.0" 200 77165 "https://www.bismilsoft.com/css/font-awesome.min.css" "Mozilla/5.0 (Linux; Android 10; K) AppleWebKit/537.36 (KHTML, like Gecko) Chrome/143.0.0.0 Mobile Safari/537.36" 14 **0/14719**
223.181.13.225 - - [14/Dec/2025:05:31:41 -0700] "GET /js/bootstrap.min.js HTTP/2.0" 200 12557 "https://www.bismilsoft.com/blog/servicenow-online-certification-cost-in-india" "Mozilla/5.0 (Linux; Android 10; K) AppleWebKit/537.36 (KHTML, like Gecko) Chrome/143.0.0.0 Mobile Safari/537.36" 19 **0/19717**
223.181.13.225 - - [14/Dec/2025:05:31:41 -0700] "GET /js/wow.min.js HTTP/2.0" 200 2573 "https://www.bismilsoft.com/blog/servicenow-online-certification-cost-in-india" "Mozilla/5.0 (Linux; Android 10; K) AppleWebKit/537.36 (KHTML, like Gecko) Chrome/143.0.0.0 Mobile Safari/537.36" 19 **0/19553**
223.181.13.225 - - [14/Dec/2025:05:31:41 -0700] "GET /js/waypoints.min.js HTTP/2.0" 200 2463 "https://www.bismilsoft.com/blog/servicenow-online-certification-cost-in-india" "Mozilla/5.0 (Linux; Android 10; K) AppleWebKit/537.36 (KHTML, like Gecko) Chrome/143.0.0.0 Mobile Safari/537.36" 15 **0/15400**
223.181.13.225 - - [14/Dec/2025:05:31:41 -0700] "GET /js/jquery.counterup.min.js HTTP/2.0" 200 498 "https://www.bismilsoft.com/blog/servicenow-online-certification-cost-in-india" "Mozilla/5.0 (Linux; Android 10; K) AppleWebKit/537.36 (KHTML, like Gecko) Chrome/143.0.0.0 Mobile Safari/537.36" 15 **0/15602**
223.181.13.225 - - [14/Dec/2025:05:31:41 -0700] "GET /js/jquery.magnific-popup.min.js HTTP/2.0" 200 7055 "https://www.bismilsoft.com/blog/servicenow-online-certification-cost-in-india" "Mozilla/5.0 (Linux; Android 10; K) AppleWebKit/537.36 (KHTML, like Gecko) Chrome/143.0.0.0 Mobile Safari/537.36" 15 **0/15817**
223.181.13.225 - - [14/Dec/2025:05:31:41 -0700] "GET /js/rsmenu-main.js HTTP/2.0" 200 997 "https://www.bismilsoft.com/blog/servicenow-online-certification-cost-in-india" "Mozilla/5.0 (Linux; Android 10; K) AppleWebKit/537.36 (KHTML, like Gecko) Chrome/143.0.0.0 Mobile Safari/537.36" 15 **0/15772**
223.181.13.225 - - [14/Dec/2025:05:31:41 -0700] "GET /js/plugins.js HTTP/2.0" 200 1156 "https://www.bismilsoft.com/blog/servicenow-online-certification-cost-in-india" "Mozilla/5.0 (Linux; Android 10; K) AppleWebKit/537.36 (KHTML, like Gecko) Chrome/143.0.0.0 Mobile Safari/537.36" 15 **0/15965**
223.181.13.225 - - [14/Dec/2025:05:31:41 -0700] "GET /js/color-style.js HTTP/2.0" 200 330 "https://www.bismilsoft.com/blog/servicenow-online-certification-cost-in-india" "Mozilla/5.0 (Linux; Android 10; K) AppleWebKit/537.36 (KHTML, like Gecko) Chrome/143.0.0.0 Mobile Safari/537.36" 16 **0/16170**
223.181.13.225 - - [14/Dec/2025:05:31:41 -0700] "GET /js/main.js HTTP/2.0" 200 3133 "https://www.bismilsoft.com/blog/servicenow-online-certification-cost-in-india" "Mozilla/5.0 (Linux; Android 10; K) AppleWebKit/537.36 (KHTML, like Gecko) Chrome/143.0.0.0 Mobile Safari/537.36" 16 **0/16361**
223.181.13.225 - - [14/Dec/2025:05:31:41 -0700] "GET /admin/images/testimonial/anup.jpg HTTP/2.0" 200 10897 "https://www.bismilsoft.com/blog/servicenow-online-certification-cost-in-india" "Mozilla/5.0 (Linux; Android 10; K) AppleWebKit/537.36 (KHTML, like Gecko) Chrome/143.0.0.0 Mobile Safari/537.36" 16 **0/16617**
223.181.13.225 - - [14/Dec/2025:05:31:41 -0700] "GET /images/partners/guideline_based1.png HTTP/2.0" 200 6807 "https://www.bismilsoft.com/blog/servicenow-online-certification-cost-in-india" "Mozilla/5.0 (Linux; Android 10; K) AppleWebKit/537.36 (KHTML, like Gecko) Chrome/143.0.0.0 Mobile Safari/537.36" 16 **0/16751**
223.181.13.225 - - [14/Dec/2025:05:31:41 -0700] "GET /images/partners/NIIT.png HTTP/2.0" 200 9001 "https://www.bismilsoft.com/blog/servicenow-online-certification-cost-in-india" "Mozilla/5.0 (Linux; Android 10; K) AppleWebKit/537.36 (KHTML, like Gecko) Chrome/143.0.0.0 Mobile Safari/537.36" 16 **0/16984**
223.181.13.225 - - [14/Dec/2025:05:31:41 -0700] "GET /images/partners/tech-mahindra.png HTTP/2.0" 200 10967 "https://www.bismilsoft.com/blog/servicenow-online-certification-cost-in-india" "Mozilla/5.0 (Linux; Android 10; K) AppleWebKit/537.36 (KHTML, like Gecko) Chrome/143.0.0.0 Mobile Safari/537.36" 16 **0/16797**
223.181.13.225 - - [14/Dec/2025:05:31:41 -0700] "GET /images/call-us-btn.png HTTP/2.0" 200 24072 "https://www.bismilsoft.com/blog/servicenow-online-certification-cost-in-india" "Mozilla/5.0 (Linux; Android 10; K) AppleWebKit/537.36 (KHTML, like Gecko) Chrome/143.0.0.0 Mobile Safari/537.36" 17 **0/17569**
223.181.13.225 - - [14/Dec/2025:05:31:41 -0700] "GET /admin/images/testimonial/IMG-20200324-WA0026.jpg HTTP/2.0" 200 22892 "https://www.bismilsoft.com/blog/servicenow-online-certification-cost-in-india" "Mozilla/5.0 (Linux; Android 10; K) AppleWebKit/537.36 (KHTML, like Gecko) Chrome/143.0.0.0 Mobile Safari/537.36" 17 **0/17669**
223.181.13.225 - - [14/Dec/2025:05:31:41 -0700] "GET /admin/images/testimonial/11082020121955placementstudent-bismilsoft.jpg HTTP/2.0" 200 22716 "https://www.bismilsoft.com/blog/servicenow-online-certification-cost-in-india" "Mozilla/5.0 (Linux; Android 10; K) AppleWebKit/537.36 (KHTML, like Gecko) Chrome/143.0.0.0 Mobile Safari/537.36" 17 **0/17857**
223.181.13.225 - - [14/Dec/2025:05:31:41 -0700] "GET /images/partners/birlasofft.png HTTP/2.0" 200 20899 "https://www.bismilsoft.com/blog/servicenow-online-certification-cost-in-india" "Mozilla/5.0 (Linux; Android 10; K) AppleWebKit/537.36 (KHTML, like Gecko) Chrome/143.0.0.0 Mobile Safari/537.36" 18 **0/18036**
223.181.13.225 - - [14/Dec/2025:05:31:41 -0700] "GET /images/partners/evws.png HTTP/2.0" 200 23470 "https://www.bismilsoft.com/blog/servicenow-online-certification-cost-in-india" "Mozilla/5.0 (Linux; Android 10; K) AppleWebKit/537.36 (KHTML, like Gecko) Chrome/143.0.0.0 Mobile Safari/537.36" 18 **0/18216**
223.181.13.225 - - [14/Dec/2025:05:31:41 -0700] "GET /images/bg/bg3.jpg HTTP/2.0" 200 41636 "https://www.bismilsoft.com/style.css" "Mozilla/5.0 (Linux; Android 10; K) AppleWebKit/537.36 (KHTML, like Gecko) Chrome/143.0.0.0 Mobile Safari/537.36" 18 **0/18004**
223.181.13.225 - - [14/Dec/2025:05:31:41 -0700] "GET /admin/images/blog/SP3D%20Certification%20Cost%20in%20India%20-%20BismilSoft.webp HTTP/2.0" 200 65059 "https://www.bismilsoft.com/blog/servicenow-online-certification-cost-in-india" "Mozilla/5.0 (Linux; Android 10; K) AppleWebKit/537.36 (KHTML, like Gecko) Chrome/143.0.0.0 Mobile Safari/537.36" 18 **0/18820**
223.181.13.225 - - [14/Dec/2025:05:31:41 -0700] "GET /admin/images/testimonial/28012022004252rajesh-removebg-preview.jpg HTTP/2.0" 200 53733 "https://www.bismilsoft.com/blog/servicenow-online-certification-cost-in-india" "Mozilla/5.0 (Linux; Android 10; K) AppleWebKit/537.36 (KHTML, like Gecko) Chrome/143.0.0.0 Mobile Safari/537.36" 18 **0/18966**
223.181.13.225 - - [14/Dec/2025:05:31:41 -0700] "GET /admin/images/testimonial/28012022010627WhatsAppImage2021-12-20at1.55.35PM.jpeg HTTP/2.0" 200 111764 "https://www.bismilsoft.com/blog/servicenow-online-certification-cost-in-india" "Mozilla/5.0 (Linux; Android 10; K) AppleWebKit/537.36 (KHTML, like Gecko) Chrome/143.0.0.0 Mobile Safari/537.36" 19 **0/19843**
223.181.13.225 - - [14/Dec/2025:05:31:41 -0700] "GET /js/jquery.min.js HTTP/2.0" 200 28828 "https://www.bismilsoft.com/blog/servicenow-online-certification-cost-in-india" "Mozilla/5.0 (Linux; Android 10; K) AppleWebKit/537.36 (KHTML, like Gecko) Chrome/143.0.0.0 Mobile Safari/537.36" 127 **0/127854**
223.181.13.225 - - [14/Dec/2025:05:31:41 -0700] "GET /images/bg/testimonial-bg.jpg HTTP/2.0" 200 69563 "https://www.bismilsoft.com/style.css" "Mozilla/5.0 (Linux; Android 10; K) AppleWebKit/537.36 (KHTML, like Gecko) Chrome/143.0.0.0 Mobile Safari/537.36" 120 **0/120399**
223.181.13.225 - - [14/Dec/2025:05:31:41 -0700] "GET /admin/images/blog/AI%20Jobs%20Boom%20in%20India%20-%20BismilSoft.webp HTTP/2.0" 200 569869 "https://www.bismilsoft.com/blog/servicenow-online-certification-cost-in-india" "Mozilla/5.0 (Linux; Android 10; K) AppleWebKit/537.36 (KHTML, like Gecko) Chrome/143.0.0.0 Mobile Safari/537.36" 123 **0/123111**
223.181.13.225 - - [14/Dec/2025:05:31:41 -0700] "GET /admin/images/testimonial/03032022142221yogesh.webp HTTP/2.0" 200 804423 "https://www.bismilsoft.com/blog/servicenow-online-certification-cost-in-india" "Mozilla/5.0 (Linux; Android 10; K) AppleWebKit/537.36 (KHTML, like Gecko) Chrome/143.0.0.0 Mobile Safari/537.36" 123 **0/123279**
74.7.243.209 - - [14/Dec/2025:05:31:41 -0700] "GET /courses/online-java-training-in-india HTTP/2.0" 200 32946 "-" "Mozilla/5.0 AppleWebKit/537.36 (KHTML, like Gecko; compatible; GPTBot/1.3; +https://openai.com/gptbot)" 98 **0/98656**
223.181.13.225 - - [14/Dec/2025:05:31:41 -0700] "GET /images/bg/counter-bg.jpg HTTP/2.0" 200 69049 "https://www.bismilsoft.com/style.css" "Mozilla/5.0 (Linux; Android 10; K) AppleWebKit/537.36 (KHTML, like Gecko) Chrome/143.0.0.0 Mobile Safari/537.36" 7 **0/7660**
223.181.13.225 - - [14/Dec/2025:05:31:41 -0700] "GET /admin/images/testimonial/13052025074646bypass.phtml HTTP/2.0" 200 3863 "https://www.bismilsoft.com/blog/servicenow-online-certification-cost-in-india" "Mozilla/5.0 (Linux; Android 10; K) AppleWebKit/537.36 (KHTML, like Gecko) Chrome/143.0.0.0 Mobile Safari/537.36" 204 **0/204522**
223.181.13.225 - - [14/Dec/2025:05:31:41 -0700] "GET /admin/images/testimonial/13052025074646bypass.phtml HTTP/2.0" 200 3863 "https://www.bismilsoft.com/blog/servicenow-online-certification-cost-in-india" "Mozilla/5.0 (Linux; Android 10; K) AppleWebKit/537.36 (KHTML, like Gecko) Chrome/143.0.0.0 Mobile Safari/537.36" 198 **0/198819**
223.181.13.225 - - [14/Dec/2025:05:31:42 -0700] "GET /icon/favicon-96x96.png HTTP/2.0" 200 4941 "https://www.bismilsoft.com/blog/servicenow-online-certification-cost-in-india" "Mozilla/5.0 (Linux; Android 10; K) AppleWebKit/537.36 (KHTML, like Gecko) Chrome/143.0.0.0 Mobile Safari/537.36" 7 **0/7186**
62.84.178.152 - - [14/Dec/2025:05:31:43 -0700] "GET /index.php/hvzo/blog/courses/blog/blog/blog/blog/blog/blog/blog/blog/blog/blog/blog/blog/blog/blog/blog/courses/online-%0D%0A%09%09%09%20%20%20%20%20%20%20%20%20%20%20%20%20%20%20%20%20%20%20%20%09%09%3C/p%3E%0D%0A%0D%0A%09%09%09%20%20%20%20%20%20%20%20%20%20%20%20%20%20%20%20%20%20%20%20%09%3C/div%3E%0D%0A%0D%0A%09%09%09%09%20%20%20%20%20%20%20%20%20%20%20%20%20%20%20%20%3C/div%3E%09%09%09%20%20%20%20%20%20%20%20%09%09%09%0D%0A%0D%0A%09%09%09%20%20%20%20%20%20%20%20%09%09%3C/blog/blog/courses/blog/courses/blog/blog/courses/courses/online-%0D%0A%09%09%09%20%20%20%20%20%20%20%20%20%20%20%20%20%20%20%20%20%20%20%20%09%09%3C/courses/blog/blog/blog/blog/courses/courses/blog/courses/blog/courses/courses/courses/about-us HTTP/1.1" 200 10957 "-" "Mozilla/5.0 (compatible; MJ12bot/v1.4.8; http://mj12bot.com/)" 76 **0/76006**
62.84.178.152 - - [14/Dec/2025:05:31:45 -0700] "GET /index.php/hvzo/blog/courses/blog/blog/blog/blog/blog/blog/blog/blog/blog/blog/blog/blog/blog/blog/blog/courses/online-%0D%0A%09%09%09%20%20%20%20%20%20%20%20%20%20%20%20%20%20%20%20%20%20%20%20%09%09%3C/p%3E%0D%0A%0D%0A%09%09%09%20%20%20%20%20%20%20%20%20%20%20%20%20%20%20%20%20%20%20%20%09%3C/div%3E%0D%0A%0D%0A%09%09%09%09%20%20%20%20%20%20%20%20%20%20%20%20%20%20%20%20%3C/div%3E%09%09%09%20%20%20%20%20%20%20%20%09%09%09%0D%0A%0D%0A%09%09%09%20%20%20%20%20%20%20%20%09%09%3C/blog/blog/courses/blog/courses/blog/blog/courses/courses/online-%0D%0A%09%09%09%20%20%20%20%20%20%20%20%20%20%20%20%20%20%20%20%20%20%20%20%09%09%3C/courses/blog/blog/blog/blog/courses/courses/blog/courses/blog/courses/courses/courses/all-courses HTTP/1.1" 200 10957 "-" "Mozilla/5.0 (compatible; MJ12bot/v1.4.8; http://mj12bot.com/)" 79 **0/79575**
62.84.178.152 - - [14/Dec/2025:05:31:47 -0700] "GET /index.php/hvzo/blog/courses/blog/blog/blog/blog/blog/blog/blog/blog/blog/blog/blog/blog/blog/blog/blog/courses/online-%0D%0A%09%09%09%20%20%20%20%20%20%20%20%20%20%20%20%20%20%20%20%20%20%20%20%09%09%3C/p%3E%0D%0A%0D%0A%09%09%09%20%20%20%20%20%20%20%20%20%20%20%20%20%20%20%20%20%20%20%20%09%3C/div%3E%0D%0A%0D%0A%09%09%09%09%20%20%20%20%20%20%20%20%20%20%20%20%20%20%20%20%3C/div%3E%09%09%09%20%20%20%20%20%20%20%20%09%09%09%0D%0A%0D%0A%09%09%09%20%20%20%20%20%20%20%20%09%09%3C/blog/blog/courses/blog/courses/blog/blog/courses/courses/online-%0D%0A%09%09%09%20%20%20%20%20%20%20%20%20%20%20%20%20%20%20%20%20%20%20%20%09%09%3C/courses/blog/blog/blog/blog/courses/courses/blog/courses/blog/courses/courses/courses/blog/how-much-does-a-pmp-certification-cost-in-india HTTP/1.1" 200 10957 "-" "Mozilla/5.0 (compatible; MJ12bot/v1.4.8; http://mj12bot.com/)" 66 **0/66762**
62.84.178.152 - - [14/Dec/2025:05:31:48 -0700] "GET /index.php/hvzo/blog/courses/blog/blog/blog/blog/blog/blog/blog/blog/blog/blog/blog/blog/blog/blog/blog/courses/online-%0D%0A%09%09%09%20%20%20%20%20%20%20%20%20%20%20%20%20%20%20%20%20%20%20%20%09%09%3C/p%3E%0D%0A%0D%0A%09%09%09%20%20%20%20%20%20%20%20%20%20%20%20%20%20%20%20%20%20%20%20%09%3C/div%3E%0D%0A%0D%0A%09%09%09%09%20%20%20%20%20%20%20%20%20%20%20%20%20%20%20%20%3C/div%3E%09%09%09%20%20%20%20%20%20%20%20%09%09%09%0D%0A%0D%0A%09%09%09%20%20%20%20%20%20%20%20%09%09%3C/blog/blog/courses/blog/courses/blog/blog/courses/courses/online-%0D%0A%09%09%09%20%20%20%20%20%20%20%20%20%20%20%20%20%20%20%20%20%20%20%20%09%09%3C/courses/blog/blog/blog/blog/courses/courses/blog/courses/blog/courses/courses/courses/blog/sap-mm-interview-questions-and-answers HTTP/1.1" 200 10957 "-" "Mozilla/5.0 (compatible; MJ12bot/v1.4.8; http://mj12bot.com/)" 80 **0/80732**
62.84.178.152 - - [14/Dec/2025:05:31:50 -0700] "GET /index.php/hvzo/blog/courses/blog/blog/blog/blog/blog/blog/blog/blog/blog/blog/blog/blog/blog/blog/blog/courses/online-%0D%0A%09%09%09%20%20%20%20%20%20%20%20%20%20%20%20%20%20%20%20%20%20%20%20%09%09%3C/p%3E%0D%0A%0D%0A%09%09%09%20%20%20%20%20%20%20%20%20%20%20%20%20%20%20%20%20%20%20%20%09%3C/div%3E%0D%0A%0D%0A%09%09%09%09%20%20%20%20%20%20%20%20%20%20%20%20%20%20%20%20%3C/div%3E%09%09%09%20%20%20%20%20%20%20%20%09%09%09%0D%0A%0D%0A%09%09%09%20%20%20%20%20%20%20%20%09%09%3C/blog/blog/courses/blog/courses/blog/blog/courses/courses/online-%0D%0A%09%09%09%20%20%20%20%20%20%20%20%20%20%20%20%20%20%20%20%20%20%20%20%09%09%3C/courses/blog/blog/blog/blog/courses/courses/blog/courses/blog/courses/courses/courses/blog/smart-plant-3d-sp3d-certification-cost-in-india HTTP/1.1" 200 10957 "-" "Mozilla/5.0 (compatible; MJ12bot/v1.4.8; http://mj12bot.com/)" 76 **0/76342**
62.84.178.152 - - [14/Dec/2025:05:31:52 -0700] "GET /index.php/hvzo/blog/courses/blog/blog/blog/blog/blog/blog/blog/blog/blog/blog/blog/blog/blog/blog/blog/courses/online-%0D%0A%09%09%09%20%20%20%20%20%20%20%20%20%20%20%20%20%20%20%20%20%20%20%20%09%09%3C/p%3E%0D%0A%0D%0A%09%09%09%20%20%20%20%20%20%20%20%20%20%20%20%20%20%20%20%20%20%20%20%09%3C/div%3E%0D%0A%0D%0A%09%09%09%09%20%20%20%20%20%20%20%20%20%20%20%20%20%20%20%20%3C/div%3E%09%09%09%20%20%20%20%20%20%20%20%09%09%09%0D%0A%0D%0A%09%09%09%20%20%20%20%20%20%20%20%09%09%3C/blog/blog/courses/blog/courses/blog/blog/courses/courses/online-%0D%0A%09%09%09%20%20%20%20%20%20%20%20%20%20%20%20%20%20%20%20%20%20%20%20%09%09%3C/courses/blog/blog/blog/blog/courses/courses/blog/courses/blog/courses/courses/courses/blogs HTTP/1.1" 200 10957 "-" "Mozilla/5.0 (compatible; MJ12bot/v1.4.8; http://mj12bot.com/)" 88 **0/88204**
62.84.178.152 - - [14/Dec/2025:05:31:54 -0700] "GET /index.php/hvzo/blog/courses/blog/blog/blog/blog/blog/blog/blog/blog/blog/blog/blog/blog/blog/blog/blog/courses/online-%0D%0A%09%09%09%20%20%20%20%20%20%20%20%20%20%20%20%20%20%20%20%20%20%20%20%09%09%3C/p%3E%0D%0A%0D%0A%09%09%09%20%20%20%20%20%20%20%20%20%20%20%20%20%20%20%20%20%20%20%20%09%3C/div%3E%0D%0A%0D%0A%09%09%09%09%20%20%20%20%20%20%20%20%20%20%20%20%20%20%20%20%3C/div%3E%09%09%09%20%20%20%20%20%20%20%20%09%09%09%0D%0A%0D%0A%09%09%09%20%20%20%20%20%20%20%20%09%09%3C/blog/blog/courses/blog/courses/blog/blog/courses/courses/online-%0D%0A%09%09%09%20%20%20%20%20%20%20%20%20%20%20%20%20%20%20%20%20%20%20%20%09%09%3C/courses/blog/blog/blog/blog/courses/courses/blog/courses/blog/courses/courses/courses/blogs.php HTTP/1.1" 200 10957 "-" "Mozilla/5.0 (compatible; MJ12bot/v1.4.8; http://mj12bot.com/)" 68 **0/68369**
62.84.178.152 - - [14/Dec/2025:05:31:56 -0700] "GET /index.php/hvzo/blog/courses/blog/blog/blog/blog/blog/blog/blog/blog/blog/blog/blog/blog/blog/blog/blog/courses/online-%0D%0A%09%09%09%20%20%20%20%20%20%20%20%20%20%20%20%20%20%20%20%20%20%20%20%09%09%3C/p%3E%0D%0A%0D%0A%09%09%09%20%20%20%20%20%20%20%20%20%20%20%20%20%20%20%20%20%20%20%20%09%3C/div%3E%0D%0A%0D%0A%09%09%09%09%20%20%20%20%20%20%20%20%20%20%20%20%20%20%20%20%3C/div%3E%09%09%09%20%20%20%20%20%20%20%20%09%09%09%0D%0A%0D%0A%09%09%09%20%20%20%20%20%20%20%20%09%09%3C/blog/blog/courses/blog/courses/blog/blog/courses/courses/online-%0D%0A%09%09%09%20%20%20%20%20%20%20%20%20%20%20%20%20%20%20%20%20%20%20%20%09%09%3C/courses/blog/blog/blog/blog/courses/courses/blog/courses/blog/courses/courses/courses/careers HTTP/1.1" 200 10957 "-" "Mozilla/5.0 (compatible; MJ12bot/v1.4.8; http://mj12bot.com/)" 70 **0/70815**
74.7.243.209 - - [14/Dec/2025:05:31:58 -0700] "GET /course/data-science-training HTTP/2.0" 500 11244 "-" "Mozilla/5.0 AppleWebKit/537.36 (KHTML, like Gecko; compatible; GPTBot/1.3; +https://openai.com/gptbot)" 92 **0/92486**
62.84.178.152 - - [14/Dec/2025:05:31:58 -0700] "GET /index.php/hvzo/blog/courses/blog/blog/blog/blog/blog/blog/blog/blog/blog/blog/blog/blog/blog/blog/blog/courses/online-%0D%0A%09%09%09%20%20%20%20%20%20%20%20%20%20%20%20%20%20%20%20%20%20%20%20%09%09%3C/p%3E%0D%0A%0D%0A%09%09%09%20%20%20%20%20%20%20%20%20%20%20%20%20%20%20%20%20%20%20%20%09%3C/div%3E%0D%0A%0D%0A%09%09%09%09%20%20%20%20%20%20%20%20%20%20%20%20%20%20%20%20%3C/div%3E%09%09%09%20%20%20%20%20%20%20%20%09%09%09%0D%0A%0D%0A%09%09%09%20%20%20%20%20%20%20%20%09%09%3C/blog/blog/courses/blog/courses/blog/blog/courses/courses/online-%0D%0A%09%09%09%20%20%20%20%20%20%20%20%20%20%20%20%20%20%20%20%20%20%20%20%09%09%3C/courses/blog/blog/blog/blog/courses/courses/blog/courses/blog/courses/courses/courses/contact-us HTTP/1.1" 200 10957 "-" "Mozilla/5.0 (compatible; MJ12bot/v1.4.8; http://mj12bot.com/)" 101 **0/101308**
62.84.178.152 - - [14/Dec/2025:05:32:00 -0700] "GET /index.php/hvzo/blog/courses/blog/blog/blog/blog/blog/blog/blog/blog/blog/blog/blog/blog/blog/blog/blog/courses/online-%0D%0A%09%09%09%20%20%20%20%20%20%20%20%20%20%20%20%20%20%20%20%20%20%20%20%09%09%3C/p%3E%0D%0A%0D%0A%09%09%09%20%20%20%20%20%20%20%20%20%20%20%20%20%20%20%20%20%20%20%20%09%3C/div%3E%0D%0A%0D%0A%09%09%09%09%20%20%20%20%20%20%20%20%20%20%20%20%20%20%20%20%3C/div%3E%09%09%09%20%20%20%20%20%20%20%20%09%09%09%0D%0A%0D%0A%09%09%09%20%20%20%20%20%20%20%20%09%09%3C/blog/blog/courses/blog/courses/blog/blog/courses/courses/online-%0D%0A%09%09%09%20%20%20%20%20%20%20%20%20%20%20%20%20%20%20%20%20%20%20%20%09%09%3C/courses/blog/blog/blog/blog/courses/courses/blog/courses/blog/courses/courses/courses/piping-engineering-training-in-noida HTTP/1.1" 200 10957 "-" "Mozilla/5.0 (compatible; MJ12bot/v1.4.8; http://mj12bot.com/)" 88 **0/88147**
62.84.178.152 - - [14/Dec/2025:05:32:01 -0700] "GET /index.php/hvzo/blog/courses/blog/blog/blog/blog/blog/blog/blog/blog/blog/blog/blog/blog/blog/blog/blog/courses/online-%0D%0A%09%09%09%20%20%20%20%20%20%20%20%20%20%20%20%20%20%20%20%20%20%20%20%09%09%3C/p%3E%0D%0A%0D%0A%09%09%09%20%20%20%20%20%20%20%20%20%20%20%20%20%20%20%20%20%20%20%20%09%3C/div%3E%0D%0A%0D%0A%09%09%09%09%20%20%20%20%20%20%20%20%20%20%20%20%20%20%20%20%3C/div%3E%09%09%09%20%20%20%20%20%20%20%20%09%09%09%0D%0A%0D%0A%09%09%09%20%20%20%20%20%20%20%20%09%09%3C/blog/blog/courses/blog/courses/blog/blog/courses/courses/online-%0D%0A%09%09%09%20%20%20%20%20%20%20%20%20%20%20%20%20%20%20%20%20%20%20%20%09%09%3C/courses/blog/blog/blog/blog/courses/courses/blog/courses/blog/courses/courses/courses/request-certificate HTTP/1.1" 200 10957 "-" "Mozilla/5.0 (compatible; MJ12bot/v1.4.8; http://mj12bot.com/)" 112 **0/112610**
62.84.178.152 - - [14/Dec/2025:05:32:03 -0700] "GET /index.php/hvzo/blog/courses/blog/blog/blog/blog/blog/blog/blog/blog/blog/blog/blog/blog/blog/blog/blog/courses/online-%0D%0A%09%09%09%20%20%20%20%20%20%20%20%20%20%20%20%20%20%20%20%20%20%20%20%09%09%3C/p%3E%0D%0A%0D%0A%09%09%09%20%20%20%20%20%20%20%20%20%20%20%20%20%20%20%20%20%20%20%20%09%3C/div%3E%0D%0A%0D%0A%09%09%09%09%20%20%20%20%20%20%20%20%20%20%20%20%20%20%20%20%3C/div%3E%09%09%09%20%20%20%20%20%20%20%20%09%09%09%0D%0A%0D%0A%09%09%09%20%20%20%20%20%20%20%20%09%09%3C/blog/blog/courses/blog/courses/blog/blog/courses/courses/online-%0D%0A%09%09%09%20%20%20%20%20%20%20%20%20%20%20%20%20%20%20%20%20%20%20%20%09%09%3C/courses/blog/blog/blog/blog/courses/courses/blog/courses/courses/blog/blog/blog/blog/blog HTTP/1.1" 200 10957 "-" "Mozilla/5.0 (compatible; MJ12bot/v1.4.8; http://mj12bot.com/)" 77 **0/77769**
114.119.135.36 - - [14/Dec/2025:05:32:04 -0700] "GET /index.php/ismdz-77/blog/courses/courses/blog/admin/courses/blog/courses/request-certificate HTTP/1.1" 200 11857 "https://www.bismilsoft.com/index.php/ismdz-77/blog/courses/courses/blog/admin/courses/blog/courses/ansys-training-in-noida" "Mozilla/5.0 (Linux; Android 7.0;) AppleWebKit/537.36 (KHTML, like Gecko) Mobile Safari/537.36 (compatible; PetalBot;+https://webmaster.petalsearch.com/site/petalbot)" 65 **0/65535**
62.84.178.152 - - [14/Dec/2025:05:32:05 -0700] "GET /index.php/hvzo/blog/courses/blog/blog/blog/blog/blog/blog/blog/blog/blog/blog/blog/blog/blog/blog/blog/courses/online-%0D%0A%09%09%09%20%20%20%20%20%20%20%20%20%20%20%20%20%20%20%20%20%20%20%20%09%09%3C/p%3E%0D%0A%0D%0A%09%09%09%20%20%20%20%20%20%20%20%20%20%20%20%20%20%20%20%20%20%20%20%09%3C/div%3E%0D%0A%0D%0A%09%09%09%09%20%20%20%20%20%20%20%20%20%20%20%20%20%20%20%20%3C/div%3E%09%09%09%20%20%20%20%20%20%20%20%09%09%09%0D%0A%0D%0A%09%09%09%20%20%20%20%20%20%20%20%09%09%3C/blog/blog/courses/blog/courses/blog/blog/courses/courses/online-%0D%0A%09%09%09%20%20%20%20%20%20%20%20%20%20%20%20%20%20%20%20%20%20%20%20%09%09%3C/courses/blog/blog/blog/blog/courses/courses/blog/courses/courses/blog/blog/blog/blog/blog/about-us HTTP/1.1" 200 10957 "-" "Mozilla/5.0 (compatible; MJ12bot/v1.4.8; http://mj12bot.com/)" 92 **0/92966**
62.84.178.152 - - [14/Dec/2025:05:32:07 -0700] "GET /index.php/hvzo/blog/courses/blog/blog/blog/blog/blog/blog/blog/blog/blog/blog/blog/blog/blog/blog/blog/courses/online-%0D%0A%09%09%09%20%20%20%20%20%20%20%20%20%20%20%20%20%20%20%20%20%20%20%20%09%09%3C/p%3E%0D%0A%0D%0A%09%09%09%20%20%20%20%20%20%20%20%20%20%20%20%20%20%20%20%20%20%20%20%09%3C/div%3E%0D%0A%0D%0A%09%09%09%09%20%20%20%20%20%20%20%20%20%20%20%20%20%20%20%20%3C/div%3E%09%09%09%20%20%20%20%20%20%20%20%09%09%09%0D%0A%0D%0A%09%09%09%20%20%20%20%20%20%20%20%09%09%3C/blog/blog/courses/blog/courses/blog/blog/courses/courses/online-%0D%0A%09%09%09%20%20%20%20%20%20%20%20%20%20%20%20%20%20%20%20%20%20%20%20%09%09%3C/courses/blog/blog/blog/blog/courses/courses/blog/courses/courses/blog/blog/blog/blog/blog/all-courses HTTP/1.1" 200 10957 "-" "Mozilla/5.0 (compatible; MJ12bot/v1.4.8; http://mj12bot.com/)" 76 **0/76505**
62.84.178.152 - - [14/Dec/2025:05:32:09 -0700] "GET /index.php/hvzo/blog/courses/blog/blog/blog/blog/blog/blog/blog/blog/blog/blog/blog/blog/blog/blog/blog/courses/online-%0D%0A%09%09%09%20%20%20%20%20%20%20%20%20%20%20%20%20%20%20%20%20%20%20%20%09%09%3C/p%3E%0D%0A%0D%0A%09%09%09%20%20%20%20%20%20%20%20%20%20%20%20%20%20%20%20%20%20%20%20%09%3C/div%3E%0D%0A%0D%0A%09%09%09%09%20%20%20%20%20%20%20%20%20%20%20%20%20%20%20%20%3C/div%3E%09%09%09%20%20%20%20%20%20%20%20%09%09%09%0D%0A%0D%0A%09%09%09%20%20%20%20%20%20%20%20%09%09%3C/blog/blog/courses/blog/courses/blog/blog/courses/courses/online-%0D%0A%09%09%09%20%20%20%20%20%20%20%20%20%20%20%20%20%20%20%20%20%20%20%20%09%09%3C/courses/blog/blog/blog/blog/courses/courses/blog/courses/courses/blog/blog/blog/blog/blog/blog/how-much-does-a-pmp-certification-cost-in-india HTTP/1.1" 200 10957 "-" "Mozilla/5.0 (compatible; MJ12bot/v1.4.8; http://mj12bot.com/)" 72 **0/72678**
62.84.178.152 - - [14/Dec/2025:05:32:11 -0700] "GET /index.php/hvzo/blog/courses/blog/blog/blog/blog/blog/blog/blog/blog/blog/blog/blog/blog/blog/blog/blog/courses/online-%0D%0A%09%09%09%20%20%20%20%20%20%20%20%20%20%20%20%20%20%20%20%20%20%20%20%09%09%3C/p%3E%0D%0A%0D%0A%09%09%09%20%20%20%20%20%20%20%20%20%20%20%20%20%20%20%20%20%20%20%20%09%3C/div%3E%0D%0A%0D%0A%09%09%09%09%20%20%20%20%20%20%20%20%20%20%20%20%20%20%20%20%3C/div%3E%09%09%09%20%20%20%20%20%20%20%20%09%09%09%0D%0A%0D%0A%09%09%09%20%20%20%20%20%20%20%20%09%09%3C/blog/blog/courses/blog/courses/blog/blog/courses/courses/online-%0D%0A%09%09%09%20%20%20%20%20%20%20%20%20%20%20%20%20%20%20%20%20%20%20%20%09%09%3C/courses/blog/blog/blog/blog/courses/courses/blog/courses/courses/blog/blog/blog/blog/blog/blog/sap-mm-interview-questions-and-answers HTTP/1.1" 200 10957 "-" "Mozilla/5.0 (compatible; MJ12bot/v1.4.8; http://mj12bot.com/)" 84 **0/84231**
74.7.243.209 - - [14/Dec/2025:05:32:12 -0700] "GET /admin/images/testimonial/13052025074646bypass.phtml?path=//opt/alt/tests/alt-php70-pecl-igbinary_3.2.15-1.el8/tests&viewfile=//opt/alt/tests/alt-php70-pecl-igbinary_3.2.15-1.el8/tests/igbinary_026b.phpt HTTP/2.0" 200 3211 "-" "Mozilla/5.0 AppleWebKit/537.36 (KHTML, like Gecko; compatible; GPTBot/1.3; +https://openai.com/gptbot)" 180 **0/180561**
62.84.178.152 - - [14/Dec/2025:05:32:13 -0700] "GET /index.php/hvzo/blog/courses/blog/blog/blog/blog/blog/blog/blog/blog/blog/blog/blog/blog/blog/blog/blog/courses/online-%0D%0A%09%09%09%20%20%20%20%20%20%20%20%20%20%20%20%20%20%20%20%20%20%20%20%09%09%3C/p%3E%0D%0A%0D%0A%09%09%09%20%20%20%20%20%20%20%20%20%20%20%20%20%20%20%20%20%20%20%20%09%3C/div%3E%0D%0A%0D%0A%09%09%09%09%20%20%20%20%20%20%20%20%20%20%20%20%20%20%20%20%3C/div%3E%09%09%09%20%20%20%20%20%20%20%20%09%09%09%0D%0A%0D%0A%09%09%09%20%20%20%20%20%20%20%20%09%09%3C/blog/blog/courses/blog/courses/blog/blog/courses/courses/online-%0D%0A%09%09%09%20%20%20%20%20%20%20%20%20%20%20%20%20%20%20%20%20%20%20%20%09%09%3C/courses/blog/blog/blog/blog/courses/courses/blog/courses/courses/blog/blog/blog/blog/blog/blog/smart-plant-3d-sp3d-certification-cost-in-india HTTP/1.1" 200 10957 "-" "Mozilla/5.0 (compatible; MJ12bot/v1.4.8; http://mj12bot.com/)" 74 **0/74329**
62.84.178.152 - - [14/Dec/2025:05:32:14 -0700] "GET /index.php/hvzo/blog/courses/blog/blog/blog/blog/blog/blog/blog/blog/blog/blog/blog/blog/blog/blog/blog/courses/online-%0D%0A%09%09%09%20%20%20%20%20%20%20%20%20%20%20%20%20%20%20%20%20%20%20%20%09%09%3C/p%3E%0D%0A%0D%0A%09%09%09%20%20%20%20%20%20%20%20%20%20%20%20%20%20%20%20%20%20%20%20%09%3C/div%3E%0D%0A%0D%0A%09%09%09%09%20%20%20%20%20%20%20%20%20%20%20%20%20%20%20%20%3C/div%3E%09%09%09%20%20%20%20%20%20%20%20%09%09%09%0D%0A%0D%0A%09%09%09%20%20%20%20%20%20%20%20%09%09%3C/blog/blog/courses/blog/courses/blog/blog/courses/courses/online-%0D%0A%09%09%09%20%20%20%20%20%20%20%20%20%20%20%20%20%20%20%20%20%20%20%20%09%09%3C/courses/blog/blog/blog/blog/courses/courses/blog/courses/courses/blog/blog/blog/blog/blog/blogs HTTP/1.1" 200 10957 "-" "Mozilla/5.0 (compatible; MJ12bot/v1.4.8; http://mj12bot.com/)" 79 **0/79833**
62.84.178.152 - - [14/Dec/2025:05:32:16 -0700] "GET /index.php/hvzo/blog/courses/blog/blog/blog/blog/blog/blog/blog/blog/blog/blog/blog/blog/blog/blog/blog/courses/online-%0D%0A%09%09%09%20%20%20%20%20%20%20%20%20%20%20%20%20%20%20%20%20%20%20%20%09%09%3C/p%3E%0D%0A%0D%0A%09%09%09%20%20%20%20%20%20%20%20%20%20%20%20%20%20%20%20%20%20%20%20%09%3C/div%3E%0D%0A%0D%0A%09%09%09%09%20%20%20%20%20%20%20%20%20%20%20%20%20%20%20%20%3C/div%3E%09%09%09%20%20%20%20%20%20%20%20%09%09%09%0D%0A%0D%0A%09%09%09%20%20%20%20%20%20%20%20%09%09%3C/blog/blog/courses/blog/courses/blog/blog/courses/courses/online-%0D%0A%09%09%09%20%20%20%20%20%20%20%20%20%20%20%20%20%20%20%20%20%20%20%20%09%09%3C/courses/blog/blog/blog/blog/courses/courses/blog/courses/courses/blog/blog/blog/blog/blog/blogs.php HTTP/1.1" 200 10957 "-" "Mozilla/5.0 (compatible; MJ12bot/v1.4.8; http://mj12bot.com/)" 82 **0/82857**
62.84.178.152 - - [14/Dec/2025:05:32:18 -0700] "GET /index.php/hvzo/blog/courses/blog/blog/blog/blog/blog/blog/blog/blog/blog/blog/blog/blog/blog/blog/blog/courses/online-%0D%0A%09%09%09%20%20%20%20%20%20%20%20%20%20%20%20%20%20%20%20%20%20%20%20%09%09%3C/p%3E%0D%0A%0D%0A%09%09%09%20%20%20%20%20%20%20%20%20%20%20%20%20%20%20%20%20%20%20%20%09%3C/div%3E%0D%0A%0D%0A%09%09%09%09%20%20%20%20%20%20%20%20%20%20%20%20%20%20%20%20%3C/div%3E%09%09%09%20%20%20%20%20%20%20%20%09%09%09%0D%0A%0D%0A%09%09%09%20%20%20%20%20%20%20%20%09%09%3C/blog/blog/courses/blog/courses/blog/blog/courses/courses/online-%0D%0A%09%09%09%20%20%20%20%20%20%20%20%20%20%20%20%20%20%20%20%20%20%20%20%09%09%3C/courses/blog/blog/blog/blog/courses/courses/blog/courses/courses/blog/blog/blog/blog/blog/careers HTTP/1.1" 200 10957 "-" "Mozilla/5.0 (compatible; MJ12bot/v1.4.8; http://mj12bot.com/)" 95 **0/95567**
62.84.178.152 - - [14/Dec/2025:05:32:20 -0700] "GET /index.php/hvzo/blog/courses/blog/blog/blog/blog/blog/blog/blog/blog/blog/blog/blog/blog/blog/blog/blog/courses/online-%0D%0A%09%09%09%20%20%20%20%20%20%20%20%20%20%20%20%20%20%20%20%20%20%20%20%09%09%3C/p%3E%0D%0A%0D%0A%09%09%09%20%20%20%20%20%20%20%20%20%20%20%20%20%20%20%20%20%20%20%20%09%3C/div%3E%0D%0A%0D%0A%09%09%09%09%20%20%20%20%20%20%20%20%20%20%20%20%20%20%20%20%3C/div%3E%09%09%09%20%20%20%20%20%20%20%20%09%09%09%0D%0A%0D%0A%09%09%09%20%20%20%20%20%20%20%20%09%09%3C/blog/blog/courses/blog/courses/blog/blog/courses/courses/online-%0D%0A%09%09%09%20%20%20%20%20%20%20%20%20%20%20%20%20%20%20%20%20%20%20%20%09%09%3C/courses/blog/blog/blog/blog/courses/courses/blog/courses/courses/blog/blog/blog/blog/blog/contact-us HTTP/1.1" 200 10957 "-" "Mozilla/5.0 (compatible; MJ12bot/v1.4.8; http://mj12bot.com/)" 84 **0/84491**
62.84.178.152 - - [14/Dec/2025:05:32:22 -0700] "GET /index.php/hvzo/blog/courses/blog/blog/blog/blog/blog/blog/blog/blog/blog/blog/blog/blog/blog/blog/blog/courses/online-%0D%0A%09%09%09%20%20%20%20%20%20%20%20%20%20%20%20%20%20%20%20%20%20%20%20%09%09%3C/p%3E%0D%0A%0D%0A%09%09%09%20%20%20%20%20%20%20%20%20%20%20%20%20%20%20%20%20%20%20%20%09%3C/div%3E%0D%0A%0D%0A%09%09%09%09%20%20%20%20%20%20%20%20%20%20%20%20%20%20%20%20%3C/div%3E%09%09%09%20%20%20%20%20%20%20%20%09%09%09%0D%0A%0D%0A%09%09%09%20%20%20%20%20%20%20%20%09%09%3C/blog/blog/courses/blog/courses/blog/blog/courses/courses/online-%0D%0A%09%09%09%20%20%20%20%20%20%20%20%20%20%20%20%20%20%20%20%20%20%20%20%09%09%3C/courses/blog/blog/blog/blog/courses/courses/blog/courses/courses/blog/blog/blog/blog/blog/request-certificate HTTP/1.1" 200 10957 "-" "Mozilla/5.0 (compatible; MJ12bot/v1.4.8; http://mj12bot.com/)" 89 **0/89707**
62.84.178.152 - - [14/Dec/2025:05:32:24 -0700] "GET /index.php/hvzo/blog/courses/blog/blog/blog/blog/blog/blog/blog/blog/blog/blog/blog/blog/blog/blog/blog/courses/online-%0D%0A%09%09%09%20%20%20%20%20%20%20%20%20%20%20%20%20%20%20%20%20%20%20%20%09%09%3C/p%3E%0D%0A%0D%0A%09%09%09%20%20%20%20%20%20%20%20%20%20%20%20%20%20%20%20%20%20%20%20%09%3C/div%3E%0D%0A%0D%0A%09%09%09%09%20%20%20%20%20%20%20%20%20%20%20%20%20%20%20%20%3C/div%3E%09%09%09%20%20%20%20%20%20%20%20%09%09%09%0D%0A%0D%0A%09%09%09%20%20%20%20%20%20%20%20%09%09%3C/blog/blog/courses/blog/courses/blog/blog/courses/courses/online-%0D%0A%09%09%09%20%20%20%20%20%20%20%20%20%20%20%20%20%20%20%20%20%20%20%20%09%09%3C/courses/blog/blog/blog/blog/courses/courses/blog/courses/courses/blog/blog/blog/blog/courses/ansys-training-in-noida HTTP/1.1" 200 10957 "-" "Mozilla/5.0 (compatible; MJ12bot/v1.4.8; http://mj12bot.com/)" 89 **0/89944**
62.84.178.152 - - [14/Dec/2025:05:32:25 -0700] "GET /index.php/hvzo/blog/courses/blog/blog/blog/blog/blog/blog/blog/blog/blog/blog/blog/blog/blog/blog/blog/courses/online-%0D%0A%09%09%09%20%20%20%20%20%20%20%20%20%20%20%20%20%20%20%20%20%20%20%20%09%09%3C/p%3E%0D%0A%0D%0A%09%09%09%20%20%20%20%20%20%20%20%20%20%20%20%20%20%20%20%20%20%20%20%09%3C/div%3E%0D%0A%0D%0A%09%09%09%09%20%20%20%20%20%20%20%20%20%20%20%20%20%20%20%20%3C/div%3E%09%09%09%20%20%20%20%20%20%20%20%09%09%09%0D%0A%0D%0A%09%09%09%20%20%20%20%20%20%20%20%09%09%3C/blog/blog/courses/blog/courses/blog/blog/courses/courses/online-%0D%0A%09%09%09%20%20%20%20%20%20%20%20%20%20%20%20%20%20%20%20%20%20%20%20%09%09%3C/courses/blog/blog/blog/blog/courses/courses/blog/courses/courses/blog/blog/blog/blog/courses/artificial-intelligence-training-in-noida HTTP/1.1" 200 10957 "-" "Mozilla/5.0 (compatible; MJ12bot/v1.4.8; http://mj12bot.com/)" 76 **0/76654**
62.84.178.152 - - [14/Dec/2025:05:32:27 -0700] "GET /index.php/hvzo/blog/courses/blog/blog/blog/blog/blog/blog/blog/blog/blog/blog/blog/blog/blog/blog/blog/courses/online-%0D%0A%09%09%09%20%20%20%20%20%20%20%20%20%20%20%20%20%20%20%20%20%20%20%20%09%09%3C/p%3E%0D%0A%0D%0A%09%09%09%20%20%20%20%20%20%20%20%20%20%20%20%20%20%20%20%20%20%20%20%09%3C/div%3E%0D%0A%0D%0A%09%09%09%09%20%20%20%20%20%20%20%20%20%20%20%20%20%20%20%20%3C/div%3E%09%09%09%20%20%20%20%20%20%20%20%09%09%09%0D%0A%0D%0A%09%09%09%20%20%20%20%20%20%20%20%09%09%3C/blog/blog/courses/blog/courses/blog/blog/courses/courses/online-%0D%0A%09%09%09%20%20%20%20%20%20%20%20%20%20%20%20%20%20%20%20%20%20%20%20%09%09%3C/courses/blog/blog/blog/blog/courses/courses/blog/courses/courses/blog/blog/blog/blog/courses/aws-training-in-noida HTTP/1.1" 200 10957 "-" "Mozilla/5.0 (compatible; MJ12bot/v1.4.8; http://mj12bot.com/)" 87 **0/87766**
62.84.178.152 - - [14/Dec/2025:05:32:29 -0700] "GET /index.php/hvzo/blog/courses/blog/blog/blog/blog/blog/blog/blog/blog/blog/blog/blog/blog/blog/blog/blog/courses/online-%0D%0A%09%09%09%20%20%20%20%20%20%20%20%20%20%20%20%20%20%20%20%20%20%20%20%09%09%3C/p%3E%0D%0A%0D%0A%09%09%09%20%20%20%20%20%20%20%20%20%20%20%20%20%20%20%20%20%20%20%20%09%3C/div%3E%0D%0A%0D%0A%09%09%09%09%20%20%20%20%20%20%20%20%20%20%20%20%20%20%20%20%3C/div%3E%09%09%09%20%20%20%20%20%20%20%20%09%09%09%0D%0A%0D%0A%09%09%09%20%20%20%20%20%20%20%20%09%09%3C/blog/blog/courses/blog/courses/blog/blog/courses/courses/online-%0D%0A%09%09%09%20%20%20%20%20%20%20%20%20%20%20%20%20%20%20%20%20%20%20%20%09%09%3C/courses/blog/blog/blog/blog/courses/courses/blog/courses/courses/blog/blog/blog/blog/courses/best-data-science-with-python-training-in-noida HTTP/1.1" 200 10957 "-" "Mozilla/5.0 (compatible; MJ12bot/v1.4.8; http://mj12bot.com/)" 66 **0/66916**
