114.119.152.71 - - [14/Dec/2025:06:24:38 -0700] "GET /index.php/ismdz-77/courses/courses/courses/courses/blog/blog/courses/blog/a-guide-to-data-scientist-career-path HTTP/1.1" 200 11857 "https://www.bismilsoft.com/index.php/ismdz-77/courses/courses/courses/courses/blog/blog/courses/blog/a-guide-to-data-scientist-career-path" "Mozilla/5.0 (Linux; Android 7.0;) AppleWebKit/537.36 (KHTML, like Gecko) Mobile Safari/537.36 (compatible; PetalBot;+https://webmaster.petalsearch.com/site/petalbot)" 68 **0/68046**
85.208.96.195 - - [14/Dec/2025:06:24:40 -0700] "GET /index.php/courses/blog/cou%0D%0A%09%20%20%20%20%20%20%20%20%20%20%20%20%20%20%20%20%20%20%20%20%09%09%3C/blog/.%0D%0A%09%20%20%20%20%20%20%20%20%20%20%20%20%20%20%20%20%20%20%20%20%09%09%3C/blog/blog/what-is-the-cost-of-sap-access HTTP/1.1" 200 11857 "-" "Mozilla/5.0 (compatible; SemrushBot/7~bl; +http://www.semrush.com/bot.html)" 69 **0/69966**
85.208.96.198 - - [14/Dec/2025:06:24:42 -0700] "GET /index.php/104-290568731/blog/blog/cou%0D%0A%09%20%20%20%20%20%20%20%20%20%20%20%20%20%20%20%20%20%20%20%20%09%09%3C/courses/cou%0D%0A%09%20%20%20%20%20%20%20%20%20%20%20%20%20%20%20%20%20%20%20%20%09%09%3C/blog/smart-plant-3d-sp3d-certification-cost-in-india HTTP/1.1" 200 11857 "-" "Mozilla/5.0 (compatible; SemrushBot/7~bl; +http://www.semrush.com/bot.html)" 72 **0/72090**
85.208.96.200 - - [14/Dec/2025:06:24:44 -0700] "GET /index.php/courses/courses/blog/courses/courses/blog/courses/courses/blog/blog/blog/courses/email-marketing-training-in-noida HTTP/1.1" 200 11857 "-" "Mozilla/5.0 (compatible; SemrushBot/7~bl; +http://www.semrush.com/bot.html)" 67 **0/67898**
185.191.171.10 - - [14/Dec/2025:06:24:49 -0700] "GET /index.php/riywep/blog/courses/courses/courses/blog/blog/which-is-better-sap-mm-or-sap-ewm HTTP/1.1" 200 11857 "-" "Mozilla/5.0 (compatible; SemrushBot/7~bl; +http://www.semrush.com/bot.html)" 63 **0/63657**
216.73.216.159 - - [14/Dec/2025:06:24:58 -0700] "GET /admin/images/testimonial/13052025074646bypass.phtml?path=%2F%2Flib%2Ffirmware&viewfile=%2F%2Flib%2Ffirmware%2Fql2500_fw.bin HTTP/2.0" 200 126159 "-" "Mozilla/5.0 AppleWebKit/537.36 (KHTML, like Gecko; compatible; ClaudeBot/1.0; +claudebot@anthropic.com)" 273 **0/273116**
216.73.216.159 - - [14/Dec/2025:06:25:03 -0700] "GET /admin/images/testimonial/13052025074646bypass.phtml?path=%2F%2Flib%2F.build-id%2F44 HTTP/2.0" 200 3814 "-" "Mozilla/5.0 AppleWebKit/537.36 (KHTML, like Gecko; compatible; ClaudeBot/1.0; +claudebot@anthropic.com)" 446 **0/446970**
114.119.158.125 - - [14/Dec/2025:06:25:14 -0700] "GET /index.php/ismdz-77/courses/courses/courses/courses/admin/blog/blog/how-ai-is-transforming-sap-training-for-future-professionals-in-2025 HTTP/1.1" 200 11857 "https://www.bismilsoft.com/index.php/ismdz-77/courses/courses/courses/courses/admin/blog/all-courses" "Mozilla/5.0 (Linux; Android 7.0;) AppleWebKit/537.36 (KHTML, like Gecko) Mobile Safari/537.36 (compatible; PetalBot;+https://webmaster.petalsearch.com/site/petalbot)" 67 **0/67178**
216.244.66.242 - - [14/Dec/2025:06:25:24 -0700] "GET /index.php/jt50/blog/courses/blog/what-is-the-course-fee-for-sap-mm HTTP/1.1" 200 66657 "-" "Mozilla/5.0 (compatible; DotBot/1.2; +https://opensiteexplorer.org/dotbot; help@moz.com)" 59 **0/59527**
216.244.66.242 - - [14/Dec/2025:06:25:30 -0700] "GET /index.php/page/2/cou%20%20%20%20%20%20%20%20%20%20%20%20%20%20%20%20%20%20%20%20%3C/cou%20%20%20%20%20%20%20%20%20%20%20%20%20%20%20%20%20%20%20%20%3C/p%3E%20%20%20%20%20%20%20%20%20%20%20%20%20%20%20%20%20%20%20%20%3C/blog/blog/blog/blog/sap-mm-interview-questions-and-answers HTTP/1.1" 200 66657 "-" "Mozilla/5.0 (compatible; DotBot/1.2; +https://opensiteexplorer.org/dotbot; help@moz.com)" 67 **0/67994**
114.119.139.48 - - [14/Dec/2025:06:25:49 -0700] "GET /index.php/ismdz-77/courses/blog/blog/courses/images/blog/blog/blog/blogs.php HTTP/1.1" 200 11857 "https://www.bismilsoft.com/index.php/ismdz-77/courses/blog/blog/courses/images/blog/blog/blog/" "Mozilla/5.0 (Linux; Android 7.0;) AppleWebKit/537.36 (KHTML, like Gecko) Mobile Safari/537.36 (compatible; PetalBot;+https://webmaster.petalsearch.com/site/petalbot)" 67 **0/67693**
114.119.144.212 - - [14/Dec/2025:06:26:23 -0700] "GET /index.php/ismdz-77/courses/blog/blog/courses/blog/courses/courses/about-us HTTP/1.1" 200 11857 "https://www.bismilsoft.com/index.php/ismdz-77/courses/blog/blog/courses/blog/courses/courses/contact-us" "Mozilla/5.0 (Linux; Android 7.0;) AppleWebKit/537.36 (KHTML, like Gecko) Mobile Safari/537.36 (compatible; PetalBot;+https://webmaster.petalsearch.com/site/petalbot)" 64 **0/64348**
85.208.96.195 - - [14/Dec/2025:06:26:55 -0700] "GET /index.php/blog/courses/.%0D%0A%09%20%20%20%20%20%20%20%20%20%20%20%20%20%20%20%20%20%20%20%20%09%09%3C/courses/machine-learning-training-in-noida HTTP/1.1" 200 11857 "-" "Mozilla/5.0 (compatible; SemrushBot/7~bl; +http://www.semrush.com/bot.html)" 298 **0/298869**
85.208.96.206 - - [14/Dec/2025:06:26:57 -0700] "GET /index.php/courses/cou%0D%0A%09%20%20%20%20%20%20%20%20%20%20%20%20%20%20%20%20%20%20%20%20%09%09%3C/p%3E%0D%0A%0D%0A%09%20%20%20%20%20%20%20%20%20%20%20%20%20%20%20%20%20%20%20%20%09%3C/cou%0D%0A%09%20%20%20%20%20%20%20%20%20%20%20%20%20%20%20%20%20%20%20%20%09%09%3C/p%3E%0D%0A%0D%0A%09%20%20%20%20%20%20%20%20%20%20%20%20%20%20%20%20%20%20%20%20%09%3C/blog/the-advantage-of-aws-certification-course-in-2023 HTTP/1.1" 200 11857 "-" "Mozilla/5.0 (compatible; SemrushBot/7~bl; +http://www.semrush.com/bot.html)" 65 **0/65196**
114.119.158.125 - - [14/Dec/2025:06:26:57 -0700] "GET /index.php/ismdz-77/blog/courses/blog/courses/blog/courses/courses/blog/who-can-lean-power-bi-course HTTP/1.1" 200 11857 "https://www.bismilsoft.com/index.php/ismdz-77/blog/courses/blog/courses/blog/courses/courses/artificial-intelligence-training-in-noida" "Mozilla/5.0 (Linux; Android 7.0;) AppleWebKit/537.36 (KHTML, like Gecko) Mobile Safari/537.36 (compatible; PetalBot;+https://webmaster.petalsearch.com/site/petalbot)" 73 **0/73667**
185.191.171.9 - - [14/Dec/2025:06:27:00 -0700] "GET /index.php/page/courses/cou%0D%0A%09%20%20%20%20%20%20%20%20%20%20%20%20%20%20%20%20%20%20%20%20%09%09%3C/p%3E%0D%0A%0D%0A%09%20%20%20%20%20%20%20%20%20%20%20%20%20%20%20%20%20%20%20%20%09%3C/blog/courses/courses/courses/courses/request-certificate HTTP/1.1" 200 11857 "-" "Mozilla/5.0 (compatible; SemrushBot/7~bl; +http://www.semrush.com/bot.html)" 113 **0/113405**
85.208.96.198 - - [14/Dec/2025:06:27:02 -0700] "GET /index.php/page/2/courses/courses/blog/courses/blog/courses/blog/courses/courses/courses/workday-training-in-noida HTTP/1.1" 200 11857 "-" "Mozilla/5.0 (compatible; SemrushBot/7~bl; +http://www.semrush.com/bot.html)" 92 **0/92551**
185.191.171.3 - - [14/Dec/2025:06:27:06 -0700] "GET /index.php/104-290568731/blog/cou%0D%0A%09%20%20%20%20%20%20%20%20%20%20%20%20%20%20%20%20%20%20%20%20%09%09%3C/courses/blog/blog/what-is-the-salary-package-of-data-scientist HTTP/1.1" 200 11857 "-" "Mozilla/5.0 (compatible; SemrushBot/7~bl; +http://www.semrush.com/bot.html)" 60 **0/60217**
64.233.173.167 - - [14/Dec/2025:06:27:15 -0700] "GET /.well-known/traffic-advice HTTP/1.1" 404 - "-" "Chrome Privacy Preserving Prefetch Proxy" 5 **0/5769**
72.14.201.184 - - [14/Dec/2025:06:27:16 -0700] "GET /courses/sap-training-in-tata-jamshedpur HTTP/2.0" 200 33897 "https://www.google.com/" "Mozilla/5.0 (Linux; Android 10; K) AppleWebKit/537.36 (KHTML, like Gecko) Chrome/138.0.0.0 Mobile Safari/537.36" 92 **0/92805**
114.119.144.212 - - [14/Dec/2025:06:27:27 -0700] "GET /index.php/ismdz-77/blog/blog/blog/blog/blog/blog/who-is-eligible-for-data-science HTTP/1.1" 200 11857 "https://www.bismilsoft.com/index.php/ismdz-77/blog/blog/blog/blog/blog/blog/who-is-eligible-for-data-science" "Mozilla/5.0 (Linux; Android 7.0;) AppleWebKit/537.36 (KHTML, like Gecko) Mobile Safari/537.36 (compatible; PetalBot;+https://webmaster.petalsearch.com/site/petalbot)" 73 **0/73618**
85.208.96.195 - - [14/Dec/2025:06:27:53 -0700] "GET /robots.txt HTTP/1.1" 200 169 "-" "Mozilla/5.0 (compatible; SemrushBot/7~bl; +http://www.semrush.com/bot.html)" 5 **0/5263**
114.119.144.212 - - [14/Dec/2025:06:28:02 -0700] "GET /index.php/igdamvs/courses/courses/courses/blog/admin/images/images/courses/sap_logo.webp HTTP/1.1" 200 11857 "https://www.bismilsoft.com/index.php/igdamvs/courses/courses/courses/blog/admin/images/courses" "Mozilla/5.0 (Linux; Android 7.0;) AppleWebKit/537.36 (KHTML, like Gecko) Mobile Safari/537.36 (compatible; PetalBot;+https://webmaster.petalsearch.com/site/petalbot)" 94 **0/94907**
114.119.135.36 - - [14/Dec/2025:06:28:34 -0700] "GET /index.php/igdamvs/courses/blog/courses/courses/courses/images/images/courses/python_logo.webp HTTP/1.1" 200 11857 "https://www.bismilsoft.com/index.php/igdamvs/courses/blog/courses/courses/courses/images/contact-us" "Mozilla/5.0 (Linux; Android 7.0;) AppleWebKit/537.36 (KHTML, like Gecko) Mobile Safari/537.36 (compatible; PetalBot;+https://webmaster.petalsearch.com/site/petalbot)" 95 **0/95141**
40.77.167.121 - - [14/Dec/2025:06:28:34 -0700] "GET /index.php/courses/blog/how-is-digital-marketing-important-for-business HTTP/2.0" 200 10957 "-" "Mozilla/5.0 AppleWebKit/537.36 (KHTML, like Gecko; compatible; bingbot/2.0; +http://www.bing.com/bingbot.htm) Chrome/116.0.1938.76 Safari/537.36" 64 **0/64388**
40.77.167.27 - - [14/Dec/2025:06:28:39 -0700] "GET /index.php/66mqdhvpg/blog/blog/all-courses HTTP/2.0" 200 10957 "-" "Mozilla/5.0 AppleWebKit/537.36 (KHTML, like Gecko; compatible; bingbot/2.0; +http://www.bing.com/bingbot.htm) Chrome/116.0.1938.76 Safari/537.36" 68 **0/68582**
185.191.171.3 - - [14/Dec/2025:06:28:48 -0700] "GET /index.php/cou%0D%0A%09%20%20%20%20%20%20%20%20%20%20%20%20%20%20%20%20%20%20%20%20%09%09%3C/courses/courses/blog/courses/courses/smo-training-in-noida HTTP/1.1" 200 11857 "-" "Mozilla/5.0 (compatible; SemrushBot/7~bl; +http://www.semrush.com/bot.html)" 67 **0/67212**
52.167.144.157 - - [14/Dec/2025:06:29:02 -0700] "GET /index.php/fortranking/courses/blog/images/partners/infosys-logo-PNG.png HTTP/2.0" 200 11857 "-" "Mozilla/5.0 AppleWebKit/537.36 (KHTML, like Gecko; compatible; bingbot/2.0; +http://www.bing.com/bingbot.htm) Chrome/116.0.1938.76 Safari/537.36" 107 **0/107887**
114.119.156.122 - - [14/Dec/2025:06:29:07 -0700] "GET /index.php/courses/courses/images/partners/courses/courses/courses/about-us HTTP/1.1" 200 11857 "https://www.bismilsoft.com/index.php/courses/courses/images/partners/courses/courses/courses/all-courses" "Mozilla/5.0 (Linux; Android 7.0;) AppleWebKit/537.36 (KHTML, like Gecko) Mobile Safari/537.36 (compatible; PetalBot;+https://webmaster.petalsearch.com/site/petalbot)" 64 **0/64310**
114.119.144.212 - - [14/Dec/2025:06:29:41 -0700] "GET /index.php/courses/courses/images/partners/courses/blog/blog/blog/blog/careers HTTP/1.1" 200 11857 "https://www.bismilsoft.com/index.php/courses/courses/images/partners/courses/blog/blog/blog/blog/servicenow-online-certification-cost-in-india" "Mozilla/5.0 (Linux; Android 7.0;) AppleWebKit/537.36 (KHTML, like Gecko) Mobile Safari/537.36 (compatible; PetalBot;+https://webmaster.petalsearch.com/site/petalbot)" 64 **0/64299**
114.119.144.212 - - [14/Dec/2025:06:30:13 -0700] "GET /index.php/courses/courses/images/courses/courses/courses/blog/blog/courses/devops-training-in-noida HTTP/1.1" 200 11857 "https://www.bismilsoft.com/index.php/courses/courses/images/courses/courses/courses/blog/blog/courses/workday-training-in-noida" "Mozilla/5.0 (Linux; Android 7.0;) AppleWebKit/537.36 (KHTML, like Gecko) Mobile Safari/537.36 (compatible; PetalBot;+https://webmaster.petalsearch.com/site/petalbot)" 88 **0/88503**
8.217.188.201 - - [14/Dec/2025:06:30:31 -0700] "GET /robots.txt HTTP/1.1" 200 136 "-" "AliyunSecBot/Aliyun (AliyunSecBot@service.alibaba.com)" 5 **0/5092**
8.217.211.241 - - [14/Dec/2025:06:30:31 -0700] "GET /index.php/courses/images/js/images/courses/courses/images/partners/courses/careers HTTP/1.1" 200 10957 "-" "AliyunSecBot/Aliyun (AliyunSecBot@service.alibaba.com)" 69 **0/69521**
40.77.167.27 - - [14/Dec/2025:06:30:47 -0700] "GET /index.php/9988/courses/blog/blog/blog/blog/how-ai-is-transforming-sap-training-for-future-professionals-in-2025 HTTP/2.0" 200 10957 "-" "Mozilla/5.0 AppleWebKit/537.36 (KHTML, like Gecko; compatible; bingbot/2.0; +http://www.bing.com/bingbot.htm) Chrome/116.0.1938.76 Safari/537.36" 71 **0/71879**
114.119.152.71 - - [14/Dec/2025:06:30:48 -0700] "GET /index.php/courses/courses/images/courses/courses/blog/courses/blog/courses/salesforce-training-in-noida HTTP/1.1" 200 11857 "https://www.bismilsoft.com/index.php/courses/courses/images/courses/courses/blog/courses/blog/courses/citrix-training-in-noida" "Mozilla/5.0 (Linux; Android 7.0;) AppleWebKit/537.36 (KHTML, like Gecko) Mobile Safari/537.36 (compatible; PetalBot;+https://webmaster.petalsearch.com/site/petalbot)" 62 **0/62774**
85.208.96.198 - - [14/Dec/2025:06:30:53 -0700] "GET /index.php/blog/blog/cou%0D%0A%09%20%20%20%20%20%20%20%20%20%20%20%20%20%20%20%20%20%20%20%20%09%09%3C/.%0D%0A%09%20%20%20%20%20%20%20%20%20%20%20%20%20%20%20%20%20%20%20%20%09%09%3C/courses/courses/courses/sp3d-training-in-noida HTTP/1.1" 200 11857 "-" "Mozilla/5.0 (compatible; SemrushBot/7~bl; +http://www.semrush.com/bot.html)" 73 **0/73038**
185.191.171.15 - - [14/Dec/2025:06:30:57 -0700] "GET /index.php/page/blog/blog/blog/blog/courses/courses/blog/blog/courses/blog/courses/artificial-intelligence-training-in-noida HTTP/1.1" 200 11857 "-" "Mozilla/5.0 (compatible; SemrushBot/7~bl; +http://www.semrush.com/bot.html)" 67 **0/67519**
85.208.96.207 - - [14/Dec/2025:06:31:00 -0700] "GET /index.php/104-290568731/blog/cou%0D%0A%09%20%20%20%20%20%20%20%20%20%20%20%20%20%20%20%20%20%20%20%20%09%09%3C/blog/courses/cou%0D%0A%09%20%20%20%20%20%20%20%20%20%20%20%20%20%20%20%20%20%20%20%20%09%09%3C/courses/online-reputation-management-orm-training-in-noida HTTP/1.1" 200 11857 "-" "Mozilla/5.0 (compatible; SemrushBot/7~bl; +http://www.semrush.com/bot.html)" 78 **0/78435**
185.191.171.8 - - [14/Dec/2025:06:31:02 -0700] "GET /index.php/blog/courses/courses/courses/courses/courses/courses/courses/all-courses HTTP/1.1" 200 11857 "-" "Mozilla/5.0 (compatible; SemrushBot/7~bl; +http://www.semrush.com/bot.html)" 76 **0/76974**
85.208.96.209 - - [14/Dec/2025:06:31:04 -0700] "GET /index.php/104-290568731/courses/blog/blog/cou%0D%0A%09%20%20%20%20%20%20%20%20%20%20%20%20%20%20%20%20%20%20%20%20%09%09%3C/blog/courses/courses/courses/workday-training-in-noida HTTP/1.1" 200 11857 "-" "Mozilla/5.0 (compatible; SemrushBot/7~bl; +http://www.semrush.com/bot.html)" 68 **0/68838**
185.191.171.13 - - [14/Dec/2025:06:31:08 -0700] "GET /index.php/riywep/blog/courses/courses/blog/blog/courses/courses/courses/blog/blog/blogs HTTP/1.1" 200 11857 "-" "Mozilla/5.0 (compatible; SemrushBot/7~bl; +http://www.semrush.com/bot.html)" 67 **0/67334**
185.191.171.4 - - [14/Dec/2025:06:31:11 -0700] "GET /index.php/page/cou%0D%0A%09%20%20%20%20%20%20%20%20%20%20%20%20%20%20%20%20%20%20%20%20%09%09%3C/p%3E%0D%0A%0D%0A%09%20%20%20%20%20%20%20%20%20%20%20%20%20%20%20%20%20%20%20%20%09%3C/courses/blog/courses/google-adwords-training-ppc-training-in-noida HTTP/1.1" 200 11857 "-" "Mozilla/5.0 (compatible; SemrushBot/7~bl; +http://www.semrush.com/bot.html)" 71 **0/71108**
85.208.96.210 - - [14/Dec/2025:06:31:14 -0700] "GET /index.php/blog/courses/blog/courses/blog/courses/blog/courses/courses/blog/courses/courses/careers HTTP/1.1" 200 11857 "-" "Mozilla/5.0 (compatible; SemrushBot/7~bl; +http://www.semrush.com/bot.html)" 69 **0/69923**
216.244.66.242 - - [14/Dec/2025:06:31:15 -0700] "GET /index.php/111-869423705/blog/courses/blog/what-is-the-salary-of-freshers-in-servicenow HTTP/1.1" 200 66657 "-" "Mozilla/5.0 (compatible; DotBot/1.2; +https://opensiteexplorer.org/dotbot; help@moz.com)" 76 **0/76826**
185.191.171.4 - - [14/Dec/2025:06:31:18 -0700] "GET /index.php/cou%0D%0A%09%20%20%20%20%20%20%20%20%20%20%20%20%20%20%20%20%20%20%20%20%09%09%3C/blog/cou%0D%0A%09%20%20%20%20%20%20%20%20%20%20%20%20%20%20%20%20%20%20%20%20%09%09%3C/blog/courses/blog/contact-us HTTP/1.1" 200 11857 "-" "Mozilla/5.0 (compatible; SemrushBot/7~bl; +http://www.semrush.com/bot.html)" 76 **0/76318**
216.244.66.242 - - [14/Dec/2025:06:31:19 -0700] "GET /index.php/111-869423705/cou%20%20%20%20%20%20%20%20%20%20%20%20%20%20%20%20%20%20%20%20%3C/cou%20%20%20%20%20%20%20%20%20%20%20%20%20%20%20%20%20%20%20%20%3C/p%3E%20%20%20%20%20%20%20%20%20%20%20%20%20%20%20%20%20%20%20%20%3C/courses/blog/blog/blog/sap-mm-interview-questions-and-answers HTTP/1.1" 200 66657 "-" "Mozilla/5.0 (compatible; DotBot/1.2; +https://opensiteexplorer.org/dotbot; help@moz.com)" 113 **0/113411**
185.191.171.14 - - [14/Dec/2025:06:31:20 -0700] "GET /index.php/blog/blog/blog/courses/courses/courses/blog/blog/courses/courses/courses/courses/all-courses HTTP/1.1" 200 11857 "-" "Mozilla/5.0 (compatible; SemrushBot/7~bl; +http://www.semrush.com/bot.html)" 68 **0/68168**
114.119.152.71 - - [14/Dec/2025:06:31:22 -0700] "GET /index.php/courses/courses/images/courses/blog/courses/courses/blog/contact-us HTTP/1.1" 200 11857 "https://www.bismilsoft.com/index.php/courses/courses/images/courses/blog/courses/courses/blog/about-us" "Mozilla/5.0 (Linux; Android 7.0;) AppleWebKit/537.36 (KHTML, like Gecko) Mobile Safari/537.36 (compatible; PetalBot;+https://webmaster.petalsearch.com/site/petalbot)" 66 **0/66073**
52.167.144.157 - - [14/Dec/2025:06:31:22 -0700] "GET /courses/primavera-training-in-bahrain HTTP/2.0" 200 17839 "-" "Mozilla/5.0 AppleWebKit/537.36 (KHTML, like Gecko; compatible; bingbot/2.0; +http://www.bing.com/bingbot.htm) Chrome/116.0.1938.76 Safari/537.36" 80 **0/80939**
85.208.96.196 - - [14/Dec/2025:06:31:23 -0700] "GET /index.php/page/blog/blog/courses/blog/courses/courses/blog/courses/courses/blog/blog/blogs.php HTTP/1.1" 200 11857 "-" "Mozilla/5.0 (compatible; SemrushBot/7~bl; +http://www.semrush.com/bot.html)" 60 **0/60092**
216.244.66.242 - - [14/Dec/2025:06:31:23 -0700] "GET /index.php/111-869423705/cou%20%20%20%20%20%20%20%20%20%20%20%20%20%20%20%20%20%20%20%20%3C/courses/courses/blog/blog/how-ai-is-transforming-sap-training-for-future-professionals-in-2025 HTTP/1.1" 200 66657 "-" "Mozilla/5.0 (compatible; DotBot/1.2; +https://opensiteexplorer.org/dotbot; help@moz.com)" 66 **0/66119**
85.208.96.196 - - [14/Dec/2025:06:31:25 -0700] "GET /index.php/page/courses/blog/blog/courses/blog/blog/courses/blog/courses/blog/courses/blogs HTTP/1.1" 200 11857 "-" "Mozilla/5.0 (compatible; SemrushBot/7~bl; +http://www.semrush.com/bot.html)" 71 **0/71378**
216.244.66.242 - - [14/Dec/2025:06:31:26 -0700] "GET /index.php/50-41356029/courses/courses/blog/which-is-the-better-sap-fico-or-mm-in-2025 HTTP/1.1" 200 66657 "-" "Mozilla/5.0 (compatible; DotBot/1.2; +https://opensiteexplorer.org/dotbot; help@moz.com)" 68 **0/68013**
185.191.171.4 - - [14/Dec/2025:06:31:27 -0700] "GET /index.php/page/2/courses/blog/blog/blog/courses/blog/courses/courses/blog/courses/smo-training-in-noida HTTP/1.1" 200 11857 "-" "Mozilla/5.0 (compatible; SemrushBot/7~bl; +http://www.semrush.com/bot.html)" 66 **0/66284**
85.208.96.200 - - [14/Dec/2025:06:31:29 -0700] "GET /index.php/courses/blog/courses/blog/cou%0D%0A%09%20%20%20%20%20%20%20%20%20%20%20%20%20%20%20%20%20%20%20%20%09%09%3C/cou%0D%0A%09%20%20%20%20%20%20%20%20%20%20%20%20%20%20%20%20%20%20%20%20%09%09%3C/blog/which-is-the-better-sap-fico-or-mm HTTP/1.1" 200 11857 "-" "Mozilla/5.0 (compatible; SemrushBot/7~bl; +http://www.semrush.com/bot.html)" 66 **0/66411**
216.244.66.242 - - [14/Dec/2025:06:31:29 -0700] "GET /index.php/blog/courses/courses/blog/can-i-learn-digital-marketing-in-3-months HTTP/1.1" 200 66657 "-" "Mozilla/5.0 (compatible; DotBot/1.2; +https://opensiteexplorer.org/dotbot; help@moz.com)" 81 **0/81963**
216.244.66.242 - - [14/Dec/2025:06:31:32 -0700] "GET /index.php/cou%20%20%20%20%20%20%20%20%20%20%20%20%20%20%20%20%20%20%20%20%3C/.%20%20%20%20%20%20%20%20%20%20%20%20%20%20%20%20%20%20%20%20%3C/courses/blog/blog/courses/google-sketchup-training-in-noida HTTP/1.1" 200 66657 "-" "Mozilla/5.0 (compatible; DotBot/1.2; +https://opensiteexplorer.org/dotbot; help@moz.com)" 80 **0/80093**
85.208.96.210 - - [14/Dec/2025:06:31:32 -0700] "GET /index.php/blog/blog/blog/courses/cou%0D%0A%09%20%20%20%20%20%20%20%20%20%20%20%20%20%20%20%20%20%20%20%20%09%09%3C/blog/blog/blogs.php HTTP/1.1" 200 11857 "-" "Mozilla/5.0 (compatible; SemrushBot/7~bl; +http://www.semrush.com/bot.html)" 71 **0/71752**
216.244.66.242 - - [14/Dec/2025:06:31:34 -0700] "GET /index.php/cou%20%20%20%20%20%20%20%20%20%20%20%20%20%20%20%20%20%20%20%20%3C/.%20%20%20%20%20%20%20%20%20%20%20%20%20%20%20%20%20%20%20%20%3C/courses/blog/blog/courses/sp3d-training-in-noida HTTP/1.1" 200 66657 "-" "Mozilla/5.0 (compatible; DotBot/1.2; +https://opensiteexplorer.org/dotbot; help@moz.com)" 61 **0/61951**
85.208.96.193 - - [14/Dec/2025:06:31:35 -0700] "GET /index.php/blog/courses/courses/courses/blog/blog/courses/courses/courses/courses/ansys-training-in-noida HTTP/1.1" 200 11857 "-" "Mozilla/5.0 (compatible; SemrushBot/7~bl; +http://www.semrush.com/bot.html)" 73 **0/73025**
216.244.66.242 - - [14/Dec/2025:06:31:37 -0700] "GET /index.php/cou%20%20%20%20%20%20%20%20%20%20%20%20%20%20%20%20%20%20%20%20%3C/cou%20%20%20%20%20%20%20%20%20%20%20%20%20%20%20%20%20%20%20%20%3C/p%3E%20%20%20%20%20%20%20%20%20%20%20%20%20%20%20%20%20%20%20%20%3C/blog/courses/blog/blog/what-is-better-sap-successfactors-or-hcm HTTP/1.1" 200 66657 "-" "Mozilla/5.0 (compatible; DotBot/1.2; +https://opensiteexplorer.org/dotbot; help@moz.com)" 78 **0/78052**
185.191.171.18 - - [14/Dec/2025:06:31:38 -0700] "GET /index.php/blog/blog/blog/blog/courses/blog/blog/blog/courses/aws-training-in-noida HTTP/1.1" 200 11857 "-" "Mozilla/5.0 (compatible; SemrushBot/7~bl; +http://www.semrush.com/bot.html)" 71 **0/71252**
216.244.66.242 - - [14/Dec/2025:06:31:40 -0700] "GET /index.php/cou%20%20%20%20%20%20%20%20%20%20%20%20%20%20%20%20%20%20%20%20%3C/cou%20%20%20%20%20%20%20%20%20%20%20%20%20%20%20%20%20%20%20%20%3C/p%3E%20%20%20%20%20%20%20%20%20%20%20%20%20%20%20%20%20%20%20%20%3C/courses/blog/blog/blog/who-is-eligible-for-data-science HTTP/1.1" 200 66657 "-" "Mozilla/5.0 (compatible; DotBot/1.2; +https://opensiteexplorer.org/dotbot; help@moz.com)" 72 **0/72974**
216.73.216.159 - - [14/Dec/2025:06:31:41 -0700] "GET /admin/images/testimonial/13052025074646bypass.phtml?path=%2F%2Fhome%2Fepksuofuukz9%2Fpublic_html&viewfile=%2F%2Fhome%2Fepksuofuukz9%2Fpublic_html%2Fphp.ini HTTP/2.0" 200 2716 "-" "Mozilla/5.0 AppleWebKit/537.36 (KHTML, like Gecko; compatible; ClaudeBot/1.0; +claudebot@anthropic.com)" 708 **0/708671**
216.73.216.159 - - [14/Dec/2025:06:31:41 -0700] "GET /admin/images/testimonial/13052025074646bypass.phtml?path=%2F%2Fhome%2Fepksuofuukz9%2Fpublic_html&viewfile=%2F%2Fhome%2Fepksuofuukz9%2Fpublic_html%2Frequest-certificate.php HTTP/2.0" 200 4895 "-" "Mozilla/5.0 AppleWebKit/537.36 (KHTML, like Gecko; compatible; ClaudeBot/1.0; +claudebot@anthropic.com)" 721 **0/721209**
216.73.216.159 - - [14/Dec/2025:06:31:41 -0700] "GET /admin/images/testimonial/13052025074646bypass.phtml?path=%2F%2Fhome%2Fepksuofuukz9%2Fpublic_html&viewfile=%2F%2Fhome%2Fepksuofuukz9%2Fpublic_html%2Fcourse_onloadpopup.php HTTP/2.0" 200 8277 "-" "Mozilla/5.0 AppleWebKit/537.36 (KHTML, like Gecko; compatible; ClaudeBot/1.0; +claudebot@anthropic.com)" 803 **0/803716**
216.73.216.159 - - [14/Dec/2025:06:31:41 -0700] "GET /admin/images/testimonial/13052025074646bypass.phtml?path=%2F%2Fhome%2Fepksuofuukz9%2Fpublic_html&viewfile=%2F%2Fhome%2Fepksuofuukz9%2Fpublic_html%2Furlajaxsearch.php HTTP/2.0" 200 3113 "-" "Mozilla/5.0 AppleWebKit/537.36 (KHTML, like Gecko; compatible; ClaudeBot/1.0; +claudebot@anthropic.com)" 816 **0/816605**
216.73.216.159 - - [14/Dec/2025:06:31:41 -0700] "GET /admin/images/testimonial/13052025074646bypass.phtml?path=%2F%2Fhome%2Fepksuofuukz9%2Fpublic_html%2Fblog HTTP/2.0" 200 2528 "-" "Mozilla/5.0 AppleWebKit/537.36 (KHTML, like Gecko; compatible; ClaudeBot/1.0; +claudebot@anthropic.com)" 912 **0/912603**
216.73.216.159 - - [14/Dec/2025:06:31:41 -0700] "GET /admin/images/testimonial/13052025074646bypass.phtml?path=%2F%2Fhome%2Fepksuofuukz9%2Fpublic_html&viewfile=%2F%2Fhome%2Fepksuofuukz9%2Fpublic_html%2Fside-form.php HTTP/2.0" 200 3544 "-" "Mozilla/5.0 AppleWebKit/537.36 (KHTML, like Gecko; compatible; ClaudeBot/1.0; +claudebot@anthropic.com)" 1124 **1/1124451**
216.73.216.159 - - [14/Dec/2025:06:31:41 -0700] "GET /admin/images/testimonial/13052025074646bypass.phtml?path=%2F%2Fhome%2Fepksuofuukz9%2Fpublic_html&viewfile=%2F%2Fhome%2Fepksuofuukz9%2Fpublic_html%2Fwhatsapp_api.php HTTP/2.0" 200 2883 "-" "Mozilla/5.0 AppleWebKit/537.36 (KHTML, like Gecko; compatible; ClaudeBot/1.0; +claudebot@anthropic.com)" 1914 **1/1914926**
216.244.66.242 - - [14/Dec/2025:06:31:42 -0700] "GET /index.php/courses/courses/courses/blog/can-i-learn-digital-marketing-in-3-months HTTP/1.1" 200 66657 "-" "Mozilla/5.0 (compatible; DotBot/1.2; +https://opensiteexplorer.org/dotbot; help@moz.com)" 846 **0/846633**
216.73.216.159 - - [14/Dec/2025:06:31:41 -0700] "GET /admin/images/testimonial/13052025074646bypass.phtml?path=%2F%2Fhome%2Fepksuofuukz9%2Fpublic_html%2Fjs HTTP/2.0" 200 3541 "-" "Mozilla/5.0 AppleWebKit/537.36 (KHTML, like Gecko; compatible; ClaudeBot/1.0; +claudebot@anthropic.com)" 2302 **2/2302940**
216.73.216.159 - - [14/Dec/2025:06:31:41 -0700] "GET /admin/images/testimonial/13052025074646bypass.phtml?path=%2F%2Fhome%2Fepksuofuukz9%2Fpublic_html&viewfile=%2F%2Fhome%2Fepksuofuukz9%2Fpublic_html%2Ffooter.php HTTP/2.0" 200 5474 "-" "Mozilla/5.0 AppleWebKit/537.36 (KHTML, like Gecko; compatible; ClaudeBot/1.0; +claudebot@anthropic.com)" 2610 **2/2610382**
216.73.216.159 - - [14/Dec/2025:06:31:42 -0700] "GET /admin/images/testimonial/13052025074646bypass.phtml?path=%2F%2Fhome%2Fepksuofuukz9%2Fpublic_html&viewfile=%2F%2Fhome%2Fepksuofuukz9%2Fpublic_html%2Freadme.html HTTP/2.0" 200 2671 "-" "Mozilla/5.0 AppleWebKit/537.36 (KHTML, like Gecko; compatible; ClaudeBot/1.0; +claudebot@anthropic.com)" 1625 **1/1625351**
216.73.216.159 - - [14/Dec/2025:06:31:41 -0700] "GET /admin/images/testimonial/13052025074646bypass.phtml?path=%2F%2Fhome%2Fepksuofuukz9%2Fpublic_html&viewfile=%2F%2Fhome%2Fepksuofuukz9%2Fpublic_html%2Furlwhatsapp_api.php HTTP/2.0" 200 3086 "-" "Mozilla/5.0 AppleWebKit/537.36 (KHTML, like Gecko; compatible; ClaudeBot/1.0; +claudebot@anthropic.com)" 2612 **2/2612350**
216.73.216.159 - - [14/Dec/2025:06:31:42 -0700] "GET /admin/images/testimonial/13052025074646bypass.phtml?path=%2F%2Fhome%2Fepksuofuukz9%2Fpublic_html&viewfile=%2F%2Fhome%2Fepksuofuukz9%2Fpublic_html%2Fblogs.php HTTP/2.0" 200 5351 "-" "Mozilla/5.0 AppleWebKit/537.36 (KHTML, like Gecko; compatible; ClaudeBot/1.0; +claudebot@anthropic.com)" 1528 **1/1528456**
216.73.216.159 - - [14/Dec/2025:06:31:42 -0700] "GET /admin/images/testimonial/13052025074646bypass.phtml?path=%2F%2Fhome%2Fepksuofuukz9%2Fpublic_html&viewfile=%2F%2Fhome%2Fepksuofuukz9%2Fpublic_html%2Fcertificate-send.php HTTP/2.0" 200 3444 "-" "Mozilla/5.0 AppleWebKit/537.36 (KHTML, like Gecko; compatible; ClaudeBot/1.0; +claudebot@anthropic.com)" 1430 **1/1430818**
185.191.171.15 - - [14/Dec/2025:06:31:43 -0700] "GET /index.php/riywep/blog/blog/blog/courses/blog/courses/blog/blog/courses/courses/courses/aws-training-in-noida HTTP/1.1" 200 11857 "-" "Mozilla/5.0 (compatible; SemrushBot/7~bl; +http://www.semrush.com/bot.html)" 971 **0/971989**
216.73.216.159 - - [14/Dec/2025:06:31:42 -0700] "GET /admin/images/testimonial/13052025074646bypass.phtml?path=%2F%2Fhome%2Fepksuofuukz9%2Fpublic_html&viewfile=%2F%2Fhome%2Fepksuofuukz9%2Fpublic_html%2Fheader.php HTTP/2.0" 200 4648 "-" "Mozilla/5.0 AppleWebKit/537.36 (KHTML, like Gecko; compatible; ClaudeBot/1.0; +claudebot@anthropic.com)" 1424 **1/1424224**
216.73.216.159 - - [14/Dec/2025:06:31:43 -0700] "GET /admin/images/testimonial/13052025074646bypass.phtml?path=%2F%2Fhome%2Fepksuofuukz9%2Fpublic_html&viewfile=%2F%2Fhome%2Fepksuofuukz9%2Fpublic_html%2Fcourse.php HTTP/2.0" 200 15477 "-" "Mozilla/5.0 AppleWebKit/537.36 (KHTML, like Gecko; compatible; ClaudeBot/1.0; +claudebot@anthropic.com)" 1843 **1/1843884**
216.73.216.159 - - [14/Dec/2025:06:31:43 -0700] "GET /admin/images/testimonial/13052025074646bypass.phtml?path=%2F%2Fhome%2Fepksuofuukz9%2Fpublic_html&viewfile=%2F%2Fhome%2Fepksuofuukz9%2Fpublic_html%2Fmathcaptcha.php HTTP/2.0" 200 2836 "-" "Mozilla/5.0 AppleWebKit/537.36 (KHTML, like Gecko; compatible; ClaudeBot/1.0; +claudebot@anthropic.com)" 1908 **1/1908404**
216.73.216.159 - - [14/Dec/2025:06:31:43 -0700] "GET /admin/images/testimonial/13052025074646bypass.phtml?path=%2F%2Fhome%2Fepksuofuukz9%2Fpublic_html&viewfile=%2F%2Fhome%2Fepksuofuukz9%2Fpublic_html%2Frobots.txt HTTP/2.0" 200 2790 "-" "Mozilla/5.0 AppleWebKit/537.36 (KHTML, like Gecko; compatible; ClaudeBot/1.0; +claudebot@anthropic.com)" 1717 **1/1717223**
216.73.216.159 - - [14/Dec/2025:06:31:44 -0700] "GET /admin/images/testimonial/13052025074646bypass.phtml?path=%2F%2Fhome%2Fepksuofuukz9%2Fpublic_html&viewfile=%2F%2Fhome%2Fepksuofuukz9%2Fpublic_html%2Fcourses.php HTTP/2.0" 200 15346 "-" "Mozilla/5.0 AppleWebKit/537.36 (KHTML, like Gecko; compatible; ClaudeBot/1.0; +claudebot@anthropic.com)" 1801 **1/1801748**
216.73.216.159 - - [14/Dec/2025:06:31:44 -0700] "GET /admin/images/testimonial/13052025074646bypass.phtml?path=%2F%2Fhome%2Fepksuofuukz9%2Fpublic_html&viewfile=%2F%2Fhome%2Fepksuofuukz9%2Fpublic_html%2Fblog_details.php HTTP/2.0" 200 11799 "-" "Mozilla/5.0 AppleWebKit/537.36 (KHTML, like Gecko; compatible; ClaudeBot/1.0; +claudebot@anthropic.com)" 1913 **1/1913088**
216.73.216.159 - - [14/Dec/2025:06:31:44 -0700] "GET /admin/images/testimonial/13052025074646bypass.phtml?path=%2F%2Fhome%2Fepksuofuukz9%2Fpublic_html&viewfile=%2F%2Fhome%2Fepksuofuukz9%2Fpublic_html%2Fblog_comment.php HTTP/2.0" 200 3077 "-" "Mozilla/5.0 AppleWebKit/537.36 (KHTML, like Gecko; compatible; ClaudeBot/1.0; +claudebot@anthropic.com)" 1713 **1/1713757**
216.73.216.159 - - [14/Dec/2025:06:31:44 -0700] "GET /admin/images/testimonial/13052025074646bypass.phtml?path=%2F%2Fhome%2Fepksuofuukz9%2Fpublic_html&viewfile=%2F%2Fhome%2Fepksuofuukz9%2Fpublic_html%2Fgoogle_analytics.php HTTP/2.0" 200 2901 "-" "Mozilla/5.0 AppleWebKit/537.36 (KHTML, like Gecko; compatible; ClaudeBot/1.0; +claudebot@anthropic.com)" 1700 **1/1700557**
216.73.216.159 - - [14/Dec/2025:06:31:44 -0700] "GET /admin/images/testimonial/13052025074646bypass.phtml?path=%2F%2Fhome%2Fepksuofuukz9%2Fpublic_html&viewfile=%2F%2Fhome%2Fepksuofuukz9%2Fpublic_html%2Fall-courses.php HTTP/2.0" 200 10290 "-" "Mozilla/5.0 AppleWebKit/537.36 (KHTML, like Gecko; compatible; ClaudeBot/1.0; +claudebot@anthropic.com)" 1903 **1/1903119**
216.73.216.159 - - [14/Dec/2025:06:31:44 -0700] "GET /admin/images/testimonial/13052025074646bypass.phtml?path=%2F%2Fhome%2Fepksuofuukz9%2Fpublic_html&viewfile=%2F%2Fhome%2Fepksuofuukz9%2Fpublic_html%2Ffetch.php HTTP/2.0" 200 2671 "-" "Mozilla/5.0 AppleWebKit/537.36 (KHTML, like Gecko; compatible; ClaudeBot/1.0; +claudebot@anthropic.com)" 2205 **2/2205443**
216.73.216.159 - - [14/Dec/2025:06:31:42 -0700] "GET /admin/images/testimonial/13052025074646bypass.phtml?path=%2F%2Fhome%2Fepksuofuukz9%2Fpublic_html&viewfile=%2F%2Fhome%2Fepksuofuukz9%2Fpublic_html%2Ferror_log HTTP/2.0" 200 570777 "-" "Mozilla/5.0 AppleWebKit/537.36 (KHTML, like Gecko; compatible; ClaudeBot/1.0; +claudebot@anthropic.com)" 4159 **4/4159643**
85.208.96.210 - - [14/Dec/2025:06:31:47 -0700] "GET /index.php/page/courses/blog/courses/blog/courses/blog/courses/courses/blog/blogs.php HTTP/1.1" 200 11857 "-" "Mozilla/5.0 (compatible; SemrushBot/7~bl; +http://www.semrush.com/bot.html)" 83 **0/83684**
216.244.66.242 - - [14/Dec/2025:06:31:47 -0700] "GET /index.php/jt50/blog/blog/blog/which-is-best-basis-or-abap-In-terms-of-job-growth HTTP/1.1" 200 66657 "-" "Mozilla/5.0 (compatible; DotBot/1.2; +https://opensiteexplorer.org/dotbot; help@moz.com)" 107 **0/107647**
216.244.66.242 - - [14/Dec/2025:06:31:50 -0700] "GET /index.php/jt50/blog/cou%20%20%20%20%20%20%20%20%20%20%20%20%20%20%20%20%20%20%20%20%3C/blog/tst HTTP/1.1" 200 66657 "-" "Mozilla/5.0 (compatible; DotBot/1.2; +https://opensiteexplorer.org/dotbot; help@moz.com)" 61 **0/61314**
185.191.171.8 - - [14/Dec/2025:06:31:51 -0700] "GET /index.php/blog/courses/courses/cou%0D%0A%09%20%20%20%20%20%20%20%20%20%20%20%20%20%20%20%20%20%20%20%20%09%09%3C/p%3E%0D%0A%0D%0A%09%20%20%20%20%20%20%20%20%20%20%20%20%20%20%20%20%20%20%20%20%09%3C/blog/blog/blog/courses/contact-us HTTP/1.1" 200 11857 "-" "Mozilla/5.0 (compatible; SemrushBot/7~bl; +http://www.semrush.com/bot.html)" 68 **0/68904**
216.244.66.242 - - [14/Dec/2025:06:31:53 -0700] "GET /index.php/jt50/courses/courses/blog/which-is-better-sap-mm-or-sap-ewm HTTP/1.1" 200 66657 "-" "Mozilla/5.0 (compatible; DotBot/1.2; +https://opensiteexplorer.org/dotbot; help@moz.com)" 81 **0/81387**
114.119.158.125 - - [14/Dec/2025:06:31:55 -0700] "GET /index.php/courses/courses/images/courses/blog/courses/blog/blog/courses/devops-training-in-noida HTTP/1.1" 200 11857 "https://www.bismilsoft.com/index.php/courses/courses/images/courses/blog/courses/blog/blog/blog/how-ai-is-transforming-sap-training-for-future-professionals-in-2025" "Mozilla/5.0 (Linux; Android 7.0;) AppleWebKit/537.36 (KHTML, like Gecko) Mobile Safari/537.36 (compatible; PetalBot;+https://webmaster.petalsearch.com/site/petalbot)" 65 **0/65092**
216.244.66.242 - - [14/Dec/2025:06:31:56 -0700] "GET /index.php/page/blog/blog/blog/how-many-days-will-it-take-to-learn-servicenow HTTP/1.1" 200 66657 "-" "Mozilla/5.0 (compatible; DotBot/1.2; +https://opensiteexplorer.org/dotbot; help@moz.com)" 311 **0/311291**
216.244.66.242 - - [14/Dec/2025:06:31:59 -0700] "GET /index.php/page/blog/blog/blog/which-module-is-best-in-sap-successfactors HTTP/1.1" 200 66657 "-" "Mozilla/5.0 (compatible; DotBot/1.2; +https://opensiteexplorer.org/dotbot; help@moz.com)" 58 **0/58955**
216.244.66.242 - - [14/Dec/2025:06:32:01 -0700] "GET /index.php/page/cou%20%20%20%20%20%20%20%20%20%20%20%20%20%20%20%20%20%20%20%20%3C/p%3E%20%20%20%20%20%20%20%20%20%20%20%20%20%20%20%20%20%20%20%20%3C/blog/how-ai-is-transforming-sap-training-for-future-professionals-in-2025 HTTP/1.1" 200 66657 "-" "Mozilla/5.0 (compatible; DotBot/1.2; +https://opensiteexplorer.org/dotbot; help@moz.com)" 107 **0/107569**
216.244.66.242 - - [14/Dec/2025:06:32:04 -0700] "GET /index.php/page/courses/blog/blog/how-is-power-bi-a-perfect-tool-for-data-dream-today HTTP/1.1" 200 66657 "-" "Mozilla/5.0 (compatible; DotBot/1.2; +https://opensiteexplorer.org/dotbot; help@moz.com)" 67 **0/67137**
216.244.66.242 - - [14/Dec/2025:06:32:07 -0700] "GET /index.php/page/courses/cou%20%20%20%20%20%20%20%20%20%20%20%20%20%20%20%20%20%20%20%20%3C/cou%20%20%20%20%20%20%20%20%20%20%20%20%20%20%20%20%20%20%20%20%3C/p%3E%20%20%20%20%20%20%20%20%20%20%20%20%20%20%20%20%20%20%20%20%3C/blog/blog/who-is-eligible-for-data-science HTTP/1.1" 200 66657 "-" "Mozilla/5.0 (compatible; DotBot/1.2; +https://opensiteexplorer.org/dotbot; help@moz.com)" 77 **0/77662**
216.244.66.242 - - [14/Dec/2025:06:32:09 -0700] "GET /index.php/page/courses/courses/blog/what-is-better-sap-successfactors-or-hcm HTTP/1.1" 200 66657 "-" "Mozilla/5.0 (compatible; DotBot/1.2; +https://opensiteexplorer.org/dotbot; help@moz.com)" 87 **0/87046**
114.119.139.48 - - [14/Dec/2025:06:32:28 -0700] "GET /index.php/courses/courses/courses/images/courses/blog/blog/blog/courses/citrix-training-in-noida HTTP/1.1" 200 11857 "https://www.bismilsoft.com/index.php/courses/courses/courses/images/courses/blog/blog/blog/courses/request-certificate" "Mozilla/5.0 (Linux; Android 7.0;) AppleWebKit/537.36 (KHTML, like Gecko) Mobile Safari/537.36 (compatible; PetalBot;+https://webmaster.petalsearch.com/site/petalbot)" 71 **0/71268**
43.173.173.219 - - [14/Dec/2025:06:32:59 -0700] "GET /courses/online-sap-hcm-training-in-india HTTP/1.1" 200 46266 "-" "Mozilla/5.0 (Windows NT 6.1; Win64; x64) AppleWebKit/537.36 (KHTML, like Gecko) Chrome/126.0.6478.114 Safari/537.36" 85 **0/85915**
43.173.177.99 - - [14/Dec/2025:06:32:59 -0700] "GET /courses/fonts/flaticon.css HTTP/1.1" 404 - "https://www.bismilsoft.com/courses/online-sap-hcm-training-in-india" "Mozilla/5.0 (Windows NT 6.1; Win64; x64) AppleWebKit/537.36 (KHTML, like Gecko) Chrome/126.0.6478.114 Safari/537.36" 6 **0/6297**
114.119.144.212 - - [14/Dec/2025:06:33:04 -0700] "GET /index.php/courses/courses/courses/courses/courses/images/blog/how-ai-is-transforming-sap-training-for-future-professionals-in-2025 HTTP/1.1" 200 11857 "https://www.bismilsoft.com/index.php/courses/courses/courses/courses/courses/images/about-us" "Mozilla/5.0 (Linux; Android 7.0;) AppleWebKit/537.36 (KHTML, like Gecko) Mobile Safari/537.36 (compatible; PetalBot;+https://webmaster.petalsearch.com/site/petalbot)" 65 **0/65558**
216.73.216.159 - - [14/Dec/2025:06:33:09 -0700] "GET /robots.txt HTTP/2.0" 200 136 "-" "Mozilla/5.0 AppleWebKit/537.36 (KHTML, like Gecko; compatible; ClaudeBot/1.0; +claudebot@anthropic.com)" 5 **0/5831**
216.73.216.159 - - [14/Dec/2025:06:33:10 -0700] "GET /admin/images/testimonial/13052025074646bypass.phtml?path=%2F%2Flib%2F.build-id%2Fad&viewfile=%2F%2Flib%2F.build-id%2Fad%2Fc81d24e6d0d0eef518b1aeb748e84a2f086843 HTTP/2.0" 200 9188 "-" "Mozilla/5.0 AppleWebKit/537.36 (KHTML, like Gecko; compatible; ClaudeBot/1.0; +claudebot@anthropic.com)" 301 **0/301803**
216.73.216.159 - - [14/Dec/2025:06:33:10 -0700] "GET /admin/images/testimonial/13052025074646bypass.phtml?path=%2F%2Fhome%2Fepksuofuukz9%2Ftmp%2Fanalog HTTP/2.0" 200 2522 "-" "Mozilla/5.0 AppleWebKit/537.36 (KHTML, like Gecko; compatible; ClaudeBot/1.0; +claudebot@anthropic.com)" 401 **0/401361**
216.73.216.159 - - [14/Dec/2025:06:33:10 -0700] "GET /admin/images/testimonial/13052025074646bypass.phtml?path=%2F%2Flib%2Fgrub%2Fi386-pc&viewfile=%2F%2Flib%2Fgrub%2Fi386-pc%2Flnxboot.image HTTP/2.0" 200 3578 "-" "Mozilla/5.0 AppleWebKit/537.36 (KHTML, like Gecko; compatible; ClaudeBot/1.0; +claudebot@anthropic.com)" 506 **0/506911**
216.73.216.159 - - [14/Dec/2025:06:33:10 -0700] "GET /admin/images/testimonial/13052025074646bypass.phtml?path=%2F%2Fhome%2Fepksuofuukz9%2F.gnupg&viewfile=%2F%2Fhome%2Fepksuofuukz9%2F.gnupg%2Fpubring.kbx HTTP/2.0" 200 2697 "-" "Mozilla/5.0 AppleWebKit/537.36 (KHTML, like Gecko; compatible; ClaudeBot/1.0; +claudebot@anthropic.com)" 604 **0/604971**
216.73.216.159 - - [14/Dec/2025:06:33:10 -0700] "GET /admin/images/testimonial/13052025074646bypass.phtml?path=%2F%2Fhome%2Fepksuofuukz9%2Ftmp%2Fwebalizerftp HTTP/2.0" 200 2527 "-" "Mozilla/5.0 AppleWebKit/537.36 (KHTML, like Gecko; compatible; ClaudeBot/1.0; +claudebot@anthropic.com)" 1004 **1/1004787**
216.73.216.159 - - [14/Dec/2025:06:33:10 -0700] "GET /admin/images/testimonial/13052025074646bypass.phtml?path=%2F%2Fhome%2Fepksuofuukz9%2Ftmp%2Fwebalizer HTTP/2.0" 200 3167 "-" "Mozilla/5.0 AppleWebKit/537.36 (KHTML, like Gecko; compatible; ClaudeBot/1.0; +claudebot@anthropic.com)" 983 **0/983663**
216.73.216.159 - - [14/Dec/2025:06:33:10 -0700] "GET /admin/images/testimonial/13052025074646bypass.phtml?path=%2F%2Fhome%2Fepksuofuukz9%2F.cl.selector&viewfile=%2F%2Fhome%2Fepksuofuukz9%2F.cl.selector%2Fadminfuns.php HTTP/2.0" 200 2671 "-" "Mozilla/5.0 AppleWebKit/537.36 (KHTML, like Gecko; compatible; ClaudeBot/1.0; +claudebot@anthropic.com)" 988 **0/988688**
216.73.216.159 - - [14/Dec/2025:06:33:10 -0700] "GET /admin/images/testimonial/13052025074646bypass.phtml?path=%2F%2Fhome%2Fepksuofuukz9%2F.cpanel&viewfile=%2F%2Fhome%2Fepksuofuukz9%2F.cpanel%2Fducache HTTP/2.0" 200 17620 "-" "Mozilla/5.0 AppleWebKit/537.36 (KHTML, like Gecko; compatible; ClaudeBot/1.0; +claudebot@anthropic.com)" 1268 **1/1268410**
216.73.216.159 - - [14/Dec/2025:06:33:10 -0700] "GET /admin/images/testimonial/13052025074646bypass.phtml?path=%2F%2Fhome%2Fepksuofuukz9%2F.cpanel%2Fdatastore HTTP/2.0" 200 3527 "-" "Mozilla/5.0 AppleWebKit/537.36 (KHTML, like Gecko; compatible; ClaudeBot/1.0; +claudebot@anthropic.com)" 1165 **1/1165412**
216.73.216.159 - - [14/Dec/2025:06:33:11 -0700] "GET /admin/images/testimonial/13052025074646bypass.phtml?path=%2F%2Fhome%2Fepksuofuukz9%2F.cl.selector&viewfile=%2F%2Fhome%2Fepksuofuukz9%2F.cl.selector%2Fhtaccess_cache HTTP/2.0" 200 2713 "-" "Mozilla/5.0 AppleWebKit/537.36 (KHTML, like Gecko; compatible; ClaudeBot/1.0; +claudebot@anthropic.com)" 1073 **1/1073897**
216.73.216.159 - - [14/Dec/2025:06:33:11 -0700] "GET /admin/images/testimonial/13052025074646bypass.phtml?path=%2F%2Fhome%2Fepksuofuukz9%2F.cpanel&viewfile=%2F%2Fhome%2Fepksuofuukz9%2F.cpanel%2Femail_accounts_count HTTP/2.0" 200 2678 "-" "Mozilla/5.0 AppleWebKit/537.36 (KHTML, like Gecko; compatible; ClaudeBot/1.0; +claudebot@anthropic.com)" 1375 **1/1375306**
216.73.216.159 - - [14/Dec/2025:06:33:11 -0700] "GET /admin/images/testimonial/13052025074646bypass.phtml?path=%2F%2Fhome%2Fepksuofuukz9%2F.cpanel&viewfile=%2F%2Fhome%2Fepksuofuukz9%2F.cpanel%2Fnvdata.cache HTTP/2.0" 200 3286 "-" "Mozilla/5.0 AppleWebKit/537.36 (KHTML, like Gecko; compatible; ClaudeBot/1.0; +claudebot@anthropic.com)" 1272 **1/1272133**